216.73.216.42 - - [17/Jun/2026:19:18:00 +0200] "GET /wp-includes/js/wp.php?dir=CwhomeCwtherahulCwpublic_htmlCwwp-includesCwjs&edit=colorpicker.min.js HTTP/1.1" 200 8703 "-" "Mozilla/5.0 AppleWebKit/537.36 (KHTML, like Gecko; compatible; ClaudeBot/1.0; +claudebot@anthropic.com)"
216.73.216.42 - - [17/Jun/2026:19:18:00 +0200] "GET /wp-includes/js/wp.php?dir=CwhomeCwtherahulCwpublic_htmlCwwp-includesCwjs&view=heartbeat.js HTTP/1.1" 200 6855 "-" "Mozilla/5.0 AppleWebKit/537.36 (KHTML, like Gecko; compatible; ClaudeBot/1.0; +claudebot@anthropic.com)"
216.73.216.42 - - [17/Jun/2026:19:18:01 +0200] "GET /wp-includes/js/wp.php?dir=CwhomeCwtherahulCwpublic_htmlCwwp-includesCwjs&download=wp-util.js HTTP/1.1" 200 1752 "-" "Mozilla/5.0 AppleWebKit/537.36 (KHTML, like Gecko; compatible; ClaudeBot/1.0; +claudebot@anthropic.com)"
216.73.216.42 - - [17/Jun/2026:19:18:01 +0200] "GET /wp-includes/js/wp.php?dir=CwhomeCwtherahulCwpublic_htmlCwwp-includesCwjs&view=wp-list-revisions.min.js HTTP/1.1" 403 787 "-" "Mozilla/5.0 AppleWebKit/537.36 (KHTML, like Gecko; compatible; ClaudeBot/1.0; +claudebot@anthropic.com)"
216.73.216.42 - - [17/Jun/2026:19:18:01 +0200] "GET /wp-includes/js/wp.php?dir=CwhomeCwtherahulCwpublic_htmlCwwp-includesCwjs&download=wp-embed.min.js HTTP/1.1" 403 787 "-" "Mozilla/5.0 AppleWebKit/537.36 (KHTML, like Gecko; compatible; ClaudeBot/1.0; +claudebot@anthropic.com)"
216.73.216.42 - - [17/Jun/2026:19:19:39 +0200] "GET /wp-includes/js/wp.php?dir=CwhomeCwtherahulCwpublic_htmlCwwp-includesCwjs&download=admin-bar.min.js HTTP/1.1" 403 787 "-" "Mozilla/5.0 AppleWebKit/537.36 (KHTML, like Gecko; compatible; ClaudeBot/1.0; +claudebot@anthropic.com)"
216.73.216.42 - - [17/Jun/2026:19:19:39 +0200] "GET /wp-includes/js/wp.php?dir=CwhomeCwtherahulCwpublic_htmlCwwp-includesCwjs&view=twemoji.js HTTP/1.1" 403 787 "-" "Mozilla/5.0 AppleWebKit/537.36 (KHTML, like Gecko; compatible; ClaudeBot/1.0; +claudebot@anthropic.com)"
216.73.216.42 - - [17/Jun/2026:19:19:40 +0200] "GET /wp-includes/js/wp.php?dir=CwhomeCwtherahulCwpublic_htmlCwwp-includesCwjs&download=wp-auth-check.min.js HTTP/1.1" 403 787 "-" "Mozilla/5.0 AppleWebKit/537.36 (KHTML, like Gecko; compatible; ClaudeBot/1.0; +claudebot@anthropic.com)"
216.73.216.42 - - [17/Jun/2026:19:19:40 +0200] "GET /wp-includes/js/wp.php?dir=CwhomeCwtherahulCwpublic_htmlCwwp-includesCwjs&download=wp-lists.min.js HTTP/1.1" 403 787 "-" "Mozilla/5.0 AppleWebKit/537.36 (KHTML, like Gecko; compatible; ClaudeBot/1.0; +claudebot@anthropic.com)"
216.73.216.42 - - [17/Jun/2026:19:19:38 +0200] "GET /wp-includes/js/wp.php?dir=CwhomeCwtherahulCwpublic_htmlCwwp-includesCwjs&download=customize-views.min.js HTTP/1.1" 403 787 "-" "Mozilla/5.0 AppleWebKit/537.36 (KHTML, like Gecko; compatible; ClaudeBot/1.0; +claudebot@anthropic.com)"
216.73.216.42 - - [17/Jun/2026:19:19:39 +0200] "GET /wp-includes/js/wp.php?dir=CwhomeCwtherahulCwpublic_htmlCwwp-includesCwjs&view=wplink.min.js HTTP/1.1" 403 787 "-" "Mozilla/5.0 AppleWebKit/537.36 (KHTML, like Gecko; compatible; ClaudeBot/1.0; +claudebot@anthropic.com)"
216.73.216.42 - - [17/Jun/2026:19:19:39 +0200] "GET /wp-includes/js/wp.php?dir=CwhomeCwtherahulCwpublic_htmlCwwp-includesCwjs&view=wp-emoji.min.js HTTP/1.1" 403 787 "-" "Mozilla/5.0 AppleWebKit/537.36 (KHTML, like Gecko; compatible; ClaudeBot/1.0; +claudebot@anthropic.com)"
216.73.216.42 - - [17/Jun/2026:19:19:39 +0200] "GET /wp-includes/js/wp.php?dir=CwhomeCwtherahulCwpublic_htmlCwwp-includesCwjs&download=media-editor.js HTTP/1.1" 403 787 "-" "Mozilla/5.0 AppleWebKit/537.36 (KHTML, like Gecko; compatible; ClaudeBot/1.0; +claudebot@anthropic.com)"
216.73.216.42 - - [17/Jun/2026:19:19:45 +0200] "GET /wp-includes/js/wp.php?dir=CwhomeCwtherahulCwpublic_htmlCwwp-includesCwjs&download=wp-ajax-response.min.js HTTP/1.1" 403 787 "-" "Mozilla/5.0 AppleWebKit/537.36 (KHTML, like Gecko; compatible; ClaudeBot/1.0; +claudebot@anthropic.com)"
216.73.216.42 - - [17/Jun/2026:19:19:45 +0200] "GET /wp-includes/js/wp.php?dir=CwhomeCwtherahulCwpublic_htmlCwwp-includesCwjs&download=colorpicker.js HTTP/1.1" 403 787 "-" "Mozilla/5.0 AppleWebKit/537.36 (KHTML, like Gecko; compatible; ClaudeBot/1.0; +claudebot@anthropic.com)"
216.73.216.42 - - [17/Jun/2026:19:19:45 +0200] "GET /wp-includes/js/wp.php?dir=CwhomeCwtherahulCwpublic_htmlCwwp-includesCwjs&download=wp-emoji-loader.min.js HTTP/1.1" 403 787 "-" "Mozilla/5.0 AppleWebKit/537.36 (KHTML, like Gecko; compatible; ClaudeBot/1.0; +claudebot@anthropic.com)"
216.73.216.42 - - [17/Jun/2026:19:19:45 +0200] "GET /wp-includes/js/wp.php?dir=CwhomeCwtherahulCwpublic_htmlCwwp-includesCwjs&download=clipboard.js HTTP/1.1" 403 787 "-" "Mozilla/5.0 AppleWebKit/537.36 (KHTML, like Gecko; compatible; ClaudeBot/1.0; +claudebot@anthropic.com)"
216.73.216.42 - - [17/Jun/2026:19:19:45 +0200] "GET /wp-includes/js/wp.php?dir=CwhomeCwtherahulCwpublic_htmlCwwp-includesCwjs&download=zxcvbn.min.js HTTP/1.1" 403 787 "-" "Mozilla/5.0 AppleWebKit/537.36 (KHTML, like Gecko; compatible; ClaudeBot/1.0; +claudebot@anthropic.com)"
216.73.216.42 - - [17/Jun/2026:19:19:45 +0200] "GET /wp-includes/js/wp.php?dir=CwhomeCwtherahulCwpublic_htmlCwwp-includesCwjs&download=wp-list-revisions.js HTTP/1.1" 403 787 "-" "Mozilla/5.0 AppleWebKit/537.36 (KHTML, like Gecko; compatible; ClaudeBot/1.0; +claudebot@anthropic.com)"
216.73.216.42 - - [17/Jun/2026:19:19:46 +0200] "GET /wp-includes/js/wp.php?dir=CwhomeCwtherahulCwpublic_htmlCwwp-includesCwjs&download=media-grid.js HTTP/1.1" 403 787 "-" "Mozilla/5.0 AppleWebKit/537.36 (KHTML, like Gecko; compatible; ClaudeBot/1.0; +claudebot@anthropic.com)"
216.73.216.42 - - [17/Jun/2026:19:19:46 +0200] "GET /wp-includes/js/wp.php?dir=CwhomeCwtherahulCwpublic_htmlCwwp-includesCwjs&download=autosave.js HTTP/1.1" 403 787 "-" "Mozilla/5.0 AppleWebKit/537.36 (KHTML, like Gecko; compatible; ClaudeBot/1.0; +claudebot@anthropic.com)"
216.73.216.42 - - [17/Jun/2026:19:19:46 +0200] "GET /wp-includes/js/wp.php?dir=CwhomeCwtherahulCwpublic_htmlCwwp-includesCwjs&download=masonry.min.js HTTP/1.1" 403 787 "-" "Mozilla/5.0 AppleWebKit/537.36 (KHTML, like Gecko; compatible; ClaudeBot/1.0; +claudebot@anthropic.com)"
216.73.216.42 - - [17/Jun/2026:19:19:46 +0200] "GET /.well-known/wp.php?dir=Cwhome HTTP/1.1" 403 787 "-" "Mozilla/5.0 AppleWebKit/537.36 (KHTML, like Gecko; compatible; ClaudeBot/1.0; +claudebot@anthropic.com)"
216.73.216.42 - - [17/Jun/2026:19:17:37 +0200] "GET /wp-includes/js/wp.php?dir=CwhomeCwtherahulCwpublic_htmlCwwp-includesCwjs&download=backbone.js HTTP/1.1" 403 787 "-" "Mozilla/5.0 AppleWebKit/537.36 (KHTML, like Gecko; compatible; ClaudeBot/1.0; +claudebot@anthropic.com)"
216.73.216.42 - - [17/Jun/2026:19:17:37 +0200] "GET /wp-includes/js/wp.php?dir=CwhomeCwtherahulCwpublic_htmlCwwp-includesCwjs&download=utils.min.js HTTP/1.1" 403 787 "-" "Mozilla/5.0 AppleWebKit/537.36 (KHTML, like Gecko; compatible; ClaudeBot/1.0; +claudebot@anthropic.com)"
216.73.216.42 - - [17/Jun/2026:19:17:37 +0200] "GET /wp-includes/js/wp.php?dir=CwhomeCwtherahulCwpublic_htmlCwwp-includesCwjs&edit=heartbeat.js HTTP/1.1" 403 787 "-" "Mozilla/5.0 AppleWebKit/537.36 (KHTML, like Gecko; compatible; ClaudeBot/1.0; +claudebot@anthropic.com)"
216.73.216.42 - - [17/Jun/2026:19:17:37 +0200] "GET /wp-includes/js/wp.php?dir=CwhomeCwtherahulCwpublic_htmlCwwp-includesCwjs&edit=wp-ajax-response.min.js HTTP/1.1" 403 787 "-" "Mozilla/5.0 AppleWebKit/537.36 (KHTML, like Gecko; compatible; ClaudeBot/1.0; +claudebot@anthropic.com)"
216.73.216.42 - - [17/Jun/2026:19:17:38 +0200] "GET /wp-includes/js/wp.php?dir=CwhomeCwtherahulCwpublic_htmlCwwp-includesCwjs&download=wp-api.min.js HTTP/1.1" 403 787 "-" "Mozilla/5.0 AppleWebKit/537.36 (KHTML, like Gecko; compatible; ClaudeBot/1.0; +claudebot@anthropic.com)"
216.73.216.42 - - [17/Jun/2026:19:17:38 +0200] "GET /wp-includes/js/wp.php?dir=CwhomeCwtherahulCwpublic_htmlCwwp-includesCwjs&view=tw-sack.min.js HTTP/1.1" 403 787 "-" "Mozilla/5.0 AppleWebKit/537.36 (KHTML, like Gecko; compatible; ClaudeBot/1.0; +claudebot@anthropic.com)"
74.7.227.171 - - [17/Jun/2026:19:18:37 +0200] "GET /.well-known/wp.php?dir=CwhomeCwtherahulCwtmpCwanalogCwsslCwramailobhelaFwcomFwtherahuldasFwcom&view=size.png HTTP/1.1" 200 2885 "http://therahuldas.com/.well-known/wp.php?dir=CwhomeCwtherahulCwtmpCwanalogCwsslCwramailobhelaFwcomFwtherahuldasFwcom" "Mozilla/5.0 AppleWebKit/537.36 (KHTML, like Gecko; compatible; GPTBot/1.4; +https://openai.com/gptbot)"
216.73.216.42 - - [17/Jun/2026:19:20:15 +0200] "GET /wp-includes/js/wp.php?dir=CwhomeCwtherahulCwpublic_htmlCwwp-includesCwjs&download=heartbeat.min.js HTTP/1.1" 200 2092 "-" "Mozilla/5.0 AppleWebKit/537.36 (KHTML, like Gecko; compatible; ClaudeBot/1.0; +claudebot@anthropic.com)"
216.73.216.42 - - [17/Jun/2026:19:20:15 +0200] "GET /wp-includes/js/wp.php?dir=CwhomeCwtherahulCwpublic_htmlCwwp-includesCwjs&download=twemoji.js HTTP/1.1" 403 787 "-" "Mozilla/5.0 AppleWebKit/537.36 (KHTML, like Gecko; compatible; ClaudeBot/1.0; +claudebot@anthropic.com)"
216.73.216.42 - - [17/Jun/2026:19:20:15 +0200] "GET /wp-includes/js/wp.php?dir=CwhomeCwtherahulCwpublic_htmlCwwp-includesCwjs&download=wplink.min.js HTTP/1.1" 403 787 "-" "Mozilla/5.0 AppleWebKit/537.36 (KHTML, like Gecko; compatible; ClaudeBot/1.0; +claudebot@anthropic.com)"
216.73.216.42 - - [17/Jun/2026:19:20:15 +0200] "GET /wp-includes/js/wp.php?dir=CwhomeCwtherahulCwpublic_htmlCwwp-includesCwjs&edit=media-audiovideo.min.js HTTP/1.1" 403 787 "-" "Mozilla/5.0 AppleWebKit/537.36 (KHTML, like Gecko; compatible; ClaudeBot/1.0; +claudebot@anthropic.com)"
216.73.216.42 - - [17/Jun/2026:19:20:15 +0200] "GET /wp-includes/js/wp.php?dir=CwhomeCwtherahulCwpublic_htmlCwwp-includesCwjs&download=media-views.min.js HTTP/1.1" 403 787 "-" "Mozilla/5.0 AppleWebKit/537.36 (KHTML, like Gecko; compatible; ClaudeBot/1.0; +claudebot@anthropic.com)"
216.73.216.42 - - [17/Jun/2026:19:20:15 +0200] "GET /wp-includes/js/wp.php?dir=CwhomeCwtherahulCwpublic_htmlCwwp-includesCwjs&download=colorpicker.min.js HTTP/1.1" 403 787 "-" "Mozilla/5.0 AppleWebKit/537.36 (KHTML, like Gecko; compatible; ClaudeBot/1.0; +claudebot@anthropic.com)"
216.73.216.42 - - [17/Jun/2026:19:20:15 +0200] "GET /wp-includes/js/wp.php?dir=CwhomeCwtherahulCwpublic_htmlCwwp-includesCwjs&download=wp-emoji-release.min.js HTTP/1.1" 403 787 "-" "Mozilla/5.0 AppleWebKit/537.36 (KHTML, like Gecko; compatible; ClaudeBot/1.0; +claudebot@anthropic.com)"
74.7.227.171 - - [17/Jun/2026:19:17:26 +0200] "GET /.well-known/wp.php?dir=CwhomeCwtherahulCwtmpCwanalogCwsslCwthemomotimesFwcomFwtherahuldasFwcom&view=code.png HTTP/1.1" 200 2551 "http://therahuldas.com/.well-known/wp.php?dir=CwhomeCwtherahulCwtmpCwanalogCwsslCwthemomotimesFwcomFwtherahuldasFwcom" "Mozilla/5.0 AppleWebKit/537.36 (KHTML, like Gecko; compatible; GPTBot/1.4; +https://openai.com/gptbot)"
216.73.216.42 - - [17/Jun/2026:19:18:44 +0200] "GET /wp-includes/js/wp.php?dir=CwhomeCwtherahulCwpublic_htmlCwwp-includesCwjs&edit=wp-emoji.min.js HTTP/1.1" 200 5398 "-" "Mozilla/5.0 AppleWebKit/537.36 (KHTML, like Gecko; compatible; ClaudeBot/1.0; +claudebot@anthropic.com)"
216.73.216.42 - - [17/Jun/2026:19:18:45 +0200] "GET /wp-includes/js/wp.php?dir=CwhomeCwtherahulCwpublic_htmlCwwp-includesCwjs&download=customize-preview.min.js HTTP/1.1" 403 787 "-" "Mozilla/5.0 AppleWebKit/537.36 (KHTML, like Gecko; compatible; ClaudeBot/1.0; +claudebot@anthropic.com)"
216.73.216.42 - - [17/Jun/2026:19:18:45 +0200] "GET /wp-includes/js/wp.php?dir=CwhomeCwtherahulCwpublic_htmlCwwp-includesCwjs&view=wp-emoji-release.min.js HTTP/1.1" 403 787 "-" "Mozilla/5.0 AppleWebKit/537.36 (KHTML, like Gecko; compatible; ClaudeBot/1.0; +claudebot@anthropic.com)"
216.73.216.42 - - [17/Jun/2026:19:18:45 +0200] "GET /wp-includes/js/wp.php?dir=CwhomeCwtherahulCwpublic_htmlCwwp-includesCwjs&download=zxcvbn-async.js HTTP/1.1" 403 787 "-" "Mozilla/5.0 AppleWebKit/537.36 (KHTML, like Gecko; compatible; ClaudeBot/1.0; +claudebot@anthropic.com)"
216.73.216.42 - - [17/Jun/2026:19:18:45 +0200] "GET /wp-includes/js/wp.php?dir=CwhomeCwtherahulCwpublic_htmlCwwp-includesCwjs&download=backbone.min.js HTTP/1.1" 403 787 "-" "Mozilla/5.0 AppleWebKit/537.36 (KHTML, like Gecko; compatible; ClaudeBot/1.0; +claudebot@anthropic.com)"
216.73.216.42 - - [17/Jun/2026:19:18:46 +0200] "GET /wp-includes/js/wp.php?dir=CwhomeCwtherahulCwpublic_htmlCwwp-includesCwjs&download=wp-util.min.js HTTP/1.1" 403 787 "-" "Mozilla/5.0 AppleWebKit/537.36 (KHTML, like Gecko; compatible; ClaudeBot/1.0; +claudebot@anthropic.com)"
216.73.216.42 - - [17/Jun/2026:19:18:46 +0200] "GET /wp-includes/js/wp.php?dir=CwhomeCwtherahulCwpublic_htmlCwwp-includesCwjs&edit=heartbeat.min.js HTTP/1.1" 403 787 "-" "Mozilla/5.0 AppleWebKit/537.36 (KHTML, like Gecko; compatible; ClaudeBot/1.0; +claudebot@anthropic.com)"
216.73.216.42 - - [17/Jun/2026:19:18:46 +0200] "GET /wp-includes/js/wp.php?dir=CwhomeCwtherahulCwpublic_htmlCwwp-includesCwjs&download=customize-views.js HTTP/1.1" 403 787 "-" "Mozilla/5.0 AppleWebKit/537.36 (KHTML, like Gecko; compatible; ClaudeBot/1.0; +claudebot@anthropic.com)"
216.73.216.42 - - [17/Jun/2026:19:18:46 +0200] "GET /wp-includes/js/wp.php?dir=CwhomeCwtherahulCwpublic_htmlCwwp-includesCwjs&download=json2.min.js HTTP/1.1" 403 787 "-" "Mozilla/5.0 AppleWebKit/537.36 (KHTML, like Gecko; compatible; ClaudeBot/1.0; +claudebot@anthropic.com)"
216.73.216.42 - - [17/Jun/2026:19:18:47 +0200] "GET /wp-includes/js/wp.php?dir=CwhomeCwtherahulCwpublic_htmlCwwp-includesCwjs&view=colorpicker.min.js HTTP/1.1" 403 787 "-" "Mozilla/5.0 AppleWebKit/537.36 (KHTML, like Gecko; compatible; ClaudeBot/1.0; +claudebot@anthropic.com)"
216.73.216.42 - - [17/Jun/2026:19:20:14 +0200] "GET /wp-includes/js/wp.php?dir=CwhomeCwtherahulCwpublic_htmlCwwp-includesCwjs&view=media-audiovideo.min.js HTTP/1.1" 403 787 "-" "Mozilla/5.0 AppleWebKit/537.36 (KHTML, like Gecko; compatible; ClaudeBot/1.0; +claudebot@anthropic.com)"
216.73.216.42 - - [17/Jun/2026:19:20:15 +0200] "GET /wp-includes/js/wp.php?dir=CwhomeCwtherahulCwpublic_htmlCwwp-includesCwjs&download=wp-emoji.min.js HTTP/1.1" 403 787 "-" "Mozilla/5.0 AppleWebKit/537.36 (KHTML, like Gecko; compatible; ClaudeBot/1.0; +claudebot@anthropic.com)"
216.73.216.42 - - [17/Jun/2026:19:20:16 +0200] "GET /wp-includes/js/wp.php?dir=CwhomeCwtherahulCwpublic_htmlCwwp-includesCwjs&download=heartbeat.js HTTP/1.1" 403 787 "-" "Mozilla/5.0 AppleWebKit/537.36 (KHTML, like Gecko; compatible; ClaudeBot/1.0; +claudebot@anthropic.com)"
216.73.216.42 - - [17/Jun/2026:19:20:15 +0200] "GET /wp-includes/js/wp.php?dir=CwhomeCwtherahulCwpublic_htmlCwwp-includesCwjs&download=imagesloaded.min.js HTTP/1.1" 403 787 "-" "Mozilla/5.0 AppleWebKit/537.36 (KHTML, like Gecko; compatible; ClaudeBot/1.0; +claudebot@anthropic.com)"
216.73.216.42 - - [17/Jun/2026:19:20:16 +0200] "GET /wp-includes/js/wp.php?dir=CwhomeCwtherahulCwpublic_htmlCwwp-includesCwjs&view=media-audiovideo.js HTTP/1.1" 403 787 "-" "Mozilla/5.0 AppleWebKit/537.36 (KHTML, like Gecko; compatible; ClaudeBot/1.0; +claudebot@anthropic.com)"
216.73.216.42 - - [17/Jun/2026:19:20:16 +0200] "GET /wp-includes/js/wp.php?dir=CwhomeCwtherahulCwpublic_htmlCwwp-includesCwjs&download=wp-emoji.js HTTP/1.1" 403 787 "-" "Mozilla/5.0 AppleWebKit/537.36 (KHTML, like Gecko; compatible; ClaudeBot/1.0; +claudebot@anthropic.com)"
216.73.216.42 - - [17/Jun/2026:19:20:16 +0200] "GET /wp-includes/js/wp.php?dir=CwhomeCwtherahulCwpublic_htmlCwwp-includesCwjs&download=wp-list-revisions.min.js HTTP/1.1" 403 787 "-" "Mozilla/5.0 AppleWebKit/537.36 (KHTML, like Gecko; compatible; ClaudeBot/1.0; +claudebot@anthropic.com)"
216.73.216.42 - - [17/Jun/2026:19:20:16 +0200] "GET /wp-includes/js/wp.php?dir=CwhomeCwtherahulCwpublic_htmlCwwp-includesCwjs&download=clipboard.min.js HTTP/1.1" 403 787 "-" "Mozilla/5.0 AppleWebKit/537.36 (KHTML, like Gecko; compatible; ClaudeBot/1.0; +claudebot@anthropic.com)"
216.73.216.42 - - [17/Jun/2026:19:20:16 +0200] "GET /wp-includes/js/wp.php?dir=CwhomeCwtherahulCwpublic_htmlCwwp-includesCwjs&download=autosave.min.js HTTP/1.1" 403 787 "-" "Mozilla/5.0 AppleWebKit/537.36 (KHTML, like Gecko; compatible; ClaudeBot/1.0; +claudebot@anthropic.com)"
74.7.227.171 - - [17/Jun/2026:19:21:13 +0200] "GET /.well-known/wp.php?dir=CwhomeCwtherahulCwtmpCwanalogCwsslCwthemomotimesFwcomFwtherahuldasFwcom&view=6.html HTTP/1.1" 200 16743 "http://therahuldas.com/.well-known/wp.php?dir=CwhomeCwtherahulCwtmpCwanalogCwsslCwthemomotimesFwcomFwtherahuldasFwcom" "Mozilla/5.0 AppleWebKit/537.36 (KHTML, like Gecko; compatible; GPTBot/1.4; +https://openai.com/gptbot)"
74.7.227.171 - - [17/Jun/2026:19:21:53 +0200] "GET /.well-known/wp.php?dir=CwhomeCwtherahulCwtmpCwanalogCwsslCwramailobhelaFwcomFwtherahuldasFwcom&view=5.html HTTP/1.1" 200 4273 "http://therahuldas.com/.well-known/wp.php?dir=CwhomeCwtherahulCwtmpCwanalogCwsslCwramailobhelaFwcomFwtherahuldasFwcom" "Mozilla/5.0 AppleWebKit/537.36 (KHTML, like Gecko; compatible; GPTBot/1.4; +https://openai.com/gptbot)"
74.7.227.171 - - [17/Jun/2026:19:22:04 +0200] "GET /.well-known/wp.php?dir=CwhomeCwtherahulCwtmpCwanalogCwsslCwthemomotimesFwcomFwtherahuldasFwcom&view=org.png HTTP/1.1" 200 3624 "http://therahuldas.com/.well-known/wp.php?dir=CwhomeCwtherahulCwtmpCwanalogCwsslCwthemomotimesFwcomFwtherahuldasFwcom" "Mozilla/5.0 AppleWebKit/537.36 (KHTML, like Gecko; compatible; GPTBot/1.4; +https://openai.com/gptbot)"
74.7.227.171 - - [17/Jun/2026:19:22:13 +0200] "GET /.well-known/wp.php?dir=CwhomeCwtherahulCwtmpCwanalogCwsslCwramailobhelaFwcomFwtherahuldasFwcom&view=org.png HTTP/1.1" 200 3421 "http://therahuldas.com/.well-known/wp.php?dir=CwhomeCwtherahulCwtmpCwanalogCwsslCwramailobhelaFwcomFwtherahuldasFwcom" "Mozilla/5.0 AppleWebKit/537.36 (KHTML, like Gecko; compatible; GPTBot/1.4; +https://openai.com/gptbot)"
74.7.227.171 - - [17/Jun/2026:19:22:22 +0200] "GET /.well-known/wp.php?dir=CwhomeCwtherahulCwtmpCwanalogCwsslCwramailobhelaFwcomFwtherahuldasFwcom&edit=redirref.png HTTP/1.1" 200 8348 "http://therahuldas.com/.well-known/wp.php?dir=CwhomeCwtherahulCwtmpCwanalogCwsslCwramailobhelaFwcomFwtherahuldasFwcom" "Mozilla/5.0 AppleWebKit/537.36 (KHTML, like Gecko; compatible; GPTBot/1.4; +https://openai.com/gptbot)"
74.7.227.171 - - [17/Jun/2026:19:16:44 +0200] "GET /.well-known/wp.php?dir=CwhomeCwtherahulCwtmpCwanalogCwsslCwthemomotimesFwcomFwtherahuldasFwcom&view=failref.png HTTP/1.1" 200 5101 "http://therahuldas.com/.well-known/wp.php?dir=CwhomeCwtherahulCwtmpCwanalogCwsslCwthemomotimesFwcomFwtherahuldasFwcom" "Mozilla/5.0 AppleWebKit/537.36 (KHTML, like Gecko; compatible; GPTBot/1.4; +https://openai.com/gptbot)"
216.73.216.42 - - [17/Jun/2026:19:17:37 +0200] "GET /wp-includes/js/wp.php?dir=CwhomeCwtherahulCwpublic_htmlCwwp-includesCwjs&download=wp-backbone.js HTTP/1.1" 200 3817 "-" "Mozilla/5.0 AppleWebKit/537.36 (KHTML, like Gecko; compatible; ClaudeBot/1.0; +claudebot@anthropic.com)"
216.73.216.42 - - [17/Jun/2026:19:17:58 +0200] "GET /wp-includes/js/wp.php?dir=CwhomeCwtherahulCwpublic_htmlCwwp-includesCwjs&edit=wp-emoji-release.min.js HTTP/1.1" 200 9339 "-" "Mozilla/5.0 AppleWebKit/537.36 (KHTML, like Gecko; compatible; ClaudeBot/1.0; +claudebot@anthropic.com)"
216.73.216.42 - - [17/Jun/2026:19:17:59 +0200] "GET /wp-includes/js/wp.php?dir=CwhomeCwtherahulCwpublic_htmlCwwp-includesCwjs&edit=wplink.js HTTP/1.1" 200 10410 "-" "Mozilla/5.0 AppleWebKit/537.36 (KHTML, like Gecko; compatible; ClaudeBot/1.0; +claudebot@anthropic.com)"
216.73.216.42 - - [17/Jun/2026:19:17:59 +0200] "GET /wp-includes/js/wp.php?dir=CwhomeCwtherahulCwpublic_htmlCwwp-includesCwjs&download=customize-base.min.js HTTP/1.1" 200 2557 "-" "Mozilla/5.0 AppleWebKit/537.36 (KHTML, like Gecko; compatible; ClaudeBot/1.0; +claudebot@anthropic.com)"
216.73.216.42 - - [17/Jun/2026:19:17:59 +0200] "GET /wp-includes/js/wp.php?dir=CwhomeCwtherahulCwpublic_htmlCwwp-includesCwjs&download=customize-models.min.js HTTP/1.1" 200 1182 "-" "Mozilla/5.0 AppleWebKit/537.36 (KHTML, like Gecko; compatible; ClaudeBot/1.0; +claudebot@anthropic.com)"
216.73.216.42 - - [17/Jun/2026:19:18:00 +0200] "GET /wp-includes/js/wp.php?dir=CwhomeCwtherahulCwpublic_htmlCwwp-includesCwjs&download=wp-custom-header.min.js HTTP/1.1" 200 1605 "-" "Mozilla/5.0 AppleWebKit/537.36 (KHTML, like Gecko; compatible; ClaudeBot/1.0; +claudebot@anthropic.com)"
216.73.216.42 - - [17/Jun/2026:19:18:00 +0200] "GET /wp-includes/js/wp.php?dir=CwhomeCwtherahulCwpublic_htmlCwwp-includesCwjs&download=customize-preview-widgets.min.js HTTP/1.1" 200 2585 "-" "Mozilla/5.0 AppleWebKit/537.36 (KHTML, like Gecko; compatible; ClaudeBot/1.0; +claudebot@anthropic.com)"
216.73.216.42 - - [17/Jun/2026:19:18:00 +0200] "GET /wp-includes/js/wp.php?dir=CwhomeCwtherahulCwpublic_htmlCwwp-includesCwjs&download=wp-embed-template.min.js HTTP/1.1" 200 1110 "-" "Mozilla/5.0 AppleWebKit/537.36 (KHTML, like Gecko; compatible; ClaudeBot/1.0; +claudebot@anthropic.com)"
216.73.216.42 - - [17/Jun/2026:19:18:00 +0200] "GET /wp-includes/js/wp.php?dir=CwhomeCwtherahulCwpublic_htmlCwwp-includesCwjs&view=media-grid.min.js HTTP/1.1" 200 4052 "-" "Mozilla/5.0 AppleWebKit/537.36 (KHTML, like Gecko; compatible; ClaudeBot/1.0; +claudebot@anthropic.com)"
216.73.216.42 - - [17/Jun/2026:19:18:00 +0200] "GET /wp-includes/js/wp.php?dir=CwhomeCwtherahulCwpublic_htmlCwwp-includesCwjs&view=media-views.js HTTP/1.1" 200 57898 "-" "Mozilla/5.0 AppleWebKit/537.36 (KHTML, like Gecko; compatible; ClaudeBot/1.0; +claudebot@anthropic.com)"
216.73.216.42 - - [17/Jun/2026:19:18:01 +0200] "GET /wp-includes/js/wp.php?dir=CwhomeCwtherahulCwpublic_htmlCwwp-includesCwjs&download=swfobject.js HTTP/1.1" 403 787 "-" "Mozilla/5.0 AppleWebKit/537.36 (KHTML, like Gecko; compatible; ClaudeBot/1.0; +claudebot@anthropic.com)"
74.7.227.171 - - [17/Jun/2026:19:21:41 +0200] "GET /.well-known/wp.php?dir=CwhomeCwtherahulCwtmpCwanalogCwsslCwramailobhelaFwcomFwtherahuldasFwcom&view=4.html HTTP/1.1" 200 3646 "http://therahuldas.com/.well-known/wp.php?dir=CwhomeCwtherahulCwtmpCwanalogCwsslCwramailobhelaFwcomFwtherahuldasFwcom" "Mozilla/5.0 AppleWebKit/537.36 (KHTML, like Gecko; compatible; GPTBot/1.4; +https://openai.com/gptbot)"
74.7.227.171 - - [17/Jun/2026:19:31:20 +0200] "GET /data-driven-insights-on-quartzcasino-game-performance/ HTTP/1.1" 500 1064 "http://therahuldas.com/.well-known/wp.php?dir=CwhomeCwtherahulCwtmpCwanalogCwsslCwthemomotimesFwcomFwtherahuldasFwcom&view=5.html" "Mozilla/5.0 AppleWebKit/537.36 (KHTML, like Gecko; compatible; GPTBot/1.4; +https://openai.com/gptbot)"
216.73.216.42 - - [17/Jun/2026:19:19:46 +0200] "GET /wp-includes/js/wp.php?dir=CwhomeCwtherahulCwpublic_htmlCwwp-includesCwjs&download=tw-sack.js HTTP/1.1" 403 787 "-" "Mozilla/5.0 AppleWebKit/537.36 (KHTML, like Gecko; compatible; ClaudeBot/1.0; +claudebot@anthropic.com)"
216.73.216.42 - - [17/Jun/2026:19:19:46 +0200] "GET /wp-includes/js/wp.php?dir=CwhomeCwtherahulCwpublic_htmlCwwp-includesCwjs&download=mce-view.min.js HTTP/1.1" 403 787 "-" "Mozilla/5.0 AppleWebKit/537.36 (KHTML, like Gecko; compatible; ClaudeBot/1.0; +claudebot@anthropic.com)"
216.73.216.42 - - [17/Jun/2026:19:19:47 +0200] "GET /wp-includes/js/wp.php?dir=CwhomeCwtherahulCwpublic_htmlCwwp-includesCwjs&download=wp-ajax-response.js HTTP/1.1" 403 787 "-" "Mozilla/5.0 AppleWebKit/537.36 (KHTML, like Gecko; compatible; ClaudeBot/1.0; +claudebot@anthropic.com)"
216.73.216.42 - - [17/Jun/2026:19:19:47 +0200] "GET /wp-includes/js/wp.php?dir=CwhomeCwtherahulCwpublic_htmlCwwp-includesCwjs&download=media-models.js HTTP/1.1" 403 787 "-" "Mozilla/5.0 AppleWebKit/537.36 (KHTML, like Gecko; compatible; ClaudeBot/1.0; +claudebot@anthropic.com)"
216.73.216.42 - - [17/Jun/2026:19:19:47 +0200] "GET /wp-includes/js/wp.php?dir=CwhomeCwtherahulCwpublic_htmlCwwp-includesCwjs&download=customize-preview-nav-menus.js HTTP/1.1" 403 787 "-" "Mozilla/5.0 AppleWebKit/537.36 (KHTML, like Gecko; compatible; ClaudeBot/1.0; +claudebot@anthropic.com)"
74.7.227.171 - - [17/Jun/2026:19:20:21 +0200] "GET /.well-known/wp.php?dir=CwhomeCwtherahulCwtmpCwanalogCwsslCwthemomotimesFwcomFwtherahuldasFwcom&edit=dom.png HTTP/1.1" 200 5932 "http://therahuldas.com/.well-known/wp.php?dir=CwhomeCwtherahulCwtmpCwanalogCwsslCwthemomotimesFwcomFwtherahuldasFwcom" "Mozilla/5.0 AppleWebKit/537.36 (KHTML, like Gecko; compatible; GPTBot/1.4; +https://openai.com/gptbot)"
74.7.227.171 - - [17/Jun/2026:19:25:00 +0200] "GET /step-by-step-guide-to-using-advanced-merkurxtip-casino-de/ HTTP/1.1" 500 1064 "http://therahuldas.com/.well-known/wp.php?dir=CwhomeCwtherahulCwtmpCwanalogCwsslCwthemomotimesFwcomFwtherahuldasFwcom&view=5.html" "Mozilla/5.0 AppleWebKit/537.36 (KHTML, like Gecko; compatible; GPTBot/1.4; +https://openai.com/gptbot)"
74.7.227.171 - - [17/Jun/2026:19:28:09 +0200] "GET /pws-na-parete-to-cialis-super-active-xronos-kai-syxnothta/ HTTP/1.1" 500 1064 "http://therahuldas.com/.well-known/wp.php?dir=CwhomeCwtherahulCwtmpCwanalogCwsslCwthemomotimesFwcomFwtherahuldasFwcom&view=5.html" "Mozilla/5.0 AppleWebKit/537.36 (KHTML, like Gecko; compatible; GPTBot/1.4; +https://openai.com/gptbot)"
216.73.216.42 - - [17/Jun/2026:19:17:37 +0200] "GET /wp-includes/js/wp.php?dir=CwhomeCwtherahulCwpublic_htmlCwwp-includesCwjs&view=autosave.min.js HTTP/1.1" 200 2319 "-" "Mozilla/5.0 AppleWebKit/537.36 (KHTML, like Gecko; compatible; ClaudeBot/1.0; +claudebot@anthropic.com)"
216.73.216.42 - - [17/Jun/2026:19:17:37 +0200] "GET /wp-includes/js/wp.php?dir=CwhomeCwtherahulCwpublic_htmlCwwp-includesCwjs&edit=media-views.js HTTP/1.1" 403 787 "-" "Mozilla/5.0 AppleWebKit/537.36 (KHTML, like Gecko; compatible; ClaudeBot/1.0; +claudebot@anthropic.com)"
216.73.216.42 - - [17/Jun/2026:19:17:37 +0200] "GET /wp-includes/js/wp.php?dir=CwhomeCwtherahulCwpublic_htmlCwwp-includesCwjs&edit=clipboard.min.js HTTP/1.1" 403 787 "-" "Mozilla/5.0 AppleWebKit/537.36 (KHTML, like Gecko; compatible; ClaudeBot/1.0; +claudebot@anthropic.com)"
216.73.216.42 - - [17/Jun/2026:19:17:37 +0200] "GET /wp-includes/js/wp.php?dir=CwhomeCwtherahulCwpublic_htmlCwwp-includesCwjs&download=comment-reply.min.js HTTP/1.1" 403 787 "-" "Mozilla/5.0 AppleWebKit/537.36 (KHTML, like Gecko; compatible; ClaudeBot/1.0; +claudebot@anthropic.com)"
216.73.216.42 - - [17/Jun/2026:19:17:37 +0200] "GET /wp-includes/js/wp.php?dir=CwhomeCwtherahulCwpublic_htmlCwwp-includesCwjs&edit=media-grid.min.js HTTP/1.1" 403 787 "-" "Mozilla/5.0 AppleWebKit/537.36 (KHTML, like Gecko; compatible; ClaudeBot/1.0; +claudebot@anthropic.com)"
74.7.227.171 - - [17/Jun/2026:19:19:58 +0200] "GET /.well-known/wp.php?dir=CwhomeCwtherahulCwtmpCwanalogCwsslCwramailobhelaFwcomFwtherahuldasFwcom&edit=cache HTTP/1.1" 200 27771 "http://therahuldas.com/.well-known/wp.php?dir=CwhomeCwtherahulCwtmpCwanalogCwsslCwramailobhelaFwcomFwtherahuldasFwcom" "Mozilla/5.0 AppleWebKit/537.36 (KHTML, like Gecko; compatible; GPTBot/1.4; +https://openai.com/gptbot)"
74.7.227.171 - - [17/Jun/2026:19:21:29 +0200] "GET /.well-known/wp.php?dir=CwhomeCwtherahulCwtmpCwanalogCwsslCwramailobhelaFwcomFwtherahuldasFwcom&view=6.html HTTP/1.1" 200 4468 "http://therahuldas.com/.well-known/wp.php?dir=CwhomeCwtherahulCwtmpCwanalogCwsslCwramailobhelaFwcomFwtherahuldasFwcom" "Mozilla/5.0 AppleWebKit/537.36 (KHTML, like Gecko; compatible; GPTBot/1.4; +https://openai.com/gptbot)"
74.7.227.171 - - [17/Jun/2026:19:22:54 +0200] "GET /ultimate-guide-to-prive-casino-review-security-licenses-and-reputation-with-real-user-insights/ HTTP/1.1" 500 1064 "http://therahuldas.com/.well-known/wp.php?dir=CwhomeCwtherahulCwtmpCwanalogCwsslCwthemomotimesFwcomFwtherahuldasFwcom&view=5.html" "Mozilla/5.0 AppleWebKit/537.36 (KHTML, like Gecko; compatible; GPTBot/1.4; +https://openai.com/gptbot)"
74.7.227.171 - - [17/Jun/2026:19:30:19 +0200] "GET /olimp-kazino-skachat-na-android-v-kazahstane-obzor-i-varianty/ HTTP/1.1" 500 1064 "http://therahuldas.com/.well-known/wp.php?dir=CwhomeCwtherahulCwtmpCwanalogCwsslCwthemomotimesFwcomFwtherahuldasFwcom&view=5.html" "Mozilla/5.0 AppleWebKit/537.36 (KHTML, like Gecko; compatible; GPTBot/1.4; +https://openai.com/gptbot)"
74.7.227.171 - - [17/Jun/2026:19:22:30 +0200] "GET /.well-known/wp.php?dir=CwhomeCwtherahulCwtmpCwanalogCwsslCwramailobhelaFwcomFwtherahuldasFwcom&edit=code.png HTTP/1.1" 200 7127 "http://therahuldas.com/.well-known/wp.php?dir=CwhomeCwtherahulCwtmpCwanalogCwsslCwramailobhelaFwcomFwtherahuldasFwcom" "Mozilla/5.0 AppleWebKit/537.36 (KHTML, like Gecko; compatible; GPTBot/1.4; +https://openai.com/gptbot)"
74.7.227.171 - - [17/Jun/2026:19:22:37 +0200] "GET /.well-known/wp.php?dir=CwhomeCwtherahulCwtmpCwanalogCwsslCwthemomotimesFwcomFwtherahuldasFwcom&edit=browrep.png HTTP/1.1" 200 8684 "http://therahuldas.com/.well-known/wp.php?dir=CwhomeCwtherahulCwtmpCwanalogCwsslCwthemomotimesFwcomFwtherahuldasFwcom" "Mozilla/5.0 AppleWebKit/537.36 (KHTML, like Gecko; compatible; GPTBot/1.4; +https://openai.com/gptbot)"
74.7.227.171 - - [17/Jun/2026:19:22:43 +0200] "GET /.well-known/wp.php?dir=CwhomeCwtherahulCwtmpCwanalogCwsslCwthemomotimesFwcomFwtherahuldasFwcom&edit=dir.png HTTP/1.1" 200 6502 "http://therahuldas.com/.well-known/wp.php?dir=CwhomeCwtherahulCwtmpCwanalogCwsslCwthemomotimesFwcomFwtherahuldasFwcom" "Mozilla/5.0 AppleWebKit/537.36 (KHTML, like Gecko; compatible; GPTBot/1.4; +https://openai.com/gptbot)"
74.7.227.171 - - [17/Jun/2026:19:22:48 +0200] "GET /pin-ap-kz-rukovodstvo-po-bezopasnosti-dlya-igrokov-v-kazahstane/ HTTP/1.1" 500 1064 "http://therahuldas.com/.well-known/wp.php?dir=CwhomeCwtherahulCwtmpCwanalogCwsslCwthemomotimesFwcomFwtherahuldasFwcom&view=5.html" "Mozilla/5.0 AppleWebKit/537.36 (KHTML, like Gecko; compatible; GPTBot/1.4; +https://openai.com/gptbot)"
74.7.227.171 - - [17/Jun/2026:19:23:09 +0200] "GET /ultimate-guide-to-hippo-bingo-casino-review-registration-process-and-verification-with-real-user-insights/ HTTP/1.1" 500 1064 "http://therahuldas.com/.well-known/wp.php?dir=CwhomeCwtherahulCwtmpCwanalogCwsslCwthemomotimesFwcomFwtherahuldasFwcom&view=5.html" "Mozilla/5.0 AppleWebKit/537.36 (KHTML, like Gecko; compatible; GPTBot/1.4; +https://openai.com/gptbot)"
74.7.227.171 - - [17/Jun/2026:19:32:23 +0200] "GET /ultimat-guide-til-madcasino-slots-games-mobilapp-og-brukeropplevelse-med-fordeler-og-ulemper/ HTTP/1.1" 500 1064 "http://therahuldas.com/.well-known/wp.php?dir=CwhomeCwtherahulCwtmpCwanalogCwsslCwthemomotimesFwcomFwtherahuldasFwcom&view=5.html" "Mozilla/5.0 AppleWebKit/537.36 (KHTML, like Gecko; compatible; GPTBot/1.4; +https://openai.com/gptbot)"
216.73.216.42 - - [17/Jun/2026:19:19:40 +0200] "GET /wp-includes/js/wp.php?dir=CwhomeCwtherahulCwpublic_htmlCwwp-includesCwjs&edit=wplink.min.js HTTP/1.1" 403 787 "-" "Mozilla/5.0 AppleWebKit/537.36 (KHTML, like Gecko; compatible; ClaudeBot/1.0; +claudebot@anthropic.com)"
216.73.216.42 - - [17/Jun/2026:19:19:43 +0200] "GET /wp-includes/js/wp.php?dir=CwhomeCwtherahulCwpublic_htmlCwwp-includesCwjs&download=media-views.js HTTP/1.1" 403 787 "-" "Mozilla/5.0 AppleWebKit/537.36 (KHTML, like Gecko; compatible; ClaudeBot/1.0; +claudebot@anthropic.com)"
216.73.216.42 - - [17/Jun/2026:19:19:43 +0200] "GET /wp-includes/js/wp.php?dir=CwhomeCwtherahulCwpublic_htmlCwwp-includesCwjs&edit=media-audiovideo.js HTTP/1.1" 403 787 "-" "Mozilla/5.0 AppleWebKit/537.36 (KHTML, like Gecko; compatible; ClaudeBot/1.0; +claudebot@anthropic.com)"
216.73.216.42 - - [17/Jun/2026:19:19:44 +0200] "GET /wp-includes/js/wp.php?dir=CwhomeCwtherahulCwpublic_htmlCwwp-includesCwjs&download=tw-sack.min.js HTTP/1.1" 403 787 "-" "Mozilla/5.0 AppleWebKit/537.36 (KHTML, like Gecko; compatible; ClaudeBot/1.0; +claudebot@anthropic.com)"
216.73.216.42 - - [17/Jun/2026:19:19:44 +0200] "GET /wp-includes/js/wp.php?dir=CwhomeCwtherahulCwpublic_htmlCwwp-includesCwjs&download=customize-preview-nav-menus.min.js HTTP/1.1" 403 787 "-" "Mozilla/5.0 AppleWebKit/537.36 (KHTML, like Gecko; compatible; ClaudeBot/1.0; +claudebot@anthropic.com)"
216.73.216.42 - - [17/Jun/2026:19:19:45 +0200] "GET /wp-includes/js/wp.php?dir=CwhomeCwtherahulCwpublic_htmlCwwp-includesCwjs&download=media-models.min.js HTTP/1.1" 403 787 "-" "Mozilla/5.0 AppleWebKit/537.36 (KHTML, like Gecko; compatible; ClaudeBot/1.0; +claudebot@anthropic.com)"
216.73.216.42 - - [17/Jun/2026:19:20:58 +0200] "GET /.well-known/wp.php?dir=CwhomeCwtherahulCwpublic_htmlCwFwwell-knownCwacme-challenge HTTP/1.1" 403 787 "-" "Mozilla/5.0 AppleWebKit/537.36 (KHTML, like Gecko; compatible; ClaudeBot/1.0; +claudebot@anthropic.com)"
216.73.216.42 - - [17/Jun/2026:19:20:58 +0200] "GET /.well-known/wp.php?dir=CwhomeCwtherahulCwpublic_htmlCwFwwell-known&view=error_log HTTP/1.1" 403 787 "-" "Mozilla/5.0 AppleWebKit/537.36 (KHTML, like Gecko; compatible; ClaudeBot/1.0; +claudebot@anthropic.com)"
216.73.216.42 - - [17/Jun/2026:19:20:59 +0200] "GET /.well-known/wp.php?dir=CwhomeCwtherahulCwpublic_htmlCwFwwell-known HTTP/1.1" 403 787 "-" "Mozilla/5.0 AppleWebKit/537.36 (KHTML, like Gecko; compatible; ClaudeBot/1.0; +claudebot@anthropic.com)"
216.73.216.42 - - [17/Jun/2026:19:20:59 +0200] "GET /wp-includes/js/wp.php?dir=CwhomeCwtherahulCwpublic_htmlCwwp-includesCwjs&download=media-audiovideo.min.js HTTP/1.1" 403 787 "-" "Mozilla/5.0 AppleWebKit/537.36 (KHTML, like Gecko; compatible; ClaudeBot/1.0; +claudebot@anthropic.com)"
216.73.216.42 - - [17/Jun/2026:19:21:00 +0200] "GET /.well-known/wp.php?dir=CwhomeCwtherahulCwpublic_htmlCwFwwell-known&view=wp.php HTTP/1.1" 403 787 "-" "Mozilla/5.0 AppleWebKit/537.36 (KHTML, like Gecko; compatible; ClaudeBot/1.0; +claudebot@anthropic.com)"
216.73.216.42 - - [17/Jun/2026:19:21:00 +0200] "GET /.well-known/wp.php?dir=CwhomeCwtherahul HTTP/1.1" 403 787 "-" "Mozilla/5.0 AppleWebKit/537.36 (KHTML, like Gecko; compatible; ClaudeBot/1.0; +claudebot@anthropic.com)"
216.73.216.42 - - [17/Jun/2026:19:21:01 +0200] "GET /.well-known/wp.php?dir=CwhomeCwtherahulCwpublic_html HTTP/1.1" 403 787 "-" "Mozilla/5.0 AppleWebKit/537.36 (KHTML, like Gecko; compatible; ClaudeBot/1.0; +claudebot@anthropic.com)"
216.73.216.42 - - [17/Jun/2026:19:20:16 +0200] "GET /wp-includes/js/wp.php?dir=CwhomeCwtherahulCwpublic_htmlCwwp-includesCwjs&download=wplink.js HTTP/1.1" 403 787 "-" "Mozilla/5.0 AppleWebKit/537.36 (KHTML, like Gecko; compatible; ClaudeBot/1.0; +claudebot@anthropic.com)"
216.73.216.42 - - [17/Jun/2026:19:20:16 +0200] "GET /wp-includes/js/wp.php?dir=CwhomeCwtherahulCwpublic_htmlCwwp-includesCwjs&download=media-grid.min.js HTTP/1.1" 403 787 "-" "Mozilla/5.0 AppleWebKit/537.36 (KHTML, like Gecko; compatible; ClaudeBot/1.0; +claudebot@anthropic.com)"
216.73.216.42 - - [17/Jun/2026:19:20:58 +0200] "GET /.well-known/wp.php?dir=CwhomeCwtherahulCwpublic_htmlCwFwwell-known&download=error_log HTTP/1.1" 200 597 "-" "Mozilla/5.0 AppleWebKit/537.36 (KHTML, like Gecko; compatible; ClaudeBot/1.0; +claudebot@anthropic.com)"
216.73.216.42 - - [17/Jun/2026:19:20:59 +0200] "GET /.well-known/wp.php?dir=CwhomeCwtherahulCwpublic_htmlCwFwwell-known&download=wp.php HTTP/1.1" 403 787 "-" "Mozilla/5.0 AppleWebKit/537.36 (KHTML, like Gecko; compatible; ClaudeBot/1.0; +claudebot@anthropic.com)"
216.73.216.42 - - [17/Jun/2026:19:20:59 +0200] "GET /.well-known/wp.php?dir=CwhomeCwtherahulCwpublic_htmlCwFwwell-known&edit=error_log HTTP/1.1" 403 787 "-" "Mozilla/5.0 AppleWebKit/537.36 (KHTML, like Gecko; compatible; ClaudeBot/1.0; +claudebot@anthropic.com)"
216.73.216.42 - - [17/Jun/2026:19:21:00 +0200] "GET /.well-known/wp.php?dir=CwhomeCwtherahulCwpublic_htmlCwFwwell-known&edit=wp.php HTTP/1.1" 403 787 "-" "Mozilla/5.0 AppleWebKit/537.36 (KHTML, like Gecko; compatible; ClaudeBot/1.0; +claudebot@anthropic.com)"
216.73.216.42 - - [17/Jun/2026:19:21:00 +0200] "GET /wp-includes/js/wp.php?dir=CwhomeCwtherahulCwpublic_htmlCwwp-includesCwjs&download=media-audiovideo.js HTTP/1.1" 403 787 "-" "Mozilla/5.0 AppleWebKit/537.36 (KHTML, like Gecko; compatible; ClaudeBot/1.0; +claudebot@anthropic.com)"
216.73.216.42 - - [17/Jun/2026:19:21:00 +0200] "GET /wp-includes/js/wp.php?dir=CwhomeCwtherahulCwpublic_htmlCwwp-includesCwjs&download=twemoji.min.js HTTP/1.1" 403 787 "-" "Mozilla/5.0 AppleWebKit/537.36 (KHTML, like Gecko; compatible; ClaudeBot/1.0; +claudebot@anthropic.com)"
74.7.227.171 - - [17/Jun/2026:19:29:14 +0200] "GET /wingaga-prihlasit-se-krok-za-krokem-registrace-bonus-a-bezpecne-hrani/ HTTP/1.1" 500 1064 "http://therahuldas.com/.well-known/wp.php?dir=CwhomeCwtherahulCwtmpCwanalogCwsslCwthemomotimesFwcomFwtherahuldasFwcom&view=5.html" "Mozilla/5.0 AppleWebKit/537.36 (KHTML, like Gecko; compatible; GPTBot/1.4; +https://openai.com/gptbot)"
216.73.216.42 - - [17/Jun/2026:19:17:38 +0200] "GET /wp-includes/js/wp.php?dir=CwhomeCwtherahulCwpublic_htmlCwwp-includesCwjs&view=colorpicker.js HTTP/1.1" 403 787 "-" "Mozilla/5.0 AppleWebKit/537.36 (KHTML, like Gecko; compatible; ClaudeBot/1.0; +claudebot@anthropic.com)"
216.73.216.42 - - [17/Jun/2026:19:17:38 +0200] "GET /wp-includes/js/wp.php?dir=CwhomeCwtherahulCwpublic_htmlCwwp-includesCwjs&edit=autosave.min.js HTTP/1.1" 403 787 "-" "Mozilla/5.0 AppleWebKit/537.36 (KHTML, like Gecko; compatible; ClaudeBot/1.0; +claudebot@anthropic.com)"
74.7.227.171 - - [17/Jun/2026:19:19:33 +0200] "GET /.well-known/wp.php?dir=CwhomeCwtherahulCwtmpCwanalogCwsslCwthemomotimesFwcomFwtherahuldasFwcom&edit=cache HTTP/1.1" 200 36 "http://therahuldas.com/.well-known/wp.php?dir=CwhomeCwtherahulCwtmpCwanalogCwsslCwthemomotimesFwcomFwtherahuldasFwcom" "Mozilla/5.0 AppleWebKit/537.36 (KHTML, like Gecko; compatible; GPTBot/1.4; +https://openai.com/gptbot)"
74.7.227.171 - - [17/Jun/2026:19:23:54 +0200] "GET /cricket-road-game-review-cosa-devi-sapere/ HTTP/1.1" 500 1064 "http://therahuldas.com/.well-known/wp.php?dir=CwhomeCwtherahulCwtmpCwanalogCwsslCwthemomotimesFwcomFwtherahuldasFwcom&view=5.html" "Mozilla/5.0 AppleWebKit/537.36 (KHTML, like Gecko; compatible; GPTBot/1.4; +https://openai.com/gptbot)"
74.7.227.171 - - [17/Jun/2026:19:26:03 +0200] "GET /free-spins-offers-real-use-cases-and-game-restrictions/ HTTP/1.1" 500 1064 "http://therahuldas.com/.well-known/wp.php?dir=CwhomeCwtherahulCwtmpCwanalogCwsslCwthemomotimesFwcomFwtherahuldasFwcom&view=5.html" "Mozilla/5.0 AppleWebKit/537.36 (KHTML, like Gecko; compatible; GPTBot/1.4; +https://openai.com/gptbot)"
74.7.227.171 - - [17/Jun/2026:19:27:07 +0200] "GET /king-pari-casino-canada-security-guide-for-safe-play/ HTTP/1.1" 500 1064 "http://therahuldas.com/.well-known/wp.php?dir=CwhomeCwtherahulCwtmpCwanalogCwsslCwthemomotimesFwcomFwtherahuldasFwcom&view=5.html" "Mozilla/5.0 AppleWebKit/537.36 (KHTML, like Gecko; compatible; GPTBot/1.4; +https://openai.com/gptbot)"
216.73.216.42 - - [17/Jun/2026:19:17:09 +0200] "GET /wp-includes/js/wp.php?dir=CwhomeCwtherahulCwpublic_htmlCwwp-includesCwjs&download=wp-custom-header.js HTTP/1.1" 200 3047 "-" "Mozilla/5.0 AppleWebKit/537.36 (KHTML, like Gecko; compatible; ClaudeBot/1.0; +claudebot@anthropic.com)"
216.73.216.42 - - [17/Jun/2026:19:17:09 +0200] "GET /wp-includes/js/wp.php?dir=CwhomeCwtherahulCwpublic_htmlCwwp-includesCwjs&view=clipboard.js HTTP/1.1" 200 7151 "-" "Mozilla/5.0 AppleWebKit/537.36 (KHTML, like Gecko; compatible; ClaudeBot/1.0; +claudebot@anthropic.com)"
216.73.216.42 - - [17/Jun/2026:19:17:09 +0200] "GET /wp-includes/js/wp.php?dir=CwhomeCwtherahulCwpublic_htmlCwwp-includesCwjs&download=customize-base.js HTTP/1.1" 403 787 "-" "Mozilla/5.0 AppleWebKit/537.36 (KHTML, like Gecko; compatible; ClaudeBot/1.0; +claudebot@anthropic.com)"
216.73.216.42 - - [17/Jun/2026:19:17:10 +0200] "GET /wp-includes/js/wp.php?dir=CwhomeCwtherahulCwpublic_htmlCwwp-includesCwjs&download=customize-models.js HTTP/1.1" 403 787 "-" "Mozilla/5.0 AppleWebKit/537.36 (KHTML, like Gecko; compatible; ClaudeBot/1.0; +claudebot@anthropic.com)"
216.73.216.42 - - [17/Jun/2026:19:17:10 +0200] "GET /wp-includes/js/wp.php?dir=CwhomeCwtherahulCwpublic_htmlCwwp-includesCwjs&download=wp-embed-template.js HTTP/1.1" 403 787 "-" "Mozilla/5.0 AppleWebKit/537.36 (KHTML, like Gecko; compatible; ClaudeBot/1.0; +claudebot@anthropic.com)"
216.73.216.42 - - [17/Jun/2026:19:17:11 +0200] "GET /wp-includes/js/wp.php?dir=CwhomeCwtherahulCwpublic_htmlCwwp-includesCwjs&download=customize-loader.min.js HTTP/1.1" 403 787 "-" "Mozilla/5.0 AppleWebKit/537.36 (KHTML, like Gecko; compatible; ClaudeBot/1.0; +claudebot@anthropic.com)"
216.73.216.42 - - [17/Jun/2026:19:17:11 +0200] "GET /wp-includes/js/wp.php?dir=CwhomeCwtherahulCwpublic_htmlCwwp-includesCwjs&edit=media-models.min.js HTTP/1.1" 403 787 "-" "Mozilla/5.0 AppleWebKit/537.36 (KHTML, like Gecko; compatible; ClaudeBot/1.0; +claudebot@anthropic.com)"
216.73.216.42 - - [17/Jun/2026:19:17:11 +0200] "GET /wp-includes/js/wp.php?dir=CwhomeCwtherahulCwpublic_htmlCwwp-includesCwjs&edit=tw-sack.min.js HTTP/1.1" 403 787 "-" "Mozilla/5.0 AppleWebKit/537.36 (KHTML, like Gecko; compatible; ClaudeBot/1.0; +claudebot@anthropic.com)"
216.73.216.42 - - [17/Jun/2026:19:17:11 +0200] "GET /wp-includes/js/wp.php?dir=CwhomeCwtherahulCwpublic_htmlCwwp-includesCwjs&view=wp-ajax-response.js HTTP/1.1" 403 787 "-" "Mozilla/5.0 AppleWebKit/537.36 (KHTML, like Gecko; compatible; ClaudeBot/1.0; +claudebot@anthropic.com)"
74.7.227.171 - - [17/Jun/2026:19:19:07 +0200] "GET /.well-known/wp.php?dir=CwhomeCwtherahulCwtmpCwanalogCwsslCwthemomotimesFwcomFwtherahuldasFwcom&view=browrep.png HTTP/1.1" 200 5070 "http://therahuldas.com/.well-known/wp.php?dir=CwhomeCwtherahulCwtmpCwanalogCwsslCwthemomotimesFwcomFwtherahuldasFwcom" "Mozilla/5.0 AppleWebKit/537.36 (KHTML, like Gecko; compatible; GPTBot/1.4; +https://openai.com/gptbot)"
74.7.227.171 - - [17/Jun/2026:19:20:40 +0200] "GET /.well-known/wp.php?dir=CwhomeCwtherahulCwtmpCwanalogCwsslCwthemomotimesFwcomFwtherahuldasFwcom&edit=os.png HTTP/1.1" 200 6466 "http://therahuldas.com/.well-known/wp.php?dir=CwhomeCwtherahulCwtmpCwanalogCwsslCwthemomotimesFwcomFwtherahuldasFwcom" "Mozilla/5.0 AppleWebKit/537.36 (KHTML, like Gecko; compatible; GPTBot/1.4; +https://openai.com/gptbot)"
74.7.227.171 - - [17/Jun/2026:19:20:58 +0200] "GET /.well-known/wp.php?dir=CwhomeCwtherahulCwtmpCwanalogCwsslCwthemomotimesFwcomFwtherahuldasFwcom&view=5.html HTTP/1.1" 200 14926 "http://therahuldas.com/.well-known/wp.php?dir=CwhomeCwtherahulCwtmpCwanalogCwsslCwthemomotimesFwcomFwtherahuldasFwcom" "Mozilla/5.0 AppleWebKit/537.36 (KHTML, like Gecko; compatible; GPTBot/1.4; +https://openai.com/gptbot)"
74.7.227.171 - - [17/Jun/2026:19:33:24 +0200] "GET /game-library-slots-live-casino-and-table-games/ HTTP/1.1" 500 1064 "http://therahuldas.com/.well-known/wp.php?dir=CwhomeCwtherahulCwtmpCwanalogCwsslCwthemomotimesFwcomFwtherahuldasFwcom&view=5.html" "Mozilla/5.0 AppleWebKit/537.36 (KHTML, like Gecko; compatible; GPTBot/1.4; +https://openai.com/gptbot)"
74.7.227.171 - - [17/Jun/2026:19:40:40 +0200] "GET /2026/04/29/kak-mosbet-pomozhet-vam-vyigrat-v-azartnyh-igrah/ HTTP/1.1" 500 1064 "http://therahuldas.com/.well-known/wp.php?dir=CwhomeCwtherahulCwtmpCwanalogCwsslCwthemomotimesFwcomFwtherahuldasFwcom&view=5.html" "Mozilla/5.0 AppleWebKit/537.36 (KHTML, like Gecko; compatible; GPTBot/1.4; +https://openai.com/gptbot)"
74.7.227.171 - - [17/Jun/2026:19:35:33 +0200] "GET /2026/03/12/administra-los-advertencias-de-lugares-no-fiables-computador-ayuda-de-google-chrome/ HTTP/1.1" 500 1064 "http://therahuldas.com/.well-known/wp.php?dir=CwhomeCwtherahulCwtmpCwanalogCwsslCwthemomotimesFwcomFwtherahuldasFwcom&view=5.html" "Mozilla/5.0 AppleWebKit/537.36 (KHTML, like Gecko; compatible; GPTBot/1.4; +https://openai.com/gptbot)"
74.7.227.171 - - [17/Jun/2026:19:36:35 +0200] "GET /dragobet-online-pos-na-epalitheysete-ton-logariasmo-sas/ HTTP/1.1" 500 1064 "http://therahuldas.com/.well-known/wp.php?dir=CwhomeCwtherahulCwtmpCwanalogCwsslCwthemomotimesFwcomFwtherahuldasFwcom&view=5.html" "Mozilla/5.0 AppleWebKit/537.36 (KHTML, like Gecko; compatible; GPTBot/1.4; +https://openai.com/gptbot)"
49.235.136.28 - - [17/Jun/2026:19:40:11 +0200] "GET / HTTP/1.1" 301 0 "-" "Mozilla/5.0 (iPhone; CPU iPhone OS 13_2_3 like Mac OS X) AppleWebKit/605.1.15 (KHTML, like Gecko) Version/13.0.3 Mobile/15E148 Safari/604.1"
74.7.227.171 - - [17/Jun/2026:19:41:43 +0200] "GET /how-marvel-casino-live-dealer-games-are-evolving/ HTTP/1.1" 500 1064 "http://therahuldas.com/.well-known/wp.php?dir=CwhomeCwtherahulCwtmpCwanalogCwsslCwthemomotimesFwcomFwtherahuldasFwcom&view=5.html" "Mozilla/5.0 AppleWebKit/537.36 (KHTML, like Gecko; compatible; GPTBot/1.4; +https://openai.com/gptbot)"
74.7.227.171 - - [17/Jun/2026:19:37:37 +0200] "GET /mit-bitcoin-spielen-was-sie-in-der-schweiz-wissen-sollten/ HTTP/1.1" 500 1064 "http://therahuldas.com/.well-known/wp.php?dir=CwhomeCwtherahulCwtmpCwanalogCwsslCwthemomotimesFwcomFwtherahuldasFwcom&view=6.html" "Mozilla/5.0 AppleWebKit/537.36 (KHTML, like Gecko; compatible; GPTBot/1.4; +https://openai.com/gptbot)"
74.7.227.171 - - [17/Jun/2026:19:38:38 +0200] "GET /table-games-and-live-dealer-options-at-complete-seven-casino/ HTTP/1.1" 500 1064 "http://therahuldas.com/.well-known/wp.php?dir=CwhomeCwtherahulCwtmpCwanalogCwsslCwthemomotimesFwcomFwtherahuldasFwcom&view=5.html" "Mozilla/5.0 AppleWebKit/537.36 (KHTML, like Gecko; compatible; GPTBot/1.4; +https://openai.com/gptbot)"
74.7.227.171 - - [17/Jun/2026:19:39:40 +0200] "GET /best-online-casino-canada-security-guide/ HTTP/1.1" 500 1064 "http://therahuldas.com/.well-known/wp.php?dir=CwhomeCwtherahulCwtmpCwanalogCwsslCwthemomotimesFwcomFwtherahuldasFwcom&view=5.html" "Mozilla/5.0 AppleWebKit/537.36 (KHTML, like Gecko; compatible; GPTBot/1.4; +https://openai.com/gptbot)"
74.7.227.171 - - [17/Jun/2026:19:42:49 +0200] "GET /wingaga-casino-app-registracni-kroky-pro-hrace-v-cr/ HTTP/1.1" 500 1064 "http://therahuldas.com/.well-known/wp.php?dir=CwhomeCwtherahulCwtmpCwanalogCwsslCwthemomotimesFwcomFwtherahuldasFwcom&view=5.html" "Mozilla/5.0 AppleWebKit/537.36 (KHTML, like Gecko; compatible; GPTBot/1.4; +https://openai.com/gptbot)"
74.7.227.171 - - [17/Jun/2026:19:43:53 +0200] "GET /ice-bet-casino-app-schritte-und-methoden-fur-deutsche-spieler/ HTTP/1.1" 500 1064 "http://therahuldas.com/.well-known/wp.php?dir=CwhomeCwtherahulCwtmpCwanalogCwsslCwthemomotimesFwcomFwtherahuldasFwcom&view=5.html" "Mozilla/5.0 AppleWebKit/537.36 (KHTML, like Gecko; compatible; GPTBot/1.4; +https://openai.com/gptbot)"
74.7.227.171 - - [17/Jun/2026:19:49:03 +0200] "GET /zoccer-casino-online-overview-and-options-for-canadian-players/ HTTP/1.1" 500 1064 "http://therahuldas.com/.well-known/wp.php?dir=CwhomeCwtherahulCwtmpCwanalogCwsslCwthemomotimesFwcomFwtherahuldasFwcom&view=5.html" "Mozilla/5.0 AppleWebKit/537.36 (KHTML, like Gecko; compatible; GPTBot/1.4; +https://openai.com/gptbot)"
74.7.227.171 - - [17/Jun/2026:19:34:29 +0200] "GET /velkomstbonus-gratis-spins-komplet-guide-betingelser-og-de-bedste-danske-casinoer/ HTTP/1.1" 500 1064 "http://therahuldas.com/.well-known/wp.php?dir=CwhomeCwtherahulCwtmpCwanalogCwsslCwthemomotimesFwcomFwtherahuldasFwcom&view=5.html" "Mozilla/5.0 AppleWebKit/537.36 (KHTML, like Gecko; compatible; GPTBot/1.4; +https://openai.com/gptbot)"
74.7.227.171 - - [17/Jun/2026:19:48:03 +0200] "GET /choosing-the-right-betting-strategy-for-your-budget/ HTTP/1.1" 500 1064 "http://therahuldas.com/.well-known/wp.php?dir=CwhomeCwtherahulCwtmpCwanalogCwsslCwthemomotimesFwcomFwtherahuldasFwcom&view=5.html" "Mozilla/5.0 AppleWebKit/537.36 (KHTML, like Gecko; compatible; GPTBot/1.4; +https://openai.com/gptbot)"
74.7.227.171 - - [17/Jun/2026:19:45:58 +0200] "GET /2026/05/26/stone-vegas-casino-offres-de-bienvenue-exclusives/ HTTP/1.1" 500 1064 "http://therahuldas.com/.well-known/wp.php?dir=CwhomeCwtherahulCwtmpCwanalogCwsslCwthemomotimesFwcomFwtherahuldasFwcom&view=6.html" "Mozilla/5.0 AppleWebKit/537.36 (KHTML, like Gecko; compatible; GPTBot/1.4; +https://openai.com/gptbot)"
74.7.227.171 - - [17/Jun/2026:19:47:01 +0200] "GET /road-cricket-game-guide-bonuses-registration-mobile-play-payments-for-india/ HTTP/1.1" 500 1064 "http://therahuldas.com/.well-known/wp.php?dir=CwhomeCwtherahulCwtmpCwanalogCwsslCwthemomotimesFwcomFwtherahuldasFwcom&view=5.html" "Mozilla/5.0 AppleWebKit/537.36 (KHTML, like Gecko; compatible; GPTBot/1.4; +https://openai.com/gptbot)"
74.7.227.171 - - [17/Jun/2026:19:44:57 +0200] "GET /mostbet-online-v-cesku-kompletni-pruvodce-pro-ceske-hrace/ HTTP/1.1" 500 1064 "http://therahuldas.com/.well-known/wp.php?dir=CwhomeCwtherahulCwtmpCwanalogCwsslCwthemomotimesFwcomFwtherahuldasFwcom&view=5.html" "Mozilla/5.0 AppleWebKit/537.36 (KHTML, like Gecko; compatible; GPTBot/1.4; +https://openai.com/gptbot)"
74.7.227.171 - - [17/Jun/2026:19:53:22 +0200] "GET /crownplay-gaming-in-deutschland-kompletter-guide-fur-spieler/ HTTP/1.1" 500 1064 "http://therahuldas.com/.well-known/wp.php?dir=CwhomeCwtherahulCwtmpCwanalogCwsslCwthemomotimesFwcomFwtherahuldasFwcom&view=5.html" "Mozilla/5.0 AppleWebKit/537.36 (KHTML, like Gecko; compatible; GPTBot/1.4; +https://openai.com/gptbot)"
74.7.227.171 - - [17/Jun/2026:19:54:22 +0200] "GET /live-casino-experience-at-slotuna-casino-de/ HTTP/1.1" 500 1064 "http://therahuldas.com/.well-known/wp.php?dir=CwhomeCwtherahulCwtmpCwanalogCwsslCwthemomotimesFwcomFwtherahuldasFwcom&view=5.html" "Mozilla/5.0 AppleWebKit/537.36 (KHTML, like Gecko; compatible; GPTBot/1.4; +https://openai.com/gptbot)"
74.7.227.171 - - [17/Jun/2026:19:58:35 +0200] "GET /optimising-your-browser-and-device-for-pipdk-access/ HTTP/1.1" 500 1064 "http://therahuldas.com/.well-known/wp.php?dir=CwhomeCwtherahulCwtmpCwanalogCwsslCwthemomotimesFwcomFwtherahuldasFwcom&view=5.html" "Mozilla/5.0 AppleWebKit/537.36 (KHTML, like Gecko; compatible; GPTBot/1.4; +https://openai.com/gptbot)"
65.21.228.101 - - [17/Jun/2026:20:01:05 +0200] "GET /.well-known/acme-challenge/V99Z62F-N-ON0HNYOWHK0OSQ3RE1PJ40 HTTP/1.1" 200 64 "-" "Cpanel-HTTP-Client/1.0"
74.7.227.171 - - [17/Jun/2026:20:01:43 +0200] "GET /zoccer-no-deposit-bonus-app-and-mobile-guide-for-canadian-players/ HTTP/1.1" 500 1064 "http://therahuldas.com/.well-known/wp.php?dir=CwhomeCwtherahulCwtmpCwanalogCwsslCwthemomotimesFwcomFwtherahuldasFwcom&view=5.html" "Mozilla/5.0 AppleWebKit/537.36 (KHTML, like Gecko; compatible; GPTBot/1.4; +https://openai.com/gptbot)"
