74.7.243.228 - - [17/Jun/2026:16:53:25 +0200] "GET /js/'%20.%20get_permalink(%20$post%20)%20.%20' HTTP/1.1" 301 0 "http://therahuldas.com/js/wp.php?dir=CwhomeCwtherahulCwpublic_htmlCwwp-includes&view=link-template.php" "Mozilla/5.0 AppleWebKit/537.36 (KHTML, like Gecko; compatible; GPTBot/1.4; +https://openai.com/gptbot)"
74.7.243.228 - - [17/Jun/2026:16:53:26 +0200] "GET /js/%20.%20get_permalink(%20post%20)%20.%20 HTTP/1.1" 301 0 "http://therahuldas.com/js/'%20.%20get_permalink(%20$post%20)%20.%20'" "Mozilla/5.0 AppleWebKit/537.36 (KHTML, like Gecko; compatible; GPTBot/1.4; +https://openai.com/gptbot)"
74.7.243.228 - - [17/Jun/2026:16:53:27 +0200] "GET /js/%20.%20get_permalink(%20post HTTP/1.1" 500 1064 "http://therahuldas.com/js/%20.%20get_permalink(%20post%20)%20.%20" "Mozilla/5.0 AppleWebKit/537.36 (KHTML, like Gecko; compatible; GPTBot/1.4; +https://openai.com/gptbot)"
74.7.243.228 - - [17/Jun/2026:16:53:30 +0200] "GET /js/%22%20.%20get_permalink(%20$post%20)%20.%20%22 HTTP/1.1" 301 0 "http://therahuldas.com/js/wp.php?dir=CwhomeCwtherahulCwpublic_htmlCwwp-includes&view=link-template.php" "Mozilla/5.0 AppleWebKit/537.36 (KHTML, like Gecko; compatible; GPTBot/1.4; +https://openai.com/gptbot)"
74.7.243.228 - - [17/Jun/2026:16:53:31 +0200] "GET /js/%22%20.%20get_permalink(%20post HTTP/1.1" 500 1064 "http://therahuldas.com/js/%22%20.%20get_permalink(%20$post%20)%20.%20%22" "Mozilla/5.0 AppleWebKit/537.36 (KHTML, like Gecko; compatible; GPTBot/1.4; +https://openai.com/gptbot)"
74.7.243.228 - - [17/Jun/2026:17:02:50 +0200] "GET /js/'%20.%20esc_url(%20get_edit_bookmark_link(%20$bookmark%20)%20)%20.%20' HTTP/1.1" 301 0 "http://therahuldas.com/js/wp.php?dir=CwhomeCwtherahulCwpublic_htmlCwwp-includes&view=link-template.php" "Mozilla/5.0 AppleWebKit/537.36 (KHTML, like Gecko; compatible; GPTBot/1.4; +https://openai.com/gptbot)"
74.7.243.228 - - [17/Jun/2026:17:02:51 +0200] "GET /js/%20.%20esc_url(%20get_edit_bookmark_link(%20bookmark%20)%20)%20.%20 HTTP/1.1" 301 0 "http://therahuldas.com/js/'%20.%20esc_url(%20get_edit_bookmark_link(%20$bookmark%20)%20)%20.%20'" "Mozilla/5.0 AppleWebKit/537.36 (KHTML, like Gecko; compatible; GPTBot/1.4; +https://openai.com/gptbot)"
74.7.243.228 - - [17/Jun/2026:17:02:52 +0200] "GET /js/%20.%20esc_url(%20get_edit_bookmark_link(%20bookmark HTTP/1.1" 500 1064 "http://therahuldas.com/js/%20.%20esc_url(%20get_edit_bookmark_link(%20bookmark%20)%20)%20.%20" "Mozilla/5.0 AppleWebKit/537.36 (KHTML, like Gecko; compatible; GPTBot/1.4; +https://openai.com/gptbot)"
74.7.243.228 - - [17/Jun/2026:17:06:01 +0200] "GET /js/'%20.%20esc_url(%20get_edit_comment_link(%20$comment%20)%20)%20.%20' HTTP/1.1" 301 0 "http://therahuldas.com/js/wp.php?dir=CwhomeCwtherahulCwpublic_htmlCwwp-includes&view=link-template.php" "Mozilla/5.0 AppleWebKit/537.36 (KHTML, like Gecko; compatible; GPTBot/1.4; +https://openai.com/gptbot)"
74.7.243.228 - - [17/Jun/2026:17:06:03 +0200] "GET /js/%20.%20esc_url(%20get_edit_comment_link(%20comment%20)%20)%20.%20 HTTP/1.1" 301 0 "http://therahuldas.com/js/'%20.%20esc_url(%20get_edit_comment_link(%20$comment%20)%20)%20.%20'" "Mozilla/5.0 AppleWebKit/537.36 (KHTML, like Gecko; compatible; GPTBot/1.4; +https://openai.com/gptbot)"
74.7.243.228 - - [17/Jun/2026:17:01:47 +0200] "GET /js/'%20.%20esc_url(%20get_feed_link(%20$feed%20)%20)%20.%20' HTTP/1.1" 301 0 "http://therahuldas.com/js/wp.php?dir=CwhomeCwtherahulCwpublic_htmlCwwp-includes&view=link-template.php" "Mozilla/5.0 AppleWebKit/537.36 (KHTML, like Gecko; compatible; GPTBot/1.4; +https://openai.com/gptbot)"
74.7.243.228 - - [17/Jun/2026:17:01:48 +0200] "GET /js/%20.%20esc_url(%20get_feed_link(%20feed%20)%20)%20.%20 HTTP/1.1" 301 0 "http://therahuldas.com/js/'%20.%20esc_url(%20get_feed_link(%20$feed%20)%20)%20.%20'" "Mozilla/5.0 AppleWebKit/537.36 (KHTML, like Gecko; compatible; GPTBot/1.4; +https://openai.com/gptbot)"
74.7.243.228 - - [17/Jun/2026:17:01:49 +0200] "GET /js/%20.%20esc_url(%20get_feed_link(%20feed HTTP/1.1" 500 1064 "http://therahuldas.com/js/%20.%20esc_url(%20get_feed_link(%20feed%20)%20)%20.%20" "Mozilla/5.0 AppleWebKit/537.36 (KHTML, like Gecko; compatible; GPTBot/1.4; +https://openai.com/gptbot)"
13.140.175.37 - - [17/Jun/2026:17:02:12 +0200] "GET / HTTP/1.1" 301 0 "-" "Go-http-client/1.1"
13.140.175.37 - - [17/Jun/2026:17:02:16 +0200] "GET /wp-includes/css/buttons.css HTTP/1.1" 200 2890 "-" "Go-http-client/1.1"
74.7.243.228 - - [17/Jun/2026:17:14:13 +0200] "GET /js/wp.php?dir=CwhomeCwtherahulCwpublic_htmlCwwp-includes&edit=shortcodes.php HTTP/1.1" 200 10813 "http://therahuldas.com/js/wp.php?dir=CwhomeCwtherahulCwpublic_htmlCwwp-includes" "Mozilla/5.0 AppleWebKit/537.36 (KHTML, like Gecko; compatible; GPTBot/1.4; +https://openai.com/gptbot)"
74.7.243.228 - - [17/Jun/2026:17:16:06 +0200] "GET /js/%3C?php%20echo%20esc_url(%20$login_url%20);%20?%3E HTTP/1.1" 500 1064 "http://therahuldas.com/js/wp.php?dir=CwhomeCwtherahulCwpublic_htmlCwwp-includes&view=functions.php" "Mozilla/5.0 AppleWebKit/537.36 (KHTML, like Gecko; compatible; GPTBot/1.4; +https://openai.com/gptbot)"
74.7.243.228 - - [17/Jun/2026:17:21:31 +0200] "GET /js/wp.php?dir=CwhomeCwtherahulCwpublic_htmlCwwp-includes&view=cache.php HTTP/1.1" 200 2634 "http://therahuldas.com/js/wp.php?dir=CwhomeCwtherahulCwpublic_htmlCwwp-includes" "Mozilla/5.0 AppleWebKit/537.36 (KHTML, like Gecko; compatible; GPTBot/1.4; +https://openai.com/gptbot)"
74.7.243.228 - - [17/Jun/2026:16:49:17 +0200] "GET /js/([/%22/] HTTP/1.1" 500 1064 "http://therahuldas.com/js/([/%22/'])" "Mozilla/5.0 AppleWebKit/537.36 (KHTML, like Gecko; compatible; GPTBot/1.4; +https://openai.com/gptbot)"
65.21.228.101 - - [17/Jun/2026:17:01:19 +0200] "GET /.well-known/acme-challenge/K526MPZ4HRSCEPY03T08CJ7XQIOS2IEM HTTP/1.1" 200 64 "-" "Cpanel-HTTP-Client/1.0"
74.7.243.228 - - [17/Jun/2026:17:03:54 +0200] "GET /js/'%20.$src%20.' HTTP/1.1" 301 0 "http://therahuldas.com/js/wp.php?dir=CwhomeCwtherahulCwpublic_htmlCwwp-includes&view=script-loader.php" "Mozilla/5.0 AppleWebKit/537.36 (KHTML, like Gecko; compatible; GPTBot/1.4; +https://openai.com/gptbot)"
74.7.243.228 - - [17/Jun/2026:17:03:55 +0200] "GET /js/%20.src%20. HTTP/1.1" 301 0 "http://therahuldas.com/js/'%20.$src%20.'" "Mozilla/5.0 AppleWebKit/537.36 (KHTML, like Gecko; compatible; GPTBot/1.4; +https://openai.com/gptbot)"
74.7.243.228 - - [17/Jun/2026:17:03:56 +0200] "GET /js/%20.src HTTP/1.1" 500 1064 "http://therahuldas.com/js/%20.src%20." "Mozilla/5.0 AppleWebKit/537.36 (KHTML, like Gecko; compatible; GPTBot/1.4; +https://openai.com/gptbot)"
74.7.243.228 - - [17/Jun/2026:17:09:02 +0200] "GET /js/wp.php?dir=CwhomeCwtherahulCwpublic_htmlCwwp-includes&edit=cache-compat.php HTTP/1.1" 200 6335 "http://therahuldas.com/js/wp.php?dir=CwhomeCwtherahulCwpublic_htmlCwwp-includes" "Mozilla/5.0 AppleWebKit/537.36 (KHTML, like Gecko; compatible; GPTBot/1.4; +https://openai.com/gptbot)"
216.73.216.42 - - [17/Jun/2026:17:17:09 +0200] "GET /wp-includes/sitemaps/%27%20.%20esc_url%28%20get_edit_comment_link%28%20$comment%20%29%20%29%20.%20%27 HTTP/1.1" 301 0 "-" "Mozilla/5.0 AppleWebKit/537.36 (KHTML, like Gecko; compatible; ClaudeBot/1.0; +claudebot@anthropic.com)"
216.73.216.42 - - [17/Jun/2026:17:17:13 +0200] "GET /%27%20.%20stylesheet HTTP/1.1" 500 1064 "http://therahuldas.com/%27%20.%20$stylesheet%20.%20%27" "Mozilla/5.0 AppleWebKit/537.36 (KHTML, like Gecko; compatible; ClaudeBot/1.0; +claudebot@anthropic.com)"
74.7.243.228 - - [17/Jun/2026:17:20:13 +0200] "GET /js/wp.php?dir=CwhomeCwtherahulCwpublic_htmlCwwp-includes&edit=script-modules.php HTTP/1.1" 200 6642 "http://therahuldas.com/js/wp.php?dir=CwhomeCwtherahulCwpublic_htmlCwwp-includes" "Mozilla/5.0 AppleWebKit/537.36 (KHTML, like Gecko; compatible; GPTBot/1.4; +https://openai.com/gptbot)"
74.7.243.228 - - [17/Jun/2026:16:40:55 +0200] "GET /wp.php?dir=CwusrCwshareCwzoneinfoCwposixCwAmericaCwArgentina&view=San_Luis HTTP/1.1" 200 655 "http://therahuldas.com/wp.php?dir=CwusrCwshareCwzoneinfoCwposixCwAmericaCwArgentina" "Mozilla/5.0 AppleWebKit/537.36 (KHTML, like Gecko; compatible; GPTBot/1.4; +https://openai.com/gptbot)"
74.7.243.228 - - [17/Jun/2026:16:53:42 +0200] "GET /js/%22%20.%20esc_attr(%20$href%20)%20.%20%22 HTTP/1.1" 301 0 "http://therahuldas.com/js/wp.php?dir=CwhomeCwtherahulCwpublic_htmlCwwp-includes&view=script-loader.php" "Mozilla/5.0 AppleWebKit/537.36 (KHTML, like Gecko; compatible; GPTBot/1.4; +https://openai.com/gptbot)"
74.7.243.228 - - [17/Jun/2026:16:53:43 +0200] "GET /js/%22%20.%20esc_attr(%20href HTTP/1.1" 500 1064 "http://therahuldas.com/js/%22%20.%20esc_attr(%20$href%20)%20.%20%22" "Mozilla/5.0 AppleWebKit/537.36 (KHTML, like Gecko; compatible; GPTBot/1.4; +https://openai.com/gptbot)"
74.7.243.228 - - [17/Jun/2026:16:56:28 +0200] "GET /js/'%20.%20esc_url(%20$shortlink%20)%20.%20' HTTP/1.1" 301 0 "http://therahuldas.com/js/wp.php?dir=CwhomeCwtherahulCwpublic_htmlCwwp-includes&view=link-template.php" "Mozilla/5.0 AppleWebKit/537.36 (KHTML, like Gecko; compatible; GPTBot/1.4; +https://openai.com/gptbot)"
74.7.243.228 - - [17/Jun/2026:16:56:28 +0200] "GET /js/%20.%20esc_url(%20shortlink%20)%20.%20 HTTP/1.1" 301 0 "http://therahuldas.com/js/'%20.%20esc_url(%20$shortlink%20)%20.%20'" "Mozilla/5.0 AppleWebKit/537.36 (KHTML, like Gecko; compatible; GPTBot/1.4; +https://openai.com/gptbot)"
74.7.243.228 - - [17/Jun/2026:16:56:29 +0200] "GET /js/%20.%20esc_url(%20shortlink HTTP/1.1" 500 1064 "http://therahuldas.com/js/%20.%20esc_url(%20shortlink%20)%20.%20" "Mozilla/5.0 AppleWebKit/537.36 (KHTML, like Gecko; compatible; GPTBot/1.4; +https://openai.com/gptbot)"
65.21.228.101 - - [17/Jun/2026:17:01:18 +0200] "GET /.well-known/acme-challenge/0DTD_MCZ173SI7KY6KK5Z92IG6R3W_V2 HTTP/1.1" 200 64 "-" "Cpanel-HTTP-Client/1.0"
65.21.228.101 - - [17/Jun/2026:17:01:19 +0200] "GET /.well-known/acme-challenge/-QQZ3EU8O71VDZ0Q63EHLGI_LIVTDZEE HTTP/1.1" 200 64 "-" "Cpanel-HTTP-Client/1.0"
65.21.228.101 - - [17/Jun/2026:17:01:19 +0200] "GET /.well-known/acme-challenge/IA-9IHFI4LPUCK0UOZQ-KDKV4PRJP91I HTTP/1.1" 200 64 "-" "Cpanel-HTTP-Client/1.0"
74.7.243.228 - - [17/Jun/2026:17:15:33 +0200] "GET /js/wp.php?dir=CwhomeCwtherahulCwpublic_htmlCwwp-includes&edit=general-template.php HTTP/1.1" 200 45673 "http://therahuldas.com/js/wp.php?dir=CwhomeCwtherahulCwpublic_htmlCwwp-includes" "Mozilla/5.0 AppleWebKit/537.36 (KHTML, like Gecko; compatible; GPTBot/1.4; +https://openai.com/gptbot)"
216.73.216.42 - - [17/Jun/2026:17:17:09 +0200] "GET /wp-includes/sitemaps/%27%20.%20$parent_link%20.%20%27 HTTP/1.1" 301 0 "-" "Mozilla/5.0 AppleWebKit/537.36 (KHTML, like Gecko; compatible; ClaudeBot/1.0; +claudebot@anthropic.com)"
216.73.216.42 - - [17/Jun/2026:17:17:13 +0200] "GET /wp-includes/sitemaps/%27%20.%20parent_link HTTP/1.1" 500 1064 "http://therahuldas.com/wp-includes/sitemaps/%27%20.%20$parent_link%20.%20%27" "Mozilla/5.0 AppleWebKit/537.36 (KHTML, like Gecko; compatible; ClaudeBot/1.0; +claudebot@anthropic.com)"
74.7.243.228 - - [17/Jun/2026:16:55:26 +0200] "GET /js/%20.%20esc_url(%20wp_login_url(%20redirect%20)%20)%20.%20 HTTP/1.1" 301 0 "http://therahuldas.com/js/'%20.%20esc_url(%20wp_login_url(%20$redirect%20)%20)%20.%20'" "Mozilla/5.0 AppleWebKit/537.36 (KHTML, like Gecko; compatible; GPTBot/1.4; +https://openai.com/gptbot)"
74.7.243.228 - - [17/Jun/2026:16:55:27 +0200] "GET /js/%20.%20esc_url(%20wp_login_url(%20redirect HTTP/1.1" 500 1064 "http://therahuldas.com/js/%20.%20esc_url(%20wp_login_url(%20redirect%20)%20)%20.%20" "Mozilla/5.0 AppleWebKit/537.36 (KHTML, like Gecko; compatible; GPTBot/1.4; +https://openai.com/gptbot)"
65.21.228.101 - - [17/Jun/2026:17:01:19 +0200] "GET /.well-known/acme-challenge/XY6PEXF0VV1P6OA1AZ25NFQUZOH0_PTH HTTP/1.1" 200 64 "-" "Cpanel-HTTP-Client/1.0"
74.7.243.228 - - [17/Jun/2026:17:08:06 +0200] "GET /js/wp.php?dir=CwhomeCwtherahulCwpublic_htmlCwwp-includes&edit=class-wpdb.php HTTP/1.1" 200 34626 "http://therahuldas.com/js/wp.php?dir=CwhomeCwtherahulCwpublic_htmlCwwp-includes" "Mozilla/5.0 AppleWebKit/537.36 (KHTML, like Gecko; compatible; GPTBot/1.4; +https://openai.com/gptbot)"
74.7.243.228 - - [17/Jun/2026:17:14:55 +0200] "GET /js/wp.php?dir=CwhomeCwtherahulCwpublic_htmlCwwp-includes&edit=ms-deprecated.php HTTP/1.1" 200 10471 "http://therahuldas.com/js/wp.php?dir=CwhomeCwtherahulCwpublic_htmlCwwp-includes" "Mozilla/5.0 AppleWebKit/537.36 (KHTML, like Gecko; compatible; GPTBot/1.4; +https://openai.com/gptbot)"
74.7.243.228 - - [17/Jun/2026:16:50:04 +0200] "GET /js/wp.php?dir=CwhomeCwtherahulCwpublic_htmlCwwp-includes&view=class-oembed.php HTTP/1.1" 200 271 "http://therahuldas.com/js/wp.php?dir=CwhomeCwtherahulCwpublic_htmlCwwp-includes" "Mozilla/5.0 AppleWebKit/537.36 (KHTML, like Gecko; compatible; GPTBot/1.4; +https://openai.com/gptbot)"
74.7.243.228 - - [17/Jun/2026:16:50:06 +0200] "GET /js/'%20.%20esc_url(%20get_oembed_endpoint_url(%20get_permalink()%20)%20)%20.%20' HTTP/1.1" 301 0 "http://therahuldas.com/js/wp.php?dir=CwhomeCwtherahulCwpublic_htmlCwwp-includes&view=embed.php" "Mozilla/5.0 AppleWebKit/537.36 (KHTML, like Gecko; compatible; GPTBot/1.4; +https://openai.com/gptbot)"
74.7.243.228 - - [17/Jun/2026:16:50:07 +0200] "GET /js/%20.%20esc_url(%20get_oembed_endpoint_url(%20get_permalink()%20)%20)%20.%20 HTTP/1.1" 301 0 "http://therahuldas.com/js/'%20.%20esc_url(%20get_oembed_endpoint_url(%20get_permalink()%20)%20)%20.%20'" "Mozilla/5.0 AppleWebKit/537.36 (KHTML, like Gecko; compatible; GPTBot/1.4; +https://openai.com/gptbot)"
74.7.243.228 - - [17/Jun/2026:16:50:08 +0200] "GET /js/%20.%20esc_url(%20get_oembed_endpoint_url(%20get_permalink HTTP/1.1" 500 1064 "http://therahuldas.com/js/%20.%20esc_url(%20get_oembed_endpoint_url(%20get_permalink()%20)%20)%20.%20" "Mozilla/5.0 AppleWebKit/537.36 (KHTML, like Gecko; compatible; GPTBot/1.4; +https://openai.com/gptbot)"
65.21.228.101 - - [17/Jun/2026:17:01:19 +0200] "GET /.well-known/acme-challenge/8CVAW-YBGZ8SVMHQIED59X7RIQEGJKVY HTTP/1.1" 200 64 "-" "Cpanel-HTTP-Client/1.0"
74.7.243.228 - - [17/Jun/2026:17:10:43 +0200] "GET /js/wp.php?dir=CwhomeCwtherahulCwpublic_htmlCwwp-includes&view=embed-template.php HTTP/1.1" 200 226 "http://therahuldas.com/js/wp.php?dir=CwhomeCwtherahulCwpublic_htmlCwwp-includes" "Mozilla/5.0 AppleWebKit/537.36 (KHTML, like Gecko; compatible; GPTBot/1.4; +https://openai.com/gptbot)"
74.7.243.228 - - [17/Jun/2026:17:11:44 +0200] "GET /js/wp.php?dir=CwhomeCwtherahulCwpublic_htmlCwwp-includes&edit=widgets.php HTTP/1.1" 200 20829 "http://therahuldas.com/js/wp.php?dir=CwhomeCwtherahulCwpublic_htmlCwwp-includes" "Mozilla/5.0 AppleWebKit/537.36 (KHTML, like Gecko; compatible; GPTBot/1.4; +https://openai.com/gptbot)"
216.73.216.42 - - [17/Jun/2026:17:17:09 +0200] "GET /%27%20.%20$stylesheet%20.%20%27 HTTP/1.1" 301 0 "-" "Mozilla/5.0 AppleWebKit/537.36 (KHTML, like Gecko; compatible; ClaudeBot/1.0; +claudebot@anthropic.com)"
216.73.216.42 - - [17/Jun/2026:17:17:13 +0200] "GET /wp-includes/sitemaps/%27%20.%20esc_url%28%20get_edit_comment_link%28%20comment HTTP/1.1" 500 1064 "http://therahuldas.com/wp-includes/sitemaps/%27%20.%20esc_url%28%20get_edit_comment_link%28%20$comment%20%29%20%29%20.%20%27" "Mozilla/5.0 AppleWebKit/537.36 (KHTML, like Gecko; compatible; ClaudeBot/1.0; +claudebot@anthropic.com)"
74.7.243.228 - - [17/Jun/2026:17:17:38 +0200] "GET /js/wp.php?dir=CwhomeCwtherahulCwpublic_htmlCwwp-includes&edit=link-template.php HTTP/1.1" 200 34733 "http://therahuldas.com/js/wp.php?dir=CwhomeCwtherahulCwpublic_htmlCwwp-includes" "Mozilla/5.0 AppleWebKit/537.36 (KHTML, like Gecko; compatible; GPTBot/1.4; +https://openai.com/gptbot)"
74.7.243.228 - - [17/Jun/2026:16:57:35 +0200] "GET /js/%22%20.%20esc_url(%20shortlink HTTP/1.1" 500 1064 "http://therahuldas.com/js/%22%20.%20esc_url(%20$shortlink%20)%20.%20%22" "Mozilla/5.0 AppleWebKit/537.36 (KHTML, like Gecko; compatible; GPTBot/1.4; +https://openai.com/gptbot)"
216.73.216.42 - - [17/Jun/2026:17:15:25 +0200] "GET /robots.txt HTTP/1.1" 200 165 "-" "Mozilla/5.0 AppleWebKit/537.36 (KHTML, like Gecko; compatible; ClaudeBot/1.0; +claudebot@anthropic.com)"
216.73.216.42 - - [17/Jun/2026:17:15:30 +0200] "GET /.well-known/wp.php HTTP/1.1" 200 5375 "-" "Mozilla/5.0 AppleWebKit/537.36 (KHTML, like Gecko; compatible; ClaudeBot/1.0; +claudebot@anthropic.com)"
74.7.243.228 - - [17/Jun/2026:17:19:29 +0200] "GET /js/wp.php?dir=CwhomeCwtherahulCwpublic_htmlCwwp-includes&edit=robots-template.php HTTP/1.1" 200 5100 "http://therahuldas.com/js/wp.php?dir=CwhomeCwtherahulCwpublic_htmlCwwp-includes" "Mozilla/5.0 AppleWebKit/537.36 (KHTML, like Gecko; compatible; GPTBot/1.4; +https://openai.com/gptbot)"
74.7.243.228 - - [17/Jun/2026:17:22:03 +0200] "GET /js/wp.php?dir=CwhomeCwtherahulCwpublic_htmlCwwp-includes&view=media.php HTTP/1.1" 200 53422 "http://therahuldas.com/js/wp.php?dir=CwhomeCwtherahulCwpublic_htmlCwwp-includes" "Mozilla/5.0 AppleWebKit/537.36 (KHTML, like Gecko; compatible; GPTBot/1.4; +https://openai.com/gptbot)"
74.7.243.228 - - [17/Jun/2026:16:59:44 +0200] "GET /js/%20.%20admin_url HTTP/1.1" 500 1064 "http://therahuldas.com/js/%20.%20admin_url()%20.%20" "Mozilla/5.0 AppleWebKit/537.36 (KHTML, like Gecko; compatible; GPTBot/1.4; +https://openai.com/gptbot)"
65.21.228.101 - - [17/Jun/2026:17:01:13 +0200] "GET /.well-known/acme-challenge/WQISYJ67PSGRI5Z-7PDRAS8G2RHK5-39 HTTP/1.1" 200 64 "-" "Cpanel-HTTP-Client/1.0"
65.21.228.101 - - [17/Jun/2026:17:01:19 +0200] "GET /.well-known/acme-challenge/2BZSPRDKG_ED45QTYH7TOKAKFIGD3U41 HTTP/1.1" 200 64 "-" "Cpanel-HTTP-Client/1.0"
74.7.243.228 - - [17/Jun/2026:17:05:00 +0200] "GET /js/'%20.%20get_edit_term_link(%20$term-%3Eterm_id,%20$term-%3Etaxonomy%20)%20.%20' HTTP/1.1" 301 0 "http://therahuldas.com/js/wp.php?dir=CwhomeCwtherahulCwpublic_htmlCwwp-includes&view=link-template.php" "Mozilla/5.0 AppleWebKit/537.36 (KHTML, like Gecko; compatible; GPTBot/1.4; +https://openai.com/gptbot)"
74.7.243.228 - - [17/Jun/2026:17:05:01 +0200] "GET /js/%20.%20get_edit_term_link(%20term-%3Eterm_id,%20term-%3Etaxonomy%20)%20.%20 HTTP/1.1" 301 0 "http://therahuldas.com/js/'%20.%20get_edit_term_link(%20$term-%3Eterm_id,%20$term-%3Etaxonomy%20)%20.%20'" "Mozilla/5.0 AppleWebKit/537.36 (KHTML, like Gecko; compatible; GPTBot/1.4; +https://openai.com/gptbot)"
74.7.243.228 - - [17/Jun/2026:17:05:02 +0200] "GET /js/%20.%20get_edit_term_link(%20term-%3Eterm_id,%20term-%3Etaxonomy HTTP/1.1" 500 1064 "http://therahuldas.com/js/%20.%20get_edit_term_link(%20term-%3Eterm_id,%20term-%3Etaxonomy%20)%20.%20" "Mozilla/5.0 AppleWebKit/537.36 (KHTML, like Gecko; compatible; GPTBot/1.4; +https://openai.com/gptbot)"
74.7.243.228 - - [17/Jun/2026:17:07:05 +0200] "GET /js/wp.php?dir=CwhomeCwtherahulCwpublic_htmlCwwp-includes&view=functions.php HTTP/1.1" 200 76080 "http://therahuldas.com/js/wp.php?dir=CwhomeCwtherahulCwpublic_htmlCwwp-includes" "Mozilla/5.0 AppleWebKit/537.36 (KHTML, like Gecko; compatible; GPTBot/1.4; +https://openai.com/gptbot)"
74.7.243.228 - - [17/Jun/2026:17:09:55 +0200] "GET /about HTTP/1.1" 500 1064 "https://ashish.therahuldas.com" "Mozilla/5.0 AppleWebKit/537.36 (KHTML, like Gecko; compatible; GPTBot/1.4; +https://openai.com/gptbot)"
216.73.216.42 - - [17/Jun/2026:17:17:09 +0200] "GET /%27%20.%20get_month_link%28%20$previous-%3Eyear,%20$previous-%3Emonth%20%29%20.%20%27 HTTP/1.1" 301 0 "-" "Mozilla/5.0 AppleWebKit/537.36 (KHTML, like Gecko; compatible; ClaudeBot/1.0; +claudebot@anthropic.com)"
216.73.216.42 - - [17/Jun/2026:17:17:12 +0200] "GET /%27%20.%20get_month_link%28%20previous-%3Eyear,%20previous-%3Emonth HTTP/1.1" 500 1064 "http://therahuldas.com/%27%20.%20get_month_link%28%20$previous-%3Eyear,%20$previous-%3Emonth%20%29%20.%20%27" "Mozilla/5.0 AppleWebKit/537.36 (KHTML, like Gecko; compatible; ClaudeBot/1.0; +claudebot@anthropic.com)"
74.7.243.228 - - [17/Jun/2026:17:18:37 +0200] "GET /js/wp.php?dir=CwhomeCwtherahulCwpublic_htmlCwwp-includes&edit=template-loader.php HTTP/1.1" 200 5510 "http://therahuldas.com/js/wp.php?dir=CwhomeCwtherahulCwpublic_htmlCwwp-includes" "Mozilla/5.0 AppleWebKit/537.36 (KHTML, like Gecko; compatible; GPTBot/1.4; +https://openai.com/gptbot)"
74.7.243.228 - - [17/Jun/2026:17:06:04 +0200] "GET /js/%20.%20esc_url(%20get_edit_comment_link(%20comment HTTP/1.1" 500 1064 "http://therahuldas.com/js/%20.%20esc_url(%20get_edit_comment_link(%20comment%20)%20)%20.%20" "Mozilla/5.0 AppleWebKit/537.36 (KHTML, like Gecko; compatible; GPTBot/1.4; +https://openai.com/gptbot)"
74.7.243.228 - - [17/Jun/2026:17:12:38 +0200] "GET /js/wp.php?dir=CwhomeCwtherahulCwpublic_htmlCwwp-includes&view=class-pop3.php HTTP/1.1" 200 5077 "http://therahuldas.com/js/wp.php?dir=CwhomeCwtherahulCwpublic_htmlCwwp-includes" "Mozilla/5.0 AppleWebKit/537.36 (KHTML, like Gecko; compatible; GPTBot/1.4; +https://openai.com/gptbot)"
74.7.243.228 - - [17/Jun/2026:17:13:28 +0200] "GET /js/wp.php?dir=CwhomeCwtherahulCwpublic_htmlCwwp-includes&download=user.php HTTP/1.1" 200 38756 "http://therahuldas.com/js/wp.php?dir=CwhomeCwtherahulCwpublic_htmlCwwp-includes" "Mozilla/5.0 AppleWebKit/537.36 (KHTML, like Gecko; compatible; GPTBot/1.4; +https://openai.com/gptbot)"
74.7.243.228 - - [17/Jun/2026:17:16:36 +0200] "GET /js/wp.php?dir=CwhomeCwtherahulCwpublic_htmlCwwp-includes&edit=script-loader.php HTTP/1.1" 200 46208 "http://therahuldas.com/js/wp.php?dir=CwhomeCwtherahulCwpublic_htmlCwwp-includes" "Mozilla/5.0 AppleWebKit/537.36 (KHTML, like Gecko; compatible; GPTBot/1.4; +https://openai.com/gptbot)"
216.73.216.42 - - [17/Jun/2026:17:17:09 +0200] "GET /%27%20.%20get_month_link%28%20$next-%3Eyear,%20$next-%3Emonth%20%29%20.%20%27 HTTP/1.1" 301 0 "-" "Mozilla/5.0 AppleWebKit/537.36 (KHTML, like Gecko; compatible; ClaudeBot/1.0; +claudebot@anthropic.com)"
216.73.216.42 - - [17/Jun/2026:17:17:12 +0200] "GET /%27%20.%20get_month_link%28%20next-%3Eyear,%20next-%3Emonth HTTP/1.1" 500 1064 "http://therahuldas.com/%27%20.%20get_month_link%28%20$next-%3Eyear,%20$next-%3Emonth%20%29%20.%20%27" "Mozilla/5.0 AppleWebKit/537.36 (KHTML, like Gecko; compatible; ClaudeBot/1.0; +claudebot@anthropic.com)"
74.7.243.228 - - [17/Jun/2026:17:20:54 +0200] "GET /js/wp.php?dir=CwhomeCwtherahulCwpublic_htmlCwwp-includes&view=comment-template.php HTTP/1.1" 200 21561 "http://therahuldas.com/js/wp.php?dir=CwhomeCwtherahulCwpublic_htmlCwwp-includes" "Mozilla/5.0 AppleWebKit/537.36 (KHTML, like Gecko; compatible; GPTBot/1.4; +https://openai.com/gptbot)"
216.73.216.42 - - [17/Jun/2026:17:22:47 +0200] "GET /wp-includes/js/wp.php HTTP/1.1" 200 13051 "-" "Mozilla/5.0 AppleWebKit/537.36 (KHTML, like Gecko; compatible; ClaudeBot/1.0; +claudebot@anthropic.com)"
74.7.243.228 - - [17/Jun/2026:17:23:23 +0200] "GET /js/wp.php?dir=CwhomeCwtherahulCwpublic_htmlCwwp-includes&view=date.php HTTP/1.1" 200 268 "http://therahuldas.com/js/wp.php?dir=CwhomeCwtherahulCwpublic_htmlCwwp-includes" "Mozilla/5.0 AppleWebKit/537.36 (KHTML, like Gecko; compatible; GPTBot/1.4; +https://openai.com/gptbot)"
74.7.243.228 - - [17/Jun/2026:17:24:04 +0200] "GET /js/wp.php?dir=CwhomeCwtherahulCwpublic_htmlCwwp-includes&view=load.php HTTP/1.1" 200 15742 "http://therahuldas.com/js/wp.php?dir=CwhomeCwtherahulCwpublic_htmlCwwp-includes" "Mozilla/5.0 AppleWebKit/537.36 (KHTML, like Gecko; compatible; GPTBot/1.4; +https://openai.com/gptbot)"
74.7.243.228 - - [17/Jun/2026:17:27:27 +0200] "GET /js/$item[link] HTTP/1.1" 500 1064 "http://therahuldas.com/js/wp.php?dir=CwhomeCwtherahulCwpublic_htmlCwwp-includes&view=rss.php" "Mozilla/5.0 AppleWebKit/537.36 (KHTML, like Gecko; compatible; GPTBot/1.4; +https://openai.com/gptbot)"
74.7.243.228 - - [17/Jun/2026:17:22:59 +0200] "GET /js/wp.php?dir=CwhomeCwtherahulCwpublic_htmlCwwp-includes&view=rss.php HTTP/1.1" 200 7003 "http://therahuldas.com/js/wp.php?dir=CwhomeCwtherahulCwpublic_htmlCwwp-includes" "Mozilla/5.0 AppleWebKit/537.36 (KHTML, like Gecko; compatible; GPTBot/1.4; +https://openai.com/gptbot)"
74.7.243.228 - - [17/Jun/2026:17:24:21 +0200] "GET /js/wp.php?dir=CwhomeCwtherahulCwpublic_htmlCwwp-includes&view=ms-blogs.php HTTP/1.1" 200 6858 "http://therahuldas.com/js/wp.php?dir=CwhomeCwtherahulCwpublic_htmlCwwp-includes" "Mozilla/5.0 AppleWebKit/537.36 (KHTML, like Gecko; compatible; GPTBot/1.4; +https://openai.com/gptbot)"
74.7.243.228 - - [17/Jun/2026:17:23:44 +0200] "GET /js/wp.php?dir=CwhomeCwtherahulCwpublic_htmlCwwp-includes&view=meta.php HTTP/1.1" 200 11665 "http://therahuldas.com/js/wp.php?dir=CwhomeCwtherahulCwpublic_htmlCwwp-includes" "Mozilla/5.0 AppleWebKit/537.36 (KHTML, like Gecko; compatible; GPTBot/1.4; +https://openai.com/gptbot)"
74.7.243.228 - - [17/Jun/2026:17:26:25 +0200] "GET /js/wp.php?dir=CwhomeCwtherahulCwpublic_htmlCwwp-includes&view=plugin.php HTTP/1.1" 200 7668 "http://therahuldas.com/js/wp.php?dir=CwhomeCwtherahulCwpublic_htmlCwwp-includes" "Mozilla/5.0 AppleWebKit/537.36 (KHTML, like Gecko; compatible; GPTBot/1.4; +https://openai.com/gptbot)"
216.73.216.42 - - [17/Jun/2026:17:23:26 +0200] "GET /about HTTP/1.1" 500 1064 "-" "Mozilla/5.0 AppleWebKit/537.36 (KHTML, like Gecko; compatible; ClaudeBot/1.0; +claudebot@anthropic.com)"
74.7.243.228 - - [17/Jun/2026:17:25:53 +0200] "GET /js/'%20.%20esc_url(%20$img_src%20)%20.%20' HTTP/1.1" 301 0 "http://therahuldas.com/js/wp.php?dir=CwhomeCwtherahulCwpublic_htmlCwwp-includes&view=media.php" "Mozilla/5.0 AppleWebKit/537.36 (KHTML, like Gecko; compatible; GPTBot/1.4; +https://openai.com/gptbot)"
74.7.243.228 - - [17/Jun/2026:17:25:54 +0200] "GET /js/%20.%20esc_url(%20img_src%20)%20.%20 HTTP/1.1" 301 0 "http://therahuldas.com/js/'%20.%20esc_url(%20$img_src%20)%20.%20'" "Mozilla/5.0 AppleWebKit/537.36 (KHTML, like Gecko; compatible; GPTBot/1.4; +https://openai.com/gptbot)"
74.7.243.228 - - [17/Jun/2026:17:25:55 +0200] "GET /js/%20.%20esc_url(%20img_src HTTP/1.1" 500 1064 "http://therahuldas.com/js/%20.%20esc_url(%20img_src%20)%20.%20" "Mozilla/5.0 AppleWebKit/537.36 (KHTML, like Gecko; compatible; GPTBot/1.4; +https://openai.com/gptbot)"
74.7.243.228 - - [17/Jun/2026:17:22:32 +0200] "GET /js/wp.php?dir=CwhomeCwtherahulCwpublic_htmlCwwp-includes&edit=class-wp-post.php HTTP/1.1" 200 5649 "http://therahuldas.com/js/wp.php?dir=CwhomeCwtherahulCwpublic_htmlCwwp-includes" "Mozilla/5.0 AppleWebKit/537.36 (KHTML, like Gecko; compatible; GPTBot/1.4; +https://openai.com/gptbot)"
216.73.216.42 - - [17/Jun/2026:17:22:47 +0200] "GET /wp-includes/widgets/wp.php HTTP/1.1" 200 6824 "-" "Mozilla/5.0 AppleWebKit/537.36 (KHTML, like Gecko; compatible; ClaudeBot/1.0; +claudebot@anthropic.com)"
74.7.243.228 - - [17/Jun/2026:17:25:18 +0200] "GET /js/wp.php?dir=CwhomeCwtherahulCwpublic_htmlCwwp-includes&view=widgets.php HTTP/1.1" 200 16373 "http://therahuldas.com/js/wp.php?dir=CwhomeCwtherahulCwpublic_htmlCwwp-includes" "Mozilla/5.0 AppleWebKit/537.36 (KHTML, like Gecko; compatible; GPTBot/1.4; +https://openai.com/gptbot)"
74.7.243.228 - - [17/Jun/2026:17:24:53 +0200] "GET /js/wp.php?dir=CwhomeCwtherahulCwpublic_htmlCwwp-includes&view=ms-network.php HTTP/1.1" 200 1400 "http://therahuldas.com/js/wp.php?dir=CwhomeCwtherahulCwpublic_htmlCwwp-includes" "Mozilla/5.0 AppleWebKit/537.36 (KHTML, like Gecko; compatible; GPTBot/1.4; +https://openai.com/gptbot)"
74.7.243.228 - - [17/Jun/2026:17:24:38 +0200] "GET /js/wp.php?dir=CwhomeCwtherahulCwpublic_htmlCwwp-includes&edit=theme.json HTTP/1.1" 200 6416 "http://therahuldas.com/js/wp.php?dir=CwhomeCwtherahulCwpublic_htmlCwwp-includes" "Mozilla/5.0 AppleWebKit/537.36 (KHTML, like Gecko; compatible; GPTBot/1.4; +https://openai.com/gptbot)"
74.7.243.228 - - [17/Jun/2026:17:25:06 +0200] "GET /js/'%20.%20$parent_link%20.%20' HTTP/1.1" 301 0 "http://therahuldas.com/js/wp.php?dir=CwhomeCwtherahulCwpublic_htmlCwwp-includes&view=comment-template.php" "Mozilla/5.0 AppleWebKit/537.36 (KHTML, like Gecko; compatible; GPTBot/1.4; +https://openai.com/gptbot)"
74.7.243.228 - - [17/Jun/2026:17:25:07 +0200] "GET /js/%20.%20parent_link%20.%20 HTTP/1.1" 301 0 "http://therahuldas.com/js/'%20.%20$parent_link%20.%20'" "Mozilla/5.0 AppleWebKit/537.36 (KHTML, like Gecko; compatible; GPTBot/1.4; +https://openai.com/gptbot)"
74.7.243.228 - - [17/Jun/2026:17:25:08 +0200] "GET /js/%20.%20parent_link HTTP/1.1" 500 1064 "http://therahuldas.com/js/%20.%20parent_link%20.%20" "Mozilla/5.0 AppleWebKit/537.36 (KHTML, like Gecko; compatible; GPTBot/1.4; +https://openai.com/gptbot)"
74.7.243.228 - - [17/Jun/2026:17:30:29 +0200] "GET /wp.php?dir=CwusrCwshareCwzoneinfoCwposixCwAmericaCwArgentina&edit=Salta HTTP/1.1" 200 4526 "http://therahuldas.com/wp.php?dir=CwusrCwshareCwzoneinfoCwposixCwAmericaCwArgentina" "Mozilla/5.0 AppleWebKit/537.36 (KHTML, like Gecko; compatible; GPTBot/1.4; +https://openai.com/gptbot)"
74.7.243.228 - - [17/Jun/2026:17:42:17 +0200] "GET /js/wp.php?dir=CwhomeCwtherahulCwpublic_htmlCwwp-includes&view=media-template.php HTTP/1.1" 200 11978 "http://therahuldas.com/js/wp.php?dir=CwhomeCwtherahulCwpublic_htmlCwwp-includes" "Mozilla/5.0 AppleWebKit/537.36 (KHTML, like Gecko; compatible; GPTBot/1.4; +https://openai.com/gptbot)"
74.7.243.228 - - [17/Jun/2026:17:38:44 +0200] "GET /js/wp.php?dir=CwhomeCwtherahulCwpublic_htmlCwwp-includes&view=session.php HTTP/1.1" 200 182 "http://therahuldas.com/js/wp.php?dir=CwhomeCwtherahulCwpublic_htmlCwwp-includes" "Mozilla/5.0 AppleWebKit/537.36 (KHTML, like Gecko; compatible; GPTBot/1.4; +https://openai.com/gptbot)"
74.7.243.228 - - [17/Jun/2026:17:40:52 +0200] "GET /js/wp.php?dir=CwhomeCwtherahulCwpublic_htmlCwwp-includes&view=template-loader.php HTTP/1.1" 200 1588 "http://therahuldas.com/js/wp.php?dir=CwhomeCwtherahulCwpublic_htmlCwwp-includes" "Mozilla/5.0 AppleWebKit/537.36 (KHTML, like Gecko; compatible; GPTBot/1.4; +https://openai.com/gptbot)"
74.7.243.228 - - [17/Jun/2026:17:41:59 +0200] "GET /js/wp.php?dir=CwhomeCwtherahulCwpublic_htmlCwwp-includes&view=abilities-api.php HTTP/1.1" 200 5374 "http://therahuldas.com/js/wp.php?dir=CwhomeCwtherahulCwpublic_htmlCwwp-includes" "Mozilla/5.0 AppleWebKit/537.36 (KHTML, like Gecko; compatible; GPTBot/1.4; +https://openai.com/gptbot)"
74.7.243.228 - - [17/Jun/2026:17:34:24 +0200] "GET /wp.php?dir=CwusrCwshareCwzoneinfoCwposixCwAmericaCwArgentina&edit=Mendoza HTTP/1.1" 200 4542 "http://therahuldas.com/wp.php?dir=CwusrCwshareCwzoneinfoCwposixCwAmericaCwArgentina" "Mozilla/5.0 AppleWebKit/537.36 (KHTML, like Gecko; compatible; GPTBot/1.4; +https://openai.com/gptbot)"
74.7.243.228 - - [17/Jun/2026:17:39:21 +0200] "GET /js/wp.php?dir=CwhomeCwtherahulCwpublic_htmlCwwp-includes&view=capabilities.php HTTP/1.1" 200 7856 "http://therahuldas.com/js/wp.php?dir=CwhomeCwtherahulCwpublic_htmlCwwp-includes" "Mozilla/5.0 AppleWebKit/537.36 (KHTML, like Gecko; compatible; GPTBot/1.4; +https://openai.com/gptbot)"
74.7.243.228 - - [17/Jun/2026:17:29:30 +0200] "GET /js/wp.php?dir=CwhomeCwtherahulCwpublic_htmlCwwp-includes&view=option.php HTTP/1.1" 200 19404 "http://therahuldas.com/js/wp.php?dir=CwhomeCwtherahulCwpublic_htmlCwwp-includes" "Mozilla/5.0 AppleWebKit/537.36 (KHTML, like Gecko; compatible; GPTBot/1.4; +https://openai.com/gptbot)"
74.7.243.228 - - [17/Jun/2026:17:32:42 +0200] "GET /js/wp.php?dir=CwhomeCwtherahulCwpublic_htmlCwwp-includes&edit=ms-site.php HTTP/1.1" 200 14467 "http://therahuldas.com/js/wp.php?dir=CwhomeCwtherahulCwpublic_htmlCwwp-includes" "Mozilla/5.0 AppleWebKit/537.36 (KHTML, like Gecko; compatible; GPTBot/1.4; +https://openai.com/gptbot)"
74.7.243.228 - - [17/Jun/2026:17:33:21 +0200] "GET /js/wp.php?dir=CwhomeCwtherahulCwpublic_htmlCwwp-includes&view=rest-api.php HTTP/1.1" 200 22264 "http://therahuldas.com/js/wp.php?dir=CwhomeCwtherahulCwpublic_htmlCwwp-includes" "Mozilla/5.0 AppleWebKit/537.36 (KHTML, like Gecko; compatible; GPTBot/1.4; +https://openai.com/gptbot)"
74.7.243.228 - - [17/Jun/2026:17:37:16 +0200] "GET /js/wp.php?dir=CwhomeCwtherahulCwpublic_htmlCwwp-includes&view=class-wpdb.php HTTP/1.1" 200 29747 "http://therahuldas.com/js/wp.php?dir=CwhomeCwtherahulCwpublic_htmlCwwp-includes" "Mozilla/5.0 AppleWebKit/537.36 (KHTML, like Gecko; compatible; GPTBot/1.4; +https://openai.com/gptbot)"
74.7.243.228 - - [17/Jun/2026:17:40:24 +0200] "GET /js/wp.php?dir=CwhomeCwtherahulCwpublic_htmlCwwp-includes&view=abilities.php HTTP/1.1" 200 1886 "http://therahuldas.com/js/wp.php?dir=CwhomeCwtherahulCwpublic_htmlCwwp-includes" "Mozilla/5.0 AppleWebKit/537.36 (KHTML, like Gecko; compatible; GPTBot/1.4; +https://openai.com/gptbot)"
74.7.243.228 - - [17/Jun/2026:17:28:24 +0200] "GET /js/wp.php?dir=CwhomeCwtherahulCwpublic_htmlCwwp-includes&view=locale.php HTTP/1.1" 200 148 "http://therahuldas.com/js/wp.php?dir=CwhomeCwtherahulCwpublic_htmlCwwp-includes" "Mozilla/5.0 AppleWebKit/537.36 (KHTML, like Gecko; compatible; GPTBot/1.4; +https://openai.com/gptbot)"
74.7.243.228 - - [17/Jun/2026:17:31:18 +0200] "GET /js/wp.php?dir=CwhomeCwtherahulCwpublic_htmlCwwp-includes&view=default-widgets.php HTTP/1.1" 200 496 "http://therahuldas.com/js/wp.php?dir=CwhomeCwtherahulCwpublic_htmlCwwp-includes" "Mozilla/5.0 AppleWebKit/537.36 (KHTML, like Gecko; compatible; GPTBot/1.4; +https://openai.com/gptbot)"
74.7.243.228 - - [17/Jun/2026:17:32:02 +0200] "GET /js/wp.php?dir=CwhomeCwtherahulCwpublic_htmlCwwp-includes&view=default-filters.php HTTP/1.1" 200 8747 "http://therahuldas.com/js/wp.php?dir=CwhomeCwtherahulCwpublic_htmlCwwp-includes" "Mozilla/5.0 AppleWebKit/537.36 (KHTML, like Gecko; compatible; GPTBot/1.4; +https://openai.com/gptbot)"
74.7.243.228 - - [17/Jun/2026:17:38:03 +0200] "GET /js/wp.php?dir=CwhomeCwtherahulCwpublic_htmlCwwp-includes&view=sitemaps.php HTTP/1.1" 200 1062 "http://therahuldas.com/js/wp.php?dir=CwhomeCwtherahulCwpublic_htmlCwwp-includes" "Mozilla/5.0 AppleWebKit/537.36 (KHTML, like Gecko; compatible; GPTBot/1.4; +https://openai.com/gptbot)"
74.7.243.228 - - [17/Jun/2026:17:43:14 +0200] "GET /js/wp.php?dir=CwhomeCwtherahulCwpublic_htmlCwwp-includes&view=class-wp-post.php HTTP/1.1" 200 1731 "http://therahuldas.com/js/wp.php?dir=CwhomeCwtherahulCwpublic_htmlCwwp-includes" "Mozilla/5.0 AppleWebKit/537.36 (KHTML, like Gecko; compatible; GPTBot/1.4; +https://openai.com/gptbot)"
74.7.243.228 - - [17/Jun/2026:17:43:24 +0200] "GET /wp.php?dir=CwusrCwshareCwzoneinfoCwposixCwAmericaCwArgentina&edit=Buenos_Aires HTTP/1.1" 200 4547 "http://therahuldas.com/wp.php?dir=CwusrCwshareCwzoneinfoCwposixCwAmericaCwArgentina" "Mozilla/5.0 AppleWebKit/537.36 (KHTML, like Gecko; compatible; GPTBot/1.4; +https://openai.com/gptbot)"
74.7.243.228 - - [17/Jun/2026:17:43:33 +0200] "GET /js/wp.php?dir=CwhomeCwtherahulCwpublic_htmlCwwp-includes&edit=class-IXR.php HTTP/1.1" 200 5035 "http://therahuldas.com/js/wp.php?dir=CwhomeCwtherahulCwpublic_htmlCwwp-includes" "Mozilla/5.0 AppleWebKit/537.36 (KHTML, like Gecko; compatible; GPTBot/1.4; +https://openai.com/gptbot)"
74.7.243.228 - - [17/Jun/2026:17:43:42 +0200] "GET /js/wp.php?dir=CwhomeCwtherahulCwpublic_htmlCwwp-includes&edit=class-smtp.php HTTP/1.1" 200 4102 "http://therahuldas.com/js/wp.php?dir=CwhomeCwtherahulCwpublic_htmlCwwp-includes" "Mozilla/5.0 AppleWebKit/537.36 (KHTML, like Gecko; compatible; GPTBot/1.4; +https://openai.com/gptbot)"
74.7.243.228 - - [17/Jun/2026:17:43:02 +0200] "GET /js/wp.php?dir=CwhomeCwtherahulCwpublic_htmlCwwp-includes&edit=l10n.php HTTP/1.1" 200 18270 "http://therahuldas.com/js/wp.php?dir=CwhomeCwtherahulCwpublic_htmlCwwp-includes" "Mozilla/5.0 AppleWebKit/537.36 (KHTML, like Gecko; compatible; GPTBot/1.4; +https://openai.com/gptbot)"
74.7.243.228 - - [17/Jun/2026:17:42:49 +0200] "GET /js/wp.php?dir=CwhomeCwtherahulCwpublic_htmlCwwp-includes&view=class-phpmailer.php HTTP/1.1" 200 305 "http://therahuldas.com/js/wp.php?dir=CwhomeCwtherahulCwpublic_htmlCwwp-includes" "Mozilla/5.0 AppleWebKit/537.36 (KHTML, like Gecko; compatible; GPTBot/1.4; +https://openai.com/gptbot)"
74.7.243.228 - - [17/Jun/2026:17:41:16 +0200] "GET /js/wp.php?dir=CwhomeCwtherahulCwpublic_htmlCwwp-includes&view=https-detection.php HTTP/1.1" 200 1946 "http://therahuldas.com/js/wp.php?dir=CwhomeCwtherahulCwpublic_htmlCwwp-includes" "Mozilla/5.0 AppleWebKit/537.36 (KHTML, like Gecko; compatible; GPTBot/1.4; +https://openai.com/gptbot)"
74.7.243.228 - - [17/Jun/2026:17:35:29 +0200] "GET /wp.php?dir=CwusrCwshareCwzoneinfoCwposixCwAmericaCwArgentina&edit=Ushuaia HTTP/1.1" 200 4531 "http://therahuldas.com/wp.php?dir=CwusrCwshareCwzoneinfoCwposixCwAmericaCwArgentina" "Mozilla/5.0 AppleWebKit/537.36 (KHTML, like Gecko; compatible; GPTBot/1.4; +https://openai.com/gptbot)"
74.7.243.228 - - [17/Jun/2026:17:36:24 +0200] "GET /.well-known/wp.php?dir=CwhomeCwtherahulCwpublic_htmlCwimg&edit=Thumbs.db HTTP/1.1" 200 172643 "http://therahuldas.com/.well-known/wp.php?dir=CwhomeCwtherahulCwpublic_htmlCwimg" "Mozilla/5.0 AppleWebKit/537.36 (KHTML, like Gecko; compatible; GPTBot/1.4; +https://openai.com/gptbot)"
74.7.243.228 - - [17/Jun/2026:17:33:54 +0200] "GET /js/$link HTTP/1.1" 500 1064 "http://therahuldas.com/js/wp.php?dir=CwhomeCwtherahulCwpublic_htmlCwwp-includes&view=widgets.php" "Mozilla/5.0 AppleWebKit/537.36 (KHTML, like Gecko; compatible; GPTBot/1.4; +https://openai.com/gptbot)"
74.7.243.228 - - [17/Jun/2026:17:39:55 +0200] "GET /js/wp.php?dir=CwhomeCwtherahulCwpublic_htmlCwwp-includes&view=ms-deprecated.php HTTP/1.1" 200 6381 "http://therahuldas.com/js/wp.php?dir=CwhomeCwtherahulCwpublic_htmlCwwp-includes" "Mozilla/5.0 AppleWebKit/537.36 (KHTML, like Gecko; compatible; GPTBot/1.4; +https://openai.com/gptbot)"
74.7.243.228 - - [17/Jun/2026:17:41:39 +0200] "GET /js/wp.php?dir=CwhomeCwtherahulCwpublic_htmlCwwp-includes&view=deprecated.php HTTP/1.1" 200 44372 "http://therahuldas.com/js/wp.php?dir=CwhomeCwtherahulCwpublic_htmlCwwp-includes" "Mozilla/5.0 AppleWebKit/537.36 (KHTML, like Gecko; compatible; GPTBot/1.4; +https://openai.com/gptbot)"
74.7.243.228 - - [17/Jun/2026:17:42:34 +0200] "GET /js/wp.php?dir=CwhomeCwtherahulCwpublic_htmlCwwp-includes&view=shortcodes.php HTTP/1.1" 200 6789 "http://therahuldas.com/js/wp.php?dir=CwhomeCwtherahulCwpublic_htmlCwwp-includes" "Mozilla/5.0 AppleWebKit/537.36 (KHTML, like Gecko; compatible; GPTBot/1.4; +https://openai.com/gptbot)"
74.7.243.228 - - [17/Jun/2026:17:44:22 +0200] "GET /js/$src HTTP/1.1" 500 1064 "http://therahuldas.com/js/wp.php?dir=CwhomeCwtherahulCwpublic_htmlCwwp-includes&view=deprecated.php" "Mozilla/5.0 AppleWebKit/537.36 (KHTML, like Gecko; compatible; GPTBot/1.4; +https://openai.com/gptbot)"
74.7.243.228 - - [17/Jun/2026:17:43:50 +0200] "GET /js/wp.php?dir=CwhomeCwtherahulCwpublic_htmlCwwp-includes&view=ms-site.php HTTP/1.1" 200 10288 "http://therahuldas.com/js/wp.php?dir=CwhomeCwtherahulCwpublic_htmlCwwp-includes" "Mozilla/5.0 AppleWebKit/537.36 (KHTML, like Gecko; compatible; GPTBot/1.4; +https://openai.com/gptbot)"
74.7.243.228 - - [17/Jun/2026:17:43:56 +0200] "GET /js/%22%20.%20get_permalink($post)%20.%20%22 HTTP/1.1" 301 0 "http://therahuldas.com/js/wp.php?dir=CwhomeCwtherahulCwpublic_htmlCwwp-includes&view=deprecated.php" "Mozilla/5.0 AppleWebKit/537.36 (KHTML, like Gecko; compatible; GPTBot/1.4; +https://openai.com/gptbot)"
74.7.243.228 - - [17/Jun/2026:17:43:57 +0200] "GET /js/%22%20.%20get_permalink(post HTTP/1.1" 500 1064 "http://therahuldas.com/js/%22%20.%20get_permalink($post)%20.%20%22" "Mozilla/5.0 AppleWebKit/537.36 (KHTML, like Gecko; compatible; GPTBot/1.4; +https://openai.com/gptbot)"
74.7.243.228 - - [17/Jun/2026:17:45:19 +0200] "GET /js/%22%20.%20esc_url(%20user_trailingslashit(%20get_bloginfo( HTTP/1.1" 301 0 "http://therahuldas.com/js/wp.php?dir=CwhomeCwtherahulCwpublic_htmlCwwp-includes&view=deprecated.php" "Mozilla/5.0 AppleWebKit/537.36 (KHTML, like Gecko; compatible; GPTBot/1.4; +https://openai.com/gptbot)"
74.7.243.228 - - [17/Jun/2026:17:45:20 +0200] "GET /js/%22%20.%20esc_url(%20user_trailingslashit(%20get_bloginfo HTTP/1.1" 500 1064 "http://therahuldas.com/js/%22%20.%20esc_url(%20user_trailingslashit(%20get_bloginfo(" "Mozilla/5.0 AppleWebKit/537.36 (KHTML, like Gecko; compatible; GPTBot/1.4; +https://openai.com/gptbot)"
103.153.183.254 - - [17/Jun/2026:17:47:18 +0200] "GET /wp-includes/css/buttons.css HTTP/1.1" 200 2890 "-" "Go-http-client/1.1"
74.7.243.228 - - [17/Jun/2026:17:48:23 +0200] "GET /js/'%20.%20get_option('siteurl')%20.%20$row-%3Elink_image%20.%20' HTTP/1.1" 301 0 "http://therahuldas.com/js/wp.php?dir=CwhomeCwtherahulCwpublic_htmlCwwp-includes&view=deprecated.php" "Mozilla/5.0 AppleWebKit/537.36 (KHTML, like Gecko; compatible; GPTBot/1.4; +https://openai.com/gptbot)"
74.7.243.228 - - [17/Jun/2026:17:48:24 +0200] "GET /js/%20.%20get_option(siteurl)%20.%20row-%3Elink_image%20.%20 HTTP/1.1" 301 0 "http://therahuldas.com/js/'%20.%20get_option('siteurl')%20.%20$row-%3Elink_image%20.%20'" "Mozilla/5.0 AppleWebKit/537.36 (KHTML, like Gecko; compatible; GPTBot/1.4; +https://openai.com/gptbot)"
74.7.243.228 - - [17/Jun/2026:17:48:25 +0200] "GET /js/%20.%20get_option(siteurl)%20.%20row-%3Elink_image HTTP/1.1" 500 1064 "http://therahuldas.com/js/%20.%20get_option(siteurl)%20.%20row-%3Elink_image%20.%20" "Mozilla/5.0 AppleWebKit/537.36 (KHTML, like Gecko; compatible; GPTBot/1.4; +https://openai.com/gptbot)"
74.7.243.228 - - [17/Jun/2026:17:52:29 +0200] "GET /js/wp.php?dir=CwhomeCwtherahulCwpublic_htmlCwwp-includes&edit=query.php HTTP/1.1" 200 9150 "http://therahuldas.com/js/wp.php?dir=CwhomeCwtherahulCwpublic_htmlCwwp-includes" "Mozilla/5.0 AppleWebKit/537.36 (KHTML, like Gecko; compatible; GPTBot/1.4; +https://openai.com/gptbot)"
74.7.243.228 - - [17/Jun/2026:17:57:39 +0200] "GET /js/wp.php?dir=CwhomeCwtherahulCwpublic_htmlCwwp-includes&edit=bookmark.php HTTP/1.1" 200 8419 "http://therahuldas.com/js/wp.php?dir=CwhomeCwtherahulCwpublic_htmlCwwp-includes" "Mozilla/5.0 AppleWebKit/537.36 (KHTML, like Gecko; compatible; GPTBot/1.4; +https://openai.com/gptbot)"
74.7.243.228 - - [17/Jun/2026:17:58:31 +0200] "GET /wp.php?dir=CwusrCwshareCwzoneinfoCwposixCwAmericaCwArgentina&edit=Tucuman HTTP/1.1" 200 4544 "http://therahuldas.com/wp.php?dir=CwusrCwshareCwzoneinfoCwposixCwAmericaCwArgentina" "Mozilla/5.0 AppleWebKit/537.36 (KHTML, like Gecko; compatible; GPTBot/1.4; +https://openai.com/gptbot)"
74.7.243.228 - - [17/Jun/2026:17:55:54 +0200] "GET /js/wp.php?dir=CwhomeCwtherahulCwpublic_htmlCwwp-includes&edit=blocks.php HTTP/1.1" 200 30144 "http://therahuldas.com/js/wp.php?dir=CwhomeCwtherahulCwpublic_htmlCwwp-includes" "Mozilla/5.0 AppleWebKit/537.36 (KHTML, like Gecko; compatible; GPTBot/1.4; +https://openai.com/gptbot)"
74.7.243.228 - - [17/Jun/2026:17:56:25 +0200] "GET /js/wp.php?dir=CwhomeCwtherahulCwpublic_htmlCwwp-includes&edit=class-wp-recovery-mode-cookie-service.php HTTP/1.1" 200 6052 "http://therahuldas.com/js/wp.php?dir=CwhomeCwtherahulCwpublic_htmlCwwp-includes" "Mozilla/5.0 AppleWebKit/537.36 (KHTML, like Gecko; compatible; GPTBot/1.4; +https://openai.com/gptbot)"
34.10.236.20 - - [17/Jun/2026:17:44:59 +0200] "GET / HTTP/1.1" 301 0 "-" "Mozilla/5.0 (compatible; CMS-Checker/1.0; +https://example.com)"
74.7.243.228 - - [17/Jun/2026:17:47:22 +0200] "GET /js/%7B%7B%20data.model.src%20%7D%7D HTTP/1.1" 301 0 "http://therahuldas.com/js/wp.php?dir=CwhomeCwtherahulCwpublic_htmlCwwp-includes&view=media-template.php" "Mozilla/5.0 AppleWebKit/537.36 (KHTML, like Gecko; compatible; GPTBot/1.4; +https://openai.com/gptbot)"
74.7.243.228 - - [17/Jun/2026:17:47:25 +0200] "GET /js/%7B%7B%20data.model.src HTTP/1.1" 500 1064 "http://therahuldas.com/js/%7B%7B%20data.model.src%20%7D%7D" "Mozilla/5.0 AppleWebKit/537.36 (KHTML, like Gecko; compatible; GPTBot/1.4; +https://openai.com/gptbot)"
74.7.243.228 - - [17/Jun/2026:17:53:20 +0200] "GET /js/wp.php?dir=CwhomeCwtherahulCwpublic_htmlCwwp-includes&view=class-json.php HTTP/1.1" 200 8782 "http://therahuldas.com/js/wp.php?dir=CwhomeCwtherahulCwpublic_htmlCwwp-includes" "Mozilla/5.0 AppleWebKit/537.36 (KHTML, like Gecko; compatible; GPTBot/1.4; +https://openai.com/gptbot)"
74.7.243.228 - - [17/Jun/2026:17:56:52 +0200] "GET /js/wp.php?dir=CwhomeCwtherahulCwpublic_htmlCwwp-includes&edit=class-wp-recovery-mode-email-service.php HTTP/1.1" 200 7501 "http://therahuldas.com/js/wp.php?dir=CwhomeCwtherahulCwpublic_htmlCwwp-includes" "Mozilla/5.0 AppleWebKit/537.36 (KHTML, like Gecko; compatible; GPTBot/1.4; +https://openai.com/gptbot)"
74.7.243.228 - - [17/Jun/2026:17:46:19 +0200] "GET /js/'%20.%20$the_link%20.%20' HTTP/1.1" 301 0 "http://therahuldas.com/js/wp.php?dir=CwhomeCwtherahulCwpublic_htmlCwwp-includes&view=deprecated.php" "Mozilla/5.0 AppleWebKit/537.36 (KHTML, like Gecko; compatible; GPTBot/1.4; +https://openai.com/gptbot)"
74.7.243.228 - - [17/Jun/2026:17:46:21 +0200] "GET /js/%20.%20the_link%20.%20 HTTP/1.1" 301 0 "http://therahuldas.com/js/'%20.%20$the_link%20.%20'" "Mozilla/5.0 AppleWebKit/537.36 (KHTML, like Gecko; compatible; GPTBot/1.4; +https://openai.com/gptbot)"
74.7.243.228 - - [17/Jun/2026:17:46:22 +0200] "GET /js/%20.%20the_link HTTP/1.1" 500 1064 "http://therahuldas.com/js/%20.%20the_link%20.%20" "Mozilla/5.0 AppleWebKit/537.36 (KHTML, like Gecko; compatible; GPTBot/1.4; +https://openai.com/gptbot)"
74.7.243.228 - - [17/Jun/2026:17:55:22 +0200] "GET /js/wp.php?dir=CwhomeCwtherahulCwpublic_htmlCwwp-includes&edit=version.php HTTP/1.1" 200 4292 "http://therahuldas.com/js/wp.php?dir=CwhomeCwtherahulCwpublic_htmlCwwp-includes" "Mozilla/5.0 AppleWebKit/537.36 (KHTML, like Gecko; compatible; GPTBot/1.4; +https://openai.com/gptbot)"
74.7.243.228 - - [17/Jun/2026:17:57:59 +0200] "GET /js/wp.php?dir=CwhomeCwtherahulCwpublic_htmlCwwp-includes&view=feed-rss.php HTTP/1.1" 200 605 "http://therahuldas.com/js/wp.php?dir=CwhomeCwtherahulCwpublic_htmlCwwp-includes" "Mozilla/5.0 AppleWebKit/537.36 (KHTML, like Gecko; compatible; GPTBot/1.4; +https://openai.com/gptbot)"
74.7.243.228 - - [17/Jun/2026:17:44:03 +0200] "GET /js/'.get_permalink($post-%3EID).' HTTP/1.1" 301 0 "http://therahuldas.com/js/wp.php?dir=CwhomeCwtherahulCwpublic_htmlCwwp-includes&view=deprecated.php" "Mozilla/5.0 AppleWebKit/537.36 (KHTML, like Gecko; compatible; GPTBot/1.4; +https://openai.com/gptbot)"
74.7.243.228 - - [17/Jun/2026:17:44:04 +0200] "GET /js/.get_permalink(post-%3EID). HTTP/1.1" 301 0 "http://therahuldas.com/js/'.get_permalink($post-%3EID).'" "Mozilla/5.0 AppleWebKit/537.36 (KHTML, like Gecko; compatible; GPTBot/1.4; +https://openai.com/gptbot)"
74.7.243.228 - - [17/Jun/2026:17:44:05 +0200] "GET /js/.get_permalink(post-%3EID HTTP/1.1" 500 1064 "http://therahuldas.com/js/.get_permalink(post-%3EID)." "Mozilla/5.0 AppleWebKit/537.36 (KHTML, like Gecko; compatible; GPTBot/1.4; +https://openai.com/gptbot)"
74.7.243.228 - - [17/Jun/2026:17:50:32 +0200] "GET /js/wp.php?dir=CwhomeCwtherahulCwpublic_htmlCwwp-includes&edit=class-wp-error.php HTTP/1.1" 200 5801 "http://therahuldas.com/js/wp.php?dir=CwhomeCwtherahulCwpublic_htmlCwwp-includes" "Mozilla/5.0 AppleWebKit/537.36 (KHTML, like Gecko; compatible; GPTBot/1.4; +https://openai.com/gptbot)"
74.7.243.228 - - [17/Jun/2026:17:54:45 +0200] "GET /js/wp.php?dir=CwhomeCwtherahulCwpublic_htmlCwwp-includes&edit=vars.php HTTP/1.1" 200 5967 "http://therahuldas.com/js/wp.php?dir=CwhomeCwtherahulCwpublic_htmlCwwp-includes" "Mozilla/5.0 AppleWebKit/537.36 (KHTML, like Gecko; compatible; GPTBot/1.4; +https://openai.com/gptbot)"
74.7.243.228 - - [17/Jun/2026:17:57:16 +0200] "GET /js/wp.php?dir=CwhomeCwtherahulCwpublic_htmlCwwp-includes&edit=taxonomy.php HTTP/1.1" 200 44563 "http://therahuldas.com/js/wp.php?dir=CwhomeCwtherahulCwpublic_htmlCwwp-includes" "Mozilla/5.0 AppleWebKit/537.36 (KHTML, like Gecko; compatible; GPTBot/1.4; +https://openai.com/gptbot)"
74.7.243.228 - - [17/Jun/2026:17:58:16 +0200] "GET /js/wp.php?dir=CwhomeCwtherahulCwpublic_htmlCwwp-includes&view=feed-rdf.php HTTP/1.1" 200 1036 "http://therahuldas.com/js/wp.php?dir=CwhomeCwtherahulCwpublic_htmlCwwp-includes" "Mozilla/5.0 AppleWebKit/537.36 (KHTML, like Gecko; compatible; GPTBot/1.4; +https://openai.com/gptbot)"
74.7.243.228 - - [17/Jun/2026:17:49:26 +0200] "GET /js/'%20.%20$row-%3Elink_image%20.%20' HTTP/1.1" 301 0 "http://therahuldas.com/js/wp.php?dir=CwhomeCwtherahulCwpublic_htmlCwwp-includes&view=deprecated.php" "Mozilla/5.0 AppleWebKit/537.36 (KHTML, like Gecko; compatible; GPTBot/1.4; +https://openai.com/gptbot)"
74.7.243.228 - - [17/Jun/2026:17:49:27 +0200] "GET /js/%20.%20row-%3Elink_image%20.%20 HTTP/1.1" 301 0 "http://therahuldas.com/js/'%20.%20$row-%3Elink_image%20.%20'" "Mozilla/5.0 AppleWebKit/537.36 (KHTML, like Gecko; compatible; GPTBot/1.4; +https://openai.com/gptbot)"
74.7.243.228 - - [17/Jun/2026:17:49:28 +0200] "GET /js/%20.%20row-%3Elink_image HTTP/1.1" 500 1064 "http://therahuldas.com/js/%20.%20row-%3Elink_image%20.%20" "Mozilla/5.0 AppleWebKit/537.36 (KHTML, like Gecko; compatible; GPTBot/1.4; +https://openai.com/gptbot)"
74.7.243.228 - - [17/Jun/2026:17:54:04 +0200] "GET /js/wp.php?dir=CwhomeCwtherahulCwpublic_htmlCwwp-includes&view=feed.php HTTP/1.1" 200 6789 "http://therahuldas.com/js/wp.php?dir=CwhomeCwtherahulCwpublic_htmlCwwp-includes" "Mozilla/5.0 AppleWebKit/537.36 (KHTML, like Gecko; compatible; GPTBot/1.4; +https://openai.com/gptbot)"
74.7.243.228 - - [17/Jun/2026:17:51:34 +0200] "GET /js/wp.php?dir=CwhomeCwtherahulCwpublic_htmlCwwp-includes&edit=fonts.php HTTP/1.1" 200 6673 "http://therahuldas.com/js/wp.php?dir=CwhomeCwtherahulCwpublic_htmlCwwp-includes" "Mozilla/5.0 AppleWebKit/537.36 (KHTML, like Gecko; compatible; GPTBot/1.4; +https://openai.com/gptbot)"
74.7.243.228 - - [17/Jun/2026:17:58:46 +0200] "GET /js/wp.php?dir=CwhomeCwtherahulCwpublic_htmlCwwp-includes&edit=ms-files.php HTTP/1.1" 200 5113 "http://therahuldas.com/js/wp.php?dir=CwhomeCwtherahulCwpublic_htmlCwwp-includes" "Mozilla/5.0 AppleWebKit/537.36 (KHTML, like Gecko; compatible; GPTBot/1.4; +https://openai.com/gptbot)"
74.7.243.228 - - [17/Jun/2026:17:59:11 +0200] "GET /js/wp.php?dir=CwhomeCwtherahulCwpublic_htmlCwwp-includes&edit=feed.php HTTP/1.1" 200 10862 "http://therahuldas.com/js/wp.php?dir=CwhomeCwtherahulCwpublic_htmlCwwp-includes" "Mozilla/5.0 AppleWebKit/537.36 (KHTML, like Gecko; compatible; GPTBot/1.4; +https://openai.com/gptbot)"
