65.21.228.101 - - [17/Jun/2026:16:21:22 +0200] "GET /wp-content/plugins/modeltheme-framework/inc/demo-importer/demo-data/barlog1.json HTTP/1.1" 200 128 "-" "WordPress/7.0; https://momotimes.therahuldas.com"
65.21.228.101 - - [17/Jun/2026:16:26:12 +0200] "GET /wp-content/plugins/modeltheme-framework/inc/demo-importer/demo-data/barlog1.json HTTP/1.1" 200 128 "-" "WordPress/7.0; https://momotimes.therahuldas.com"
65.21.228.101 - - [17/Jun/2026:16:27:56 +0200] "GET /wp-content/plugins/modeltheme-framework/inc/demo-importer/demo-data/barlog1.json HTTP/1.1" 200 128 "-" "WordPress/7.0; https://momotimes.therahuldas.com"
65.21.228.101 - - [17/Jun/2026:16:28:35 +0200] "GET /wp-content/plugins/modeltheme-framework/inc/demo-importer/demo-data/barlog1.json HTTP/1.1" 200 128 "-" "WordPress/7.0; https://momotimes.therahuldas.com"
65.21.228.101 - - [17/Jun/2026:16:29:22 +0200] "GET /wp-content/plugins/modeltheme-framework/inc/demo-importer/demo-data/barlog1.json HTTP/1.1" 200 128 "-" "WordPress/7.0; https://momotimes.therahuldas.com"
65.21.228.101 - - [17/Jun/2026:16:31:05 +0200] "GET /wp-content/plugins/modeltheme-framework/inc/demo-importer/demo-data/barlog1.json HTTP/1.1" 200 128 "-" "WordPress/7.0; https://momotimes.therahuldas.com"
65.21.228.101 - - [17/Jun/2026:16:33:01 +0200] "GET /wp-content/plugins/modeltheme-framework/inc/demo-importer/demo-data/barlog1.json HTTP/1.1" 200 128 "-" "WordPress/7.0; https://momotimes.therahuldas.com"
23.95.129.26 - - [17/Jun/2026:17:25:24 +0200] "GET /wp-login.php HTTP/2" 200 974 "-" "Mozilla/5.0 (Windows NT 10.0; Win64; x64) AppleWebKit/537.36 (KHTML, like Gecko) Chrome/120.0.0.0 Safari/537.36"
103.68.70.15 - - [17/Jun/2026:17:25:51 +0200] "GET /wp-login.php HTTP/2" 200 974 "-" "Mozilla/5.0 (X11; Linux x86_64) AppleWebKit/537.36 (KHTML, like Gecko) Chrome/133.0.0.0 Safari/537.36"
188.240.191.168 - - [17/Jun/2026:17:25:52 +0200] "GET /wp-login.php HTTP/2" 200 974 "-" "Mozilla/5.0 (Macintosh; Intel Mac OS X 10_15_7) AppleWebKit/605.1.15 (KHTML, like Gecko) Version/18.3 Safari/605.1.15"
103.68.70.15 - - [17/Jun/2026:17:25:52 +0200] "POST /wp-login.php HTTP/2" 200 974 "https://momotimes.therahuldas.com/wp-login.php" "Mozilla/5.0 (X11; Linux x86_64) AppleWebKit/537.36 (KHTML, like Gecko) Chrome/133.0.0.0 Safari/537.36"
188.240.191.168 - - [17/Jun/2026:17:25:53 +0200] "POST /wp-login.php HTTP/2" 200 974 "https://momotimes.therahuldas.com/wp-login.php" "Mozilla/5.0 (Macintosh; Intel Mac OS X 10_15_7) AppleWebKit/605.1.15 (KHTML, like Gecko) Version/18.3 Safari/605.1.15"
65.21.228.101 - - [17/Jun/2026:17:27:15 +0200] "GET /wp-content/plugins/modeltheme-framework/inc/demo-importer/demo-data/barlog1.json HTTP/1.1" 200 128 "-" "WordPress/7.0; https://momotimes.therahuldas.com"
65.21.228.101 - - [17/Jun/2026:17:29:27 +0200] "GET /wp-content/plugins/modeltheme-framework/inc/demo-importer/demo-data/barlog1.json HTTP/1.1" 200 128 "-" "WordPress/7.0; https://momotimes.therahuldas.com"
65.21.228.101 - - [17/Jun/2026:17:31:43 +0200] "GET /wp-content/plugins/modeltheme-framework/inc/demo-importer/demo-data/barlog1.json HTTP/1.1" 200 128 "-" "WordPress/7.0; https://momotimes.therahuldas.com"
65.21.228.101 - - [17/Jun/2026:17:31:44 +0200] "GET /wp-content/plugins/modeltheme-framework/inc/demo-importer/demo-data/barlog1.json HTTP/1.1" 200 128 "-" "WordPress/7.0; https://momotimes.therahuldas.com"
65.21.228.101 - - [17/Jun/2026:17:35:28 +0200] "GET /wp-content/plugins/modeltheme-framework/inc/demo-importer/demo-data/barlog1.json HTTP/1.1" 200 128 "-" "WordPress/7.0; https://momotimes.therahuldas.com"
209.74.74.26 - - [17/Jun/2026:17:43:04 +0200] "GET /wp-login.php HTTP/2" 200 974 "-" "Mozilla/5.0 (Windows NT 10.0; Win64; x64) AppleWebKit/537.36 (KHTML, like Gecko) Chrome/120.0.0.0 Safari/537.36"
65.21.228.101 - - [17/Jun/2026:17:29:59 +0200] "GET /wp-content/plugins/modeltheme-framework/inc/demo-importer/demo-data/barlog1.json HTTP/1.1" 200 128 "-" "WordPress/7.0; https://momotimes.therahuldas.com"
65.21.228.101 - - [17/Jun/2026:17:35:19 +0200] "GET /wp-content/plugins/modeltheme-framework/inc/demo-importer/demo-data/barlog1.json HTTP/1.1" 200 128 "-" "WordPress/7.0; https://momotimes.therahuldas.com"
65.21.228.101 - - [17/Jun/2026:17:46:48 +0200] "GET /wp-content/plugins/modeltheme-framework/inc/demo-importer/demo-data/barlog1.json HTTP/1.1" 200 128 "-" "WordPress/7.0; https://momotimes.therahuldas.com"
65.21.228.101 - - [17/Jun/2026:17:49:58 +0200] "GET /wp-content/plugins/modeltheme-framework/inc/demo-importer/demo-data/barlog1.json HTTP/1.1" 200 128 "-" "WordPress/7.0; https://momotimes.therahuldas.com"
65.21.228.101 - - [17/Jun/2026:17:50:24 +0200] "GET /wp-content/plugins/modeltheme-framework/inc/demo-importer/demo-data/barlog1.json HTTP/1.1" 200 128 "-" "WordPress/7.0; https://momotimes.therahuldas.com"
65.21.228.101 - - [17/Jun/2026:17:53:07 +0200] "GET /wp-content/plugins/modeltheme-framework/inc/demo-importer/demo-data/barlog1.json HTTP/1.1" 200 128 "-" "WordPress/7.0; https://momotimes.therahuldas.com"
65.21.228.101 - - [17/Jun/2026:17:47:20 +0200] "GET /wp-content/plugins/modeltheme-framework/inc/demo-importer/demo-data/barlog1.json HTTP/1.1" 200 128 "-" "WordPress/7.0; https://momotimes.therahuldas.com"
103.143.207.18 - - [17/Jun/2026:17:44:03 +0200] "GET /wp-login.php HTTP/2" 200 974 "-" "Mozilla/5.0 (Windows NT 10.0; Win64; x64; rv:133.0) Gecko/20100101 Firefox/133.0"
103.143.207.18 - - [17/Jun/2026:17:44:11 +0200] "POST /wp-login.php HTTP/2" 200 974 "https://momotimes.therahuldas.com/wp-login.php" "Mozilla/5.0 (Windows NT 10.0; Win64; x64; rv:133.0) Gecko/20100101 Firefox/133.0"
65.21.228.101 - - [17/Jun/2026:17:45:47 +0200] "GET /wp-content/plugins/modeltheme-framework/inc/demo-importer/demo-data/barlog1.json HTTP/1.1" 200 128 "-" "WordPress/7.0; https://momotimes.therahuldas.com"
65.21.228.101 - - [17/Jun/2026:17:50:25 +0200] "GET /wp-content/plugins/modeltheme-framework/inc/demo-importer/demo-data/barlog1.json HTTP/1.1" 200 128 "-" "WordPress/7.0; https://momotimes.therahuldas.com"
113.190.40.93 - - [17/Jun/2026:17:44:03 +0200] "GET /wp-login.php HTTP/2" 200 974 "-" "Mozilla/5.0 (Windows NT 10.0; WOW64) AppleWebKit/537.36 (KHTML, like Gecko) Chrome/133.0.0.0 Safari/537.36"
113.190.40.93 - - [17/Jun/2026:17:44:11 +0200] "POST /wp-login.php HTTP/2" 200 974 "https://momotimes.therahuldas.com/wp-login.php" "Mozilla/5.0 (Windows NT 10.0; WOW64) AppleWebKit/537.36 (KHTML, like Gecko) Chrome/133.0.0.0 Safari/537.36"
65.21.228.101 - - [17/Jun/2026:17:45:50 +0200] "GET /wp-content/plugins/modeltheme-framework/inc/demo-importer/demo-data/barlog1.json HTTP/1.1" 200 128 "-" "WordPress/7.0; https://momotimes.therahuldas.com"
65.21.228.101 - - [17/Jun/2026:17:46:47 +0200] "GET /wp-content/plugins/modeltheme-framework/inc/demo-importer/demo-data/barlog1.json HTTP/1.1" 200 128 "-" "WordPress/7.0; https://momotimes.therahuldas.com"
65.21.228.101 - - [17/Jun/2026:17:46:48 +0200] "GET /wp-content/plugins/modeltheme-framework/inc/demo-importer/demo-data/barlog1.json HTTP/1.1" 200 128 "-" "WordPress/7.0; https://momotimes.therahuldas.com"
65.21.228.101 - - [17/Jun/2026:17:47:20 +0200] "GET /wp-content/plugins/modeltheme-framework/inc/demo-importer/demo-data/barlog1.json HTTP/1.1" 200 128 "-" "WordPress/7.0; https://momotimes.therahuldas.com"
65.21.228.101 - - [17/Jun/2026:17:50:23 +0200] "GET /wp-content/plugins/modeltheme-framework/inc/demo-importer/demo-data/barlog1.json HTTP/1.1" 200 128 "-" "WordPress/7.0; https://momotimes.therahuldas.com"
65.21.228.101 - - [17/Jun/2026:17:50:23 +0200] "GET /wp-content/plugins/modeltheme-framework/inc/demo-importer/demo-data/barlog1.json HTTP/1.1" 200 128 "-" "WordPress/7.0; https://momotimes.therahuldas.com"
65.21.228.101 - - [17/Jun/2026:17:52:49 +0200] "GET /wp-content/plugins/modeltheme-framework/inc/demo-importer/demo-data/barlog1.json HTTP/1.1" 200 128 "-" "WordPress/7.0; https://momotimes.therahuldas.com"
65.21.228.101 - - [17/Jun/2026:17:57:00 +0200] "GET /wp-content/plugins/modeltheme-framework/inc/demo-importer/demo-data/barlog1.json HTTP/1.1" 200 128 "-" "WordPress/7.0; https://momotimes.therahuldas.com"
65.21.228.101 - - [17/Jun/2026:17:45:48 +0200] "GET /wp-content/plugins/modeltheme-framework/inc/demo-importer/demo-data/barlog1.json HTTP/1.1" 200 128 "-" "WordPress/7.0; https://momotimes.therahuldas.com"
65.21.228.101 - - [17/Jun/2026:17:46:37 +0200] "GET /wp-content/plugins/modeltheme-framework/inc/demo-importer/demo-data/barlog1.json HTTP/1.1" 200 128 "-" "WordPress/7.0; https://momotimes.therahuldas.com"
65.21.228.101 - - [17/Jun/2026:17:47:27 +0200] "GET /wp-content/plugins/modeltheme-framework/inc/demo-importer/demo-data/barlog1.json HTTP/1.1" 200 128 "-" "WordPress/7.0; https://momotimes.therahuldas.com"
65.21.228.101 - - [17/Jun/2026:17:45:47 +0200] "GET /wp-content/plugins/modeltheme-framework/inc/demo-importer/demo-data/barlog1.json HTTP/1.1" 200 128 "-" "WordPress/7.0; https://momotimes.therahuldas.com"
65.21.228.101 - - [17/Jun/2026:17:46:37 +0200] "GET /wp-content/plugins/modeltheme-framework/inc/demo-importer/demo-data/barlog1.json HTTP/1.1" 200 128 "-" "WordPress/7.0; https://momotimes.therahuldas.com"
65.21.228.101 - - [17/Jun/2026:17:46:47 +0200] "GET /wp-content/plugins/modeltheme-framework/inc/demo-importer/demo-data/barlog1.json HTTP/1.1" 200 128 "-" "WordPress/7.0; https://momotimes.therahuldas.com"
173.236.215.92 - - [17/Jun/2026:17:53:40 +0200] "GET /wp-login.php HTTP/2" 200 974 "-" "Mozilla/5.0 (Windows NT 10.0; Win64; x64) AppleWebKit/537.36 (KHTML, like Gecko) Chrome/120.0.0.0 Safari/537.36"
68.183.22.192 - - [17/Jun/2026:18:01:42 +0200] "GET /wp-login.php HTTP/2" 200 974 "-" "Mozilla/5.0 (X11; Ubuntu; Linux x86_64) AppleWebKit/537.36 (KHTML, like Gecko) Chrome/133.0.0.0 Safari/537.36"
68.183.22.192 - - [17/Jun/2026:18:01:42 +0200] "POST /wp-login.php HTTP/2" 200 974 "https://momotimes.therahuldas.com/wp-login.php" "Mozilla/5.0 (X11; Ubuntu; Linux x86_64) AppleWebKit/537.36 (KHTML, like Gecko) Chrome/133.0.0.0 Safari/537.36"
209.50.177.175 - - [17/Jun/2026:18:02:13 +0200] "GET / HTTP/1.1" 200 17966 "https://www.momotimes.therahuldas.com" "Goosee-Audit/1.0 (+internal-security-audit)"
65.21.228.101 - - [17/Jun/2026:18:02:17 +0200] "GET /wp-content/plugins/modeltheme-framework/inc/demo-importer/demo-data/barlog1.json HTTP/1.1" 200 128 "-" "WordPress/7.0; https://momotimes.therahuldas.com"
65.21.228.101 - - [17/Jun/2026:18:02:17 +0200] "GET /wp-content/plugins/modeltheme-framework/inc/demo-importer/demo-data/barlog1.json HTTP/1.1" 200 128 "-" "WordPress/7.0; https://momotimes.therahuldas.com"
65.21.228.101 - - [17/Jun/2026:18:02:22 +0200] "GET /wp-content/plugins/modeltheme-framework/inc/demo-importer/demo-data/barlog1.json HTTP/1.1" 200 128 "-" "WordPress/7.0; https://momotimes.therahuldas.com"
65.21.228.101 - - [17/Jun/2026:18:02:23 +0200] "GET /wp-content/plugins/modeltheme-framework/inc/demo-importer/demo-data/barlog1.json HTTP/1.1" 200 128 "-" "WordPress/7.0; https://momotimes.therahuldas.com"
65.21.228.101 - - [17/Jun/2026:18:02:23 +0200] "GET /wp-content/plugins/modeltheme-framework/inc/demo-importer/demo-data/barlog1.json HTTP/1.1" 200 128 "-" "WordPress/7.0; https://momotimes.therahuldas.com"
216.26.254.245 - - [17/Jun/2026:18:02:20 +0200] "HEAD /wp-content/plugins/elementskit-lite/readme.txt HTTP/1.1" 301 0 "-" "Mozilla/5.0 (X11; Ubuntu; Linux x86_64; rv:133.0) Gecko/20100101 Firefox/133.0"
216.26.254.245 - - [17/Jun/2026:18:02:20 +0200] "HEAD /wp-content/plugins/wp-user-avatar/readme.txt HTTP/1.1" 301 0 "-" "Mozilla/5.0 (X11; Ubuntu; Linux x86_64; rv:133.0) Gecko/20100101 Firefox/133.0"
216.26.254.245 - - [17/Jun/2026:18:02:20 +0200] "HEAD /wp-content/plugins/wpml-string-translation/readme.txt HTTP/1.1" 301 0 "-" "Mozilla/5.0 (X11; Ubuntu; Linux x86_64; rv:133.0) Gecko/20100101 Firefox/133.0"
65.21.228.101 - - [17/Jun/2026:18:02:26 +0200] "GET /wp-content/plugins/modeltheme-framework/inc/demo-importer/demo-data/barlog1.json HTTP/1.1" 200 128 "-" "WordPress/7.0; https://momotimes.therahuldas.com"
65.21.228.101 - - [17/Jun/2026:18:02:26 +0200] "GET /wp-content/plugins/modeltheme-framework/inc/demo-importer/demo-data/barlog1.json HTTP/1.1" 200 128 "-" "WordPress/7.0; https://momotimes.therahuldas.com"
216.26.254.245 - - [17/Jun/2026:18:02:23 +0200] "HEAD /wp-content/plugins/really-simple-ssl/readme.txt HTTP/1.1" 404 0 "https://www.momotimes.therahuldas.com/wp-content/plugins/really-simple-ssl/readme.txt" "Mozilla/5.0 (X11; Ubuntu; Linux x86_64; rv:133.0) Gecko/20100101 Firefox/133.0"
65.21.228.101 - - [17/Jun/2026:18:02:26 +0200] "GET /wp-content/plugins/modeltheme-framework/inc/demo-importer/demo-data/barlog1.json HTTP/1.1" 200 128 "-" "WordPress/7.0; https://momotimes.therahuldas.com"
65.21.228.101 - - [17/Jun/2026:18:02:26 +0200] "GET /wp-content/plugins/modeltheme-framework/inc/demo-importer/demo-data/barlog1.json HTTP/1.1" 200 128 "-" "WordPress/7.0; https://momotimes.therahuldas.com"
65.21.228.101 - - [17/Jun/2026:18:02:26 +0200] "GET /wp-content/plugins/modeltheme-framework/inc/demo-importer/demo-data/barlog1.json HTTP/1.1" 200 128 "-" "WordPress/7.0; https://momotimes.therahuldas.com"
216.26.254.245 - - [17/Jun/2026:18:02:23 +0200] "HEAD /wp-content/plugins/give/readme.txt HTTP/1.1" 404 0 "https://www.momotimes.therahuldas.com/wp-content/plugins/give/readme.txt" "Mozilla/5.0 (X11; Ubuntu; Linux x86_64; rv:133.0) Gecko/20100101 Firefox/133.0"
209.50.177.175 - - [17/Jun/2026:18:02:11 +0200] "GET / HTTP/1.1" 301 0 "-" "Goosee-Audit/1.0 (+internal-security-audit)"
65.21.228.101 - - [17/Jun/2026:18:02:15 +0200] "GET /wp-content/plugins/modeltheme-framework/inc/demo-importer/demo-data/barlog1.json HTTP/1.1" 200 128 "-" "WordPress/7.0; https://momotimes.therahuldas.com"
65.21.228.101 - - [17/Jun/2026:18:02:18 +0200] "GET /wp-content/plugins/modeltheme-framework/inc/demo-importer/demo-data/barlog1.json HTTP/1.1" 200 128 "-" "WordPress/7.0; https://momotimes.therahuldas.com"
65.21.228.101 - - [17/Jun/2026:18:02:19 +0200] "GET /wp-content/plugins/modeltheme-framework/inc/demo-importer/demo-data/barlog1.json HTTP/1.1" 200 128 "-" "WordPress/7.0; https://momotimes.therahuldas.com"
65.111.10.223 - - [17/Jun/2026:18:02:19 +0200] "GET /graphql HTTP/1.1" 404 15417 "https://www.momotimes.therahuldas.com/graphql" "Mozilla/5.0 (X11; Ubuntu; Linux x86_64; rv:133.0) Gecko/20100101 Firefox/133.0"
65.21.228.101 - - [17/Jun/2026:18:02:22 +0200] "GET /wp-content/plugins/modeltheme-framework/inc/demo-importer/demo-data/barlog1.json HTTP/1.1" 200 128 "-" "WordPress/7.0; https://momotimes.therahuldas.com"
216.26.254.245 - - [17/Jun/2026:18:02:20 +0200] "HEAD /wp-content/plugins/give/readme.txt HTTP/1.1" 301 0 "-" "Mozilla/5.0 (X11; Ubuntu; Linux x86_64; rv:133.0) Gecko/20100101 Firefox/133.0"
216.26.254.245 - - [17/Jun/2026:18:02:20 +0200] "HEAD /wp-content/plugins/learnpress/readme.txt HTTP/1.1" 301 0 "-" "Mozilla/5.0 (X11; Ubuntu; Linux x86_64; rv:133.0) Gecko/20100101 Firefox/133.0"
216.26.254.245 - - [17/Jun/2026:18:02:20 +0200] "HEAD /wp-content/plugins/sitepress-multilingual-cms/readme.txt HTTP/1.1" 301 0 "-" "Mozilla/5.0 (X11; Ubuntu; Linux x86_64; rv:133.0) Gecko/20100101 Firefox/133.0"
65.21.228.101 - - [17/Jun/2026:18:02:26 +0200] "GET /wp-content/plugins/modeltheme-framework/inc/demo-importer/demo-data/barlog1.json HTTP/1.1" 200 128 "-" "WordPress/7.0; https://momotimes.therahuldas.com"
65.21.228.101 - - [17/Jun/2026:18:02:26 +0200] "GET /wp-content/plugins/modeltheme-framework/inc/demo-importer/demo-data/barlog1.json HTTP/1.1" 200 128 "-" "WordPress/7.0; https://momotimes.therahuldas.com"
65.21.228.101 - - [17/Jun/2026:18:02:26 +0200] "GET /wp-content/plugins/modeltheme-framework/inc/demo-importer/demo-data/barlog1.json HTTP/1.1" 200 128 "-" "WordPress/7.0; https://momotimes.therahuldas.com"
65.21.228.101 - - [17/Jun/2026:18:02:26 +0200] "GET /wp-content/plugins/modeltheme-framework/inc/demo-importer/demo-data/barlog1.json HTTP/1.1" 200 128 "-" "WordPress/7.0; https://momotimes.therahuldas.com"
216.26.254.245 - - [17/Jun/2026:18:02:23 +0200] "HEAD /wp-content/plugins/learnpress/readme.txt HTTP/1.1" 404 0 "https://www.momotimes.therahuldas.com/wp-content/plugins/learnpress/readme.txt" "Mozilla/5.0 (X11; Ubuntu; Linux x86_64; rv:133.0) Gecko/20100101 Firefox/133.0"
216.26.254.245 - - [17/Jun/2026:18:02:24 +0200] "HEAD /wp-content/plugins/layerslider/readme.txt HTTP/1.1" 404 0 "https://www.momotimes.therahuldas.com/wp-content/plugins/layerslider/readme.txt" "Mozilla/5.0 (X11; Ubuntu; Linux x86_64; rv:133.0) Gecko/20100101 Firefox/133.0"
216.26.254.245 - - [17/Jun/2026:18:02:23 +0200] "HEAD /wp-content/plugins/really-simple-ssl-pro/readme.txt HTTP/1.1" 404 0 "https://www.momotimes.therahuldas.com/wp-content/plugins/really-simple-ssl-pro/readme.txt" "Mozilla/5.0 (X11; Ubuntu; Linux x86_64; rv:133.0) Gecko/20100101 Firefox/133.0"
65.21.228.101 - - [17/Jun/2026:18:02:27 +0200] "GET /wp-content/plugins/modeltheme-framework/inc/demo-importer/demo-data/barlog1.json HTTP/1.1" 200 128 "-" "WordPress/7.0; https://momotimes.therahuldas.com"
216.26.254.245 - - [17/Jun/2026:18:02:23 +0200] "HEAD /wp-content/plugins/buddyboss-platform/readme.txt HTTP/1.1" 404 0 "https://www.momotimes.therahuldas.com/wp-content/plugins/buddyboss-platform/readme.txt" "Mozilla/5.0 (X11; Ubuntu; Linux x86_64; rv:133.0) Gecko/20100101 Firefox/133.0"
216.26.249.98 - - [17/Jun/2026:18:02:13 +0200] "GET /wp-json/ HTTP/1.1" 200 20834 "-" "Goosee-Audit/1.0 (+internal-security-audit)"
216.26.253.154 - - [17/Jun/2026:18:02:17 +0200] "GET /wp-content/plugins/ HTTP/1.1" 200 0 "-" "Mozilla/5.0 (Windows NT 10.0; Win64; x64) AppleWebKit/537.36 (KHTML, like Gecko) Chrome/130.0.0.0 Safari/537.36 Edg/130.0.0.0"
104.207.43.185 - - [17/Jun/2026:18:02:17 +0200] "GET /wp-json/ HTTP/1.1" 200 20828 "-" "Mozilla/5.0 (Windows NT 10.0; Win64; x64) AppleWebKit/537.36 (KHTML, like Gecko) Chrome/131.0.0.0 Safari/537.36"
65.21.228.101 - - [17/Jun/2026:18:02:19 +0200] "GET /wp-content/plugins/modeltheme-framework/inc/demo-importer/demo-data/barlog1.json HTTP/1.1" 200 128 "-" "WordPress/7.0; https://momotimes.therahuldas.com"
65.21.228.101 - - [17/Jun/2026:18:02:22 +0200] "GET /wp-content/plugins/modeltheme-framework/inc/demo-importer/demo-data/barlog1.json HTTP/1.1" 200 128 "-" "WordPress/7.0; https://momotimes.therahuldas.com"
65.21.228.101 - - [17/Jun/2026:18:02:22 +0200] "GET /wp-content/plugins/modeltheme-framework/inc/demo-importer/demo-data/barlog1.json HTTP/1.1" 200 128 "-" "WordPress/7.0; https://momotimes.therahuldas.com"
65.21.228.101 - - [17/Jun/2026:18:02:22 +0200] "GET /wp-content/plugins/modeltheme-framework/inc/demo-importer/demo-data/barlog1.json HTTP/1.1" 200 128 "-" "WordPress/7.0; https://momotimes.therahuldas.com"
216.26.254.245 - - [17/Jun/2026:18:02:20 +0200] "HEAD /wp-content/plugins/metform/readme.txt HTTP/1.1" 301 0 "-" "Mozilla/5.0 (X11; Ubuntu; Linux x86_64; rv:133.0) Gecko/20100101 Firefox/133.0"
216.26.254.245 - - [17/Jun/2026:18:02:20 +0200] "HEAD /wp-content/plugins/suretriggers/readme.txt HTTP/1.1" 301 0 "-" "Mozilla/5.0 (X11; Ubuntu; Linux x86_64; rv:133.0) Gecko/20100101 Firefox/133.0"
216.26.254.245 - - [17/Jun/2026:18:02:20 +0200] "HEAD /wp-content/plugins/buddyboss-platform/readme.txt HTTP/1.1" 301 0 "-" "Mozilla/5.0 (X11; Ubuntu; Linux x86_64; rv:133.0) Gecko/20100101 Firefox/133.0"
216.26.254.245 - - [17/Jun/2026:18:02:20 +0200] "HEAD /wp-content/plugins/paid-memberships-pro/readme.txt HTTP/1.1" 301 0 "-" "Mozilla/5.0 (X11; Ubuntu; Linux x86_64; rv:133.0) Gecko/20100101 Firefox/133.0"
65.21.228.101 - - [17/Jun/2026:18:02:23 +0200] "GET /wp-content/plugins/modeltheme-framework/inc/demo-importer/demo-data/barlog1.json HTTP/1.1" 200 128 "-" "WordPress/7.0; https://momotimes.therahuldas.com"
65.21.228.101 - - [17/Jun/2026:18:02:26 +0200] "GET /wp-content/plugins/modeltheme-framework/inc/demo-importer/demo-data/barlog1.json HTTP/1.1" 200 128 "-" "WordPress/7.0; https://momotimes.therahuldas.com"
65.21.228.101 - - [17/Jun/2026:18:02:26 +0200] "GET /wp-content/plugins/modeltheme-framework/inc/demo-importer/demo-data/barlog1.json HTTP/1.1" 200 128 "-" "WordPress/7.0; https://momotimes.therahuldas.com"
65.21.228.101 - - [17/Jun/2026:18:02:26 +0200] "GET /wp-content/plugins/modeltheme-framework/inc/demo-importer/demo-data/barlog1.json HTTP/1.1" 200 128 "-" "WordPress/7.0; https://momotimes.therahuldas.com"
216.26.254.245 - - [17/Jun/2026:18:02:23 +0200] "HEAD /wp-content/plugins/download-manager/readme.txt HTTP/1.1" 404 0 "https://www.momotimes.therahuldas.com/wp-content/plugins/download-manager/readme.txt" "Mozilla/5.0 (X11; Ubuntu; Linux x86_64; rv:133.0) Gecko/20100101 Firefox/133.0"
65.21.228.101 - - [17/Jun/2026:18:02:27 +0200] "GET /wp-content/plugins/modeltheme-framework/inc/demo-importer/demo-data/barlog1.json HTTP/1.1" 200 128 "-" "WordPress/7.0; https://momotimes.therahuldas.com"
216.26.254.245 - - [17/Jun/2026:18:02:26 +0200] "HEAD /wp-content/plugins/wp-automatic/readme.txt HTTP/1.1" 301 0 "-" "Mozilla/5.0 (X11; Ubuntu; Linux x86_64; rv:133.0) Gecko/20100101 Firefox/133.0"
216.26.254.245 - - [17/Jun/2026:18:02:27 +0200] "HEAD /wp-content/plugins/woocommerce-payments/readme.txt HTTP/1.1" 404 0 "https://www.momotimes.therahuldas.com/wp-content/plugins/woocommerce-payments/readme.txt" "Mozilla/5.0 (X11; Ubuntu; Linux x86_64; rv:133.0) Gecko/20100101 Firefox/133.0"
216.26.254.245 - - [17/Jun/2026:18:02:23 +0200] "HEAD /wp-content/plugins/sitepress-multilingual-cms/readme.txt HTTP/1.1" 404 0 "https://www.momotimes.therahuldas.com/wp-content/plugins/sitepress-multilingual-cms/readme.txt" "Mozilla/5.0 (X11; Ubuntu; Linux x86_64; rv:133.0) Gecko/20100101 Firefox/133.0"
216.26.254.245 - - [17/Jun/2026:18:02:23 +0200] "HEAD /wp-content/plugins/metform/readme.txt HTTP/1.1" 404 0 "https://www.momotimes.therahuldas.com/wp-content/plugins/metform/readme.txt" "Mozilla/5.0 (X11; Ubuntu; Linux x86_64; rv:133.0) Gecko/20100101 Firefox/133.0"
216.26.254.245 - - [17/Jun/2026:18:02:26 +0200] "HEAD /wp-content/plugins/notificationx/readme.txt HTTP/1.1" 404 0 "https://www.momotimes.therahuldas.com/wp-content/plugins/notificationx/readme.txt" "Mozilla/5.0 (X11; Ubuntu; Linux x86_64; rv:133.0) Gecko/20100101 Firefox/133.0"
65.21.228.101 - - [17/Jun/2026:18:02:27 +0200] "GET /wp-content/plugins/modeltheme-framework/inc/demo-importer/demo-data/barlog1.json HTTP/1.1" 200 128 "-" "WordPress/7.0; https://momotimes.therahuldas.com"
104.207.59.6 - - [17/Jun/2026:18:02:15 +0200] "GET / HTTP/1.1" 301 0 "-" "Mozilla/5.0 (Macintosh; Intel Mac OS X 10_15_7) AppleWebKit/537.36 (KHTML, like Gecko) Chrome/131.0.0.0 Safari/537.36"
104.207.59.6 - - [17/Jun/2026:18:02:16 +0200] "GET / HTTP/1.1" 200 17966 "https://www.momotimes.therahuldas.com/" "Mozilla/5.0 (Macintosh; Intel Mac OS X 10_15_7) AppleWebKit/537.36 (KHTML, like Gecko) Chrome/131.0.0.0 Safari/537.36"
65.111.10.223 - - [17/Jun/2026:18:02:18 +0200] "GET /graphql HTTP/1.1" 301 0 "-" "Mozilla/5.0 (X11; Ubuntu; Linux x86_64; rv:133.0) Gecko/20100101 Firefox/133.0"
65.21.228.101 - - [17/Jun/2026:18:02:19 +0200] "GET /wp-content/plugins/modeltheme-framework/inc/demo-importer/demo-data/barlog1.json HTTP/1.1" 200 128 "-" "WordPress/7.0; https://momotimes.therahuldas.com"
65.21.228.101 - - [17/Jun/2026:18:02:23 +0200] "GET /wp-content/plugins/modeltheme-framework/inc/demo-importer/demo-data/barlog1.json HTTP/1.1" 200 128 "-" "WordPress/7.0; https://momotimes.therahuldas.com"
65.21.228.101 - - [17/Jun/2026:18:02:23 +0200] "GET /wp-content/plugins/modeltheme-framework/inc/demo-importer/demo-data/barlog1.json HTTP/1.1" 200 128 "-" "WordPress/7.0; https://momotimes.therahuldas.com"
65.21.228.101 - - [17/Jun/2026:18:02:23 +0200] "GET /wp-content/plugins/modeltheme-framework/inc/demo-importer/demo-data/barlog1.json HTTP/1.1" 200 128 "-" "WordPress/7.0; https://momotimes.therahuldas.com"
65.21.228.101 - - [17/Jun/2026:18:02:23 +0200] "GET /wp-content/plugins/modeltheme-framework/inc/demo-importer/demo-data/barlog1.json HTTP/1.1" 200 128 "-" "WordPress/7.0; https://momotimes.therahuldas.com"
65.21.228.101 - - [17/Jun/2026:18:02:23 +0200] "GET /wp-content/plugins/modeltheme-framework/inc/demo-importer/demo-data/barlog1.json HTTP/1.1" 200 128 "-" "WordPress/7.0; https://momotimes.therahuldas.com"
216.26.254.245 - - [17/Jun/2026:18:02:20 +0200] "HEAD /wp-content/plugins/ultimate-member/readme.txt HTTP/1.1" 301 0 "-" "Mozilla/5.0 (X11; Ubuntu; Linux x86_64; rv:133.0) Gecko/20100101 Firefox/133.0"
216.26.254.245 - - [17/Jun/2026:18:02:23 +0200] "HEAD /wp-content/plugins/gravityforms/readme.txt HTTP/1.1" 404 0 "https://www.momotimes.therahuldas.com/wp-content/plugins/gravityforms/readme.txt" "Mozilla/5.0 (X11; Ubuntu; Linux x86_64; rv:133.0) Gecko/20100101 Firefox/133.0"
65.21.228.101 - - [17/Jun/2026:18:02:26 +0200] "GET /wp-content/plugins/modeltheme-framework/inc/demo-importer/demo-data/barlog1.json HTTP/1.1" 200 128 "-" "WordPress/7.0; https://momotimes.therahuldas.com"
216.26.254.245 - - [17/Jun/2026:18:02:23 +0200] "HEAD /wp-content/plugins/wp-user-avatar/readme.txt HTTP/1.1" 404 0 "https://www.momotimes.therahuldas.com/wp-content/plugins/wp-user-avatar/readme.txt" "Mozilla/5.0 (X11; Ubuntu; Linux x86_64; rv:133.0) Gecko/20100101 Firefox/133.0"
216.26.254.245 - - [17/Jun/2026:18:02:24 +0200] "HEAD /wp-content/plugins/ultimate-member/readme.txt HTTP/1.1" 404 0 "https://www.momotimes.therahuldas.com/wp-content/plugins/ultimate-member/readme.txt" "Mozilla/5.0 (X11; Ubuntu; Linux x86_64; rv:133.0) Gecko/20100101 Firefox/133.0"
216.26.254.245 - - [17/Jun/2026:18:02:24 +0200] "HEAD /wp-content/plugins/wpml-string-translation/readme.txt HTTP/1.1" 404 0 "https://www.momotimes.therahuldas.com/wp-content/plugins/wpml-string-translation/readme.txt" "Mozilla/5.0 (X11; Ubuntu; Linux x86_64; rv:133.0) Gecko/20100101 Firefox/133.0"
216.26.254.245 - - [17/Jun/2026:18:02:28 +0200] "HEAD /wp-content/plugins/wp-automatic/readme.txt HTTP/1.1" 404 0 "https://www.momotimes.therahuldas.com/wp-content/plugins/wp-automatic/readme.txt" "Mozilla/5.0 (X11; Ubuntu; Linux x86_64; rv:133.0) Gecko/20100101 Firefox/133.0"
65.21.228.101 - - [17/Jun/2026:18:02:13 +0200] "GET /wp-content/plugins/modeltheme-framework/inc/demo-importer/demo-data/barlog1.json HTTP/1.1" 200 128 "-" "WordPress/7.0; https://momotimes.therahuldas.com"
65.21.228.101 - - [17/Jun/2026:18:02:14 +0200] "GET /wp-content/plugins/modeltheme-framework/inc/demo-importer/demo-data/barlog1.json HTTP/1.1" 200 128 "-" "WordPress/7.0; https://momotimes.therahuldas.com"
65.21.228.101 - - [17/Jun/2026:18:02:17 +0200] "GET /wp-content/plugins/modeltheme-framework/inc/demo-importer/demo-data/barlog1.json HTTP/1.1" 200 128 "-" "WordPress/7.0; https://momotimes.therahuldas.com"
104.207.53.175 - - [17/Jun/2026:18:02:17 +0200] "GET /wp-content/mu-plugins/ HTTP/1.1" 404 15416 "https://www.momotimes.therahuldas.com/wp-content/mu-plugins/" "Mozilla/5.0 (Windows NT 10.0; Win64; x64) AppleWebKit/537.36 (KHTML, like Gecko) Chrome/129.0.0.0 Safari/537.36"
45.3.37.231 - - [17/Jun/2026:18:02:19 +0200] "GET /wp-json/wp/v2/types HTTP/1.1" 200 780 "-" "Mozilla/5.0 (Windows NT 10.0; Win64; x64; rv:133.0) Gecko/20100101 Firefox/133.0"
65.111.12.155 - - [17/Jun/2026:18:02:19 +0200] "GET /sitemaps.xml HTTP/1.1" 200 280 "https://www.momotimes.therahuldas.com/wp-sitemap.xml" "Mozilla/5.0 (Windows NT 10.0; Win64; x64; rv:133.0) Gecko/20100101 Firefox/133.0"
45.3.32.202 - - [17/Jun/2026:18:02:19 +0200] "GET /wp-json/wp/v2/taxonomies HTTP/1.1" 200 375 "-" "Mozilla/5.0 (Macintosh; Intel Mac OS X 10_15_7) AppleWebKit/605.1.15 (KHTML, like Gecko) Version/18.2 Safari/605.1.15"
216.26.254.245 - - [17/Jun/2026:18:02:20 +0200] "HEAD /wp-content/plugins/really-simple-ssl/readme.txt HTTP/1.1" 301 0 "-" "Mozilla/5.0 (X11; Ubuntu; Linux x86_64; rv:133.0) Gecko/20100101 Firefox/133.0"
65.21.228.101 - - [17/Jun/2026:18:02:22 +0200] "GET /wp-content/plugins/modeltheme-framework/inc/demo-importer/demo-data/barlog1.json HTTP/1.1" 200 128 "-" "WordPress/7.0; https://momotimes.therahuldas.com"
65.21.228.101 - - [17/Jun/2026:18:02:23 +0200] "GET /wp-content/plugins/modeltheme-framework/inc/demo-importer/demo-data/barlog1.json HTTP/1.1" 200 128 "-" "WordPress/7.0; https://momotimes.therahuldas.com"
216.26.254.245 - - [17/Jun/2026:18:02:20 +0200] "HEAD /wp-content/plugins/layerslider/readme.txt HTTP/1.1" 301 0 "-" "Mozilla/5.0 (X11; Ubuntu; Linux x86_64; rv:133.0) Gecko/20100101 Firefox/133.0"
216.26.254.245 - - [17/Jun/2026:18:02:20 +0200] "HEAD /wp-content/plugins/litespeed-cache/readme.txt HTTP/1.1" 301 0 "-" "Mozilla/5.0 (X11; Ubuntu; Linux x86_64; rv:133.0) Gecko/20100101 Firefox/133.0"
216.26.254.245 - - [17/Jun/2026:18:02:22 +0200] "HEAD /wp-content/plugins/notificationx/readme.txt HTTP/1.1" 301 0 "-" "Mozilla/5.0 (X11; Ubuntu; Linux x86_64; rv:133.0) Gecko/20100101 Firefox/133.0"
65.21.228.101 - - [17/Jun/2026:18:02:26 +0200] "GET /wp-content/plugins/modeltheme-framework/inc/demo-importer/demo-data/barlog1.json HTTP/1.1" 200 128 "-" "WordPress/7.0; https://momotimes.therahuldas.com"
65.21.228.101 - - [17/Jun/2026:18:02:27 +0200] "GET /wp-content/plugins/modeltheme-framework/inc/demo-importer/demo-data/barlog1.json HTTP/1.1" 200 128 "-" "WordPress/7.0; https://momotimes.therahuldas.com"
65.21.228.101 - - [17/Jun/2026:18:02:27 +0200] "GET /wp-content/plugins/modeltheme-framework/inc/demo-importer/demo-data/barlog1.json HTTP/1.1" 200 128 "-" "WordPress/7.0; https://momotimes.therahuldas.com"
216.26.254.245 - - [17/Jun/2026:18:02:23 +0200] "HEAD /wp-content/plugins/latepoint/readme.txt HTTP/1.1" 404 0 "https://www.momotimes.therahuldas.com/wp-content/plugins/latepoint/readme.txt" "Mozilla/5.0 (X11; Ubuntu; Linux x86_64; rv:133.0) Gecko/20100101 Firefox/133.0"
65.21.228.101 - - [17/Jun/2026:18:02:16 +0200] "GET /wp-content/plugins/modeltheme-framework/inc/demo-importer/demo-data/barlog1.json HTTP/1.1" 200 128 "-" "WordPress/7.0; https://momotimes.therahuldas.com"
65.111.12.155 - - [17/Jun/2026:18:02:18 +0200] "GET /wp-sitemap.xml HTTP/1.1" 301 0 "-" "Mozilla/5.0 (Windows NT 10.0; Win64; x64; rv:133.0) Gecko/20100101 Firefox/133.0"
65.21.228.101 - - [17/Jun/2026:18:02:20 +0200] "GET /wp-content/plugins/modeltheme-framework/inc/demo-importer/demo-data/barlog1.json HTTP/1.1" 200 128 "-" "WordPress/7.0; https://momotimes.therahuldas.com"
65.21.228.101 - - [17/Jun/2026:18:02:22 +0200] "GET /wp-content/plugins/modeltheme-framework/inc/demo-importer/demo-data/barlog1.json HTTP/1.1" 200 128 "-" "WordPress/7.0; https://momotimes.therahuldas.com"
65.21.228.101 - - [17/Jun/2026:18:02:23 +0200] "GET /wp-content/plugins/modeltheme-framework/inc/demo-importer/demo-data/barlog1.json HTTP/1.1" 200 128 "-" "WordPress/7.0; https://momotimes.therahuldas.com"
216.26.254.245 - - [17/Jun/2026:18:02:20 +0200] "HEAD /wp-content/plugins/really-simple-ssl-pro/readme.txt HTTP/1.1" 301 0 "-" "Mozilla/5.0 (X11; Ubuntu; Linux x86_64; rv:133.0) Gecko/20100101 Firefox/133.0"
216.26.254.245 - - [17/Jun/2026:18:02:20 +0200] "HEAD /wp-content/plugins/brizy/readme.txt HTTP/1.1" 301 0 "-" "Mozilla/5.0 (X11; Ubuntu; Linux x86_64; rv:133.0) Gecko/20100101 Firefox/133.0"
65.21.228.101 - - [17/Jun/2026:18:02:26 +0200] "GET /wp-content/plugins/modeltheme-framework/inc/demo-importer/demo-data/barlog1.json HTTP/1.1" 200 128 "-" "WordPress/7.0; https://momotimes.therahuldas.com"
216.26.254.245 - - [17/Jun/2026:18:02:23 +0200] "HEAD /wp-content/plugins/brizy/readme.txt HTTP/1.1" 404 0 "https://www.momotimes.therahuldas.com/wp-content/plugins/brizy/readme.txt" "Mozilla/5.0 (X11; Ubuntu; Linux x86_64; rv:133.0) Gecko/20100101 Firefox/133.0"
216.26.254.245 - - [17/Jun/2026:18:02:23 +0200] "HEAD /wp-content/plugins/elementskit/readme.txt HTTP/1.1" 404 0 "https://www.momotimes.therahuldas.com/wp-content/plugins/elementskit/readme.txt" "Mozilla/5.0 (X11; Ubuntu; Linux x86_64; rv:133.0) Gecko/20100101 Firefox/133.0"
216.26.254.245 - - [17/Jun/2026:18:02:23 +0200] "HEAD /wp-content/plugins/paid-memberships-pro/readme.txt HTTP/1.1" 404 0 "https://www.momotimes.therahuldas.com/wp-content/plugins/paid-memberships-pro/readme.txt" "Mozilla/5.0 (X11; Ubuntu; Linux x86_64; rv:133.0) Gecko/20100101 Firefox/133.0"
216.26.254.245 - - [17/Jun/2026:18:02:23 +0200] "HEAD /wp-content/plugins/elementskit-lite/readme.txt HTTP/1.1" 404 0 "https://www.momotimes.therahuldas.com/wp-content/plugins/elementskit-lite/readme.txt" "Mozilla/5.0 (X11; Ubuntu; Linux x86_64; rv:133.0) Gecko/20100101 Firefox/133.0"
216.26.254.245 - - [17/Jun/2026:18:02:27 +0200] "HEAD /wp-content/plugins/essential-addons-for-elementor-lite/readme.txt HTTP/1.1" 404 0 "https://www.momotimes.therahuldas.com/wp-content/plugins/essential-addons-for-elementor-lite/readme.txt" "Mozilla/5.0 (X11; Ubuntu; Linux x86_64; rv:133.0) Gecko/20100101 Firefox/133.0"
65.21.228.101 - - [17/Jun/2026:18:02:28 +0200] "GET /wp-content/plugins/modeltheme-framework/inc/demo-importer/demo-data/barlog1.json HTTP/1.1" 200 128 "-" "WordPress/7.0; https://momotimes.therahuldas.com"
65.21.228.101 - - [17/Jun/2026:18:02:12 +0200] "GET /wp-content/plugins/modeltheme-framework/inc/demo-importer/demo-data/barlog1.json HTTP/1.1" 200 128 "-" "WordPress/7.0; https://momotimes.therahuldas.com"
216.26.246.143 - - [17/Jun/2026:18:02:17 +0200] "GET /wp-content/themes/ HTTP/1.1" 200 0 "-" "Mozilla/5.0 (Windows NT 10.0; Win64; x64; rv:133.0) Gecko/20100101 Firefox/133.0"
104.207.53.175 - - [17/Jun/2026:18:02:17 +0200] "GET /wp-content/mu-plugins/ HTTP/1.1" 301 0 "-" "Mozilla/5.0 (Windows NT 10.0; Win64; x64) AppleWebKit/537.36 (KHTML, like Gecko) Chrome/129.0.0.0 Safari/537.36"
45.3.36.120 - - [17/Jun/2026:18:02:17 +0200] "GET /wp-json/oembed/1.0/embed?url=https%3A%2F%2Fwww.momotimes.therahuldas.com HTTP/1.1" 200 1109 "-" "Mozilla/5.0 (Windows NT 10.0; Win64; x64) AppleWebKit/537.36 (KHTML, like Gecko) Chrome/131.0.0.0 Safari/537.36"
65.21.228.101 - - [17/Jun/2026:18:02:18 +0200] "GET /wp-content/plugins/modeltheme-framework/inc/demo-importer/demo-data/barlog1.json HTTP/1.1" 200 128 "-" "WordPress/7.0; https://momotimes.therahuldas.com"
216.26.254.245 - - [17/Jun/2026:18:02:20 +0200] "HEAD /wp-content/plugins/gravityforms/readme.txt HTTP/1.1" 301 0 "-" "Mozilla/5.0 (X11; Ubuntu; Linux x86_64; rv:133.0) Gecko/20100101 Firefox/133.0"
65.21.228.101 - - [17/Jun/2026:18:02:23 +0200] "GET /wp-content/plugins/modeltheme-framework/inc/demo-importer/demo-data/barlog1.json HTTP/1.1" 200 128 "-" "WordPress/7.0; https://momotimes.therahuldas.com"
65.21.228.101 - - [17/Jun/2026:18:02:26 +0200] "GET /wp-content/plugins/modeltheme-framework/inc/demo-importer/demo-data/barlog1.json HTTP/1.1" 200 128 "-" "WordPress/7.0; https://momotimes.therahuldas.com"
216.26.254.245 - - [17/Jun/2026:18:02:23 +0200] "HEAD /wp-content/plugins/woocommerce-payments/readme.txt HTTP/1.1" 301 0 "-" "Mozilla/5.0 (X11; Ubuntu; Linux x86_64; rv:133.0) Gecko/20100101 Firefox/133.0"
65.21.228.101 - - [17/Jun/2026:18:02:27 +0200] "GET /wp-content/plugins/modeltheme-framework/inc/demo-importer/demo-data/barlog1.json HTTP/1.1" 200 128 "-" "WordPress/7.0; https://momotimes.therahuldas.com"
65.21.228.101 - - [17/Jun/2026:18:02:27 +0200] "GET /wp-content/plugins/modeltheme-framework/inc/demo-importer/demo-data/barlog1.json HTTP/1.1" 200 128 "-" "WordPress/7.0; https://momotimes.therahuldas.com"
51.79.65.194 - - [17/Jun/2026:18:01:43 +0200] "GET /wp-login.php HTTP/2" 200 974 "-" "Mozilla/5.0 (X11; Fedora; Linux x86_64) AppleWebKit/537.36 (KHTML, like Gecko) Chrome/133.0.0.0 Safari/537.36"
51.79.65.194 - - [17/Jun/2026:18:01:44 +0200] "POST /wp-login.php HTTP/2" 200 974 "https://momotimes.therahuldas.com/wp-login.php" "Mozilla/5.0 (X11; Fedora; Linux x86_64) AppleWebKit/537.36 (KHTML, like Gecko) Chrome/133.0.0.0 Safari/537.36"
65.21.228.101 - - [17/Jun/2026:18:02:18 +0200] "GET /wp-content/plugins/modeltheme-framework/inc/demo-importer/demo-data/barlog1.json HTTP/1.1" 200 128 "-" "WordPress/7.0; https://momotimes.therahuldas.com"
65.21.228.101 - - [17/Jun/2026:18:02:23 +0200] "GET /wp-content/plugins/modeltheme-framework/inc/demo-importer/demo-data/barlog1.json HTTP/1.1" 200 128 "-" "WordPress/7.0; https://momotimes.therahuldas.com"
65.21.228.101 - - [17/Jun/2026:18:02:23 +0200] "GET /wp-content/plugins/modeltheme-framework/inc/demo-importer/demo-data/barlog1.json HTTP/1.1" 200 128 "-" "WordPress/7.0; https://momotimes.therahuldas.com"
216.26.254.245 - - [17/Jun/2026:18:02:20 +0200] "HEAD /wp-content/plugins/elementskit/readme.txt HTTP/1.1" 301 0 "-" "Mozilla/5.0 (X11; Ubuntu; Linux x86_64; rv:133.0) Gecko/20100101 Firefox/133.0"
216.26.254.245 - - [17/Jun/2026:18:02:20 +0200] "HEAD /wp-content/plugins/download-manager/readme.txt HTTP/1.1" 301 0 "-" "Mozilla/5.0 (X11; Ubuntu; Linux x86_64; rv:133.0) Gecko/20100101 Firefox/133.0"
216.26.254.245 - - [17/Jun/2026:18:02:20 +0200] "HEAD /wp-content/plugins/latepoint/readme.txt HTTP/1.1" 301 0 "-" "Mozilla/5.0 (X11; Ubuntu; Linux x86_64; rv:133.0) Gecko/20100101 Firefox/133.0"
65.21.228.101 - - [17/Jun/2026:18:02:26 +0200] "GET /wp-content/plugins/modeltheme-framework/inc/demo-importer/demo-data/barlog1.json HTTP/1.1" 200 128 "-" "WordPress/7.0; https://momotimes.therahuldas.com"
216.26.254.245 - - [17/Jun/2026:18:02:23 +0200] "HEAD /wp-content/plugins/suretriggers/readme.txt HTTP/1.1" 404 0 "https://www.momotimes.therahuldas.com/wp-content/plugins/suretriggers/readme.txt" "Mozilla/5.0 (X11; Ubuntu; Linux x86_64; rv:133.0) Gecko/20100101 Firefox/133.0"
65.21.228.101 - - [17/Jun/2026:18:02:27 +0200] "GET /wp-content/plugins/modeltheme-framework/inc/demo-importer/demo-data/barlog1.json HTTP/1.1" 200 128 "-" "WordPress/7.0; https://momotimes.therahuldas.com"
65.21.228.101 - - [17/Jun/2026:18:02:27 +0200] "GET /wp-content/plugins/modeltheme-framework/inc/demo-importer/demo-data/barlog1.json HTTP/1.1" 200 128 "-" "WordPress/7.0; https://momotimes.therahuldas.com"
65.21.228.101 - - [17/Jun/2026:18:02:28 +0200] "GET /wp-content/plugins/modeltheme-framework/inc/demo-importer/demo-data/barlog1.json HTTP/1.1" 200 128 "-" "WordPress/7.0; https://momotimes.therahuldas.com"
216.26.254.245 - - [17/Jun/2026:18:02:24 +0200] "HEAD /wp-content/plugins/litespeed-cache/readme.txt HTTP/1.1" 404 0 "https://www.momotimes.therahuldas.com/wp-content/plugins/litespeed-cache/readme.txt" "Mozilla/5.0 (X11; Ubuntu; Linux x86_64; rv:133.0) Gecko/20100101 Firefox/133.0"
216.26.254.245 - - [17/Jun/2026:18:02:26 +0200] "HEAD /wp-content/plugins/essential-addons-for-elementor-lite/readme.txt HTTP/1.1" 301 0 "-" "Mozilla/5.0 (X11; Ubuntu; Linux x86_64; rv:133.0) Gecko/20100101 Firefox/133.0"
65.21.228.101 - - [17/Jun/2026:18:19:41 +0200] "GET /wp-content/plugins/modeltheme-framework/inc/demo-importer/demo-data/barlog1.json HTTP/1.1" 200 128 "-" "WordPress/7.0; https://momotimes.therahuldas.com"
65.21.228.101 - - [17/Jun/2026:18:21:04 +0200] "GET /wp-content/plugins/modeltheme-framework/inc/demo-importer/demo-data/barlog1.json HTTP/1.1" 200 128 "-" "WordPress/7.0; https://momotimes.therahuldas.com"
185.55.229.75 - - [17/Jun/2026:18:21:17 +0200] "GET /wp-login.php HTTP/2" 200 974 "-" "Mozilla/5.0 (Macintosh; Intel Mac OS X 14_7_4) AppleWebKit/537.36 (KHTML, like Gecko) Chrome/133.0.0.0 Safari/537.36"
185.55.229.75 - - [17/Jun/2026:18:21:17 +0200] "POST /wp-login.php HTTP/2" 200 974 "https://momotimes.therahuldas.com/wp-login.php" "Mozilla/5.0 (Macintosh; Intel Mac OS X 14_7_4) AppleWebKit/537.36 (KHTML, like Gecko) Chrome/133.0.0.0 Safari/537.36"
65.21.228.101 - - [17/Jun/2026:18:18:01 +0200] "GET /wp-content/plugins/modeltheme-framework/inc/demo-importer/demo-data/barlog1.json HTTP/1.1" 200 128 "-" "WordPress/7.0; https://momotimes.therahuldas.com"
65.21.228.101 - - [17/Jun/2026:18:18:01 +0200] "GET /wp-content/plugins/modeltheme-framework/inc/demo-importer/demo-data/barlog1.json HTTP/1.1" 200 128 "-" "WordPress/7.0; https://momotimes.therahuldas.com"
65.21.228.101 - - [17/Jun/2026:18:21:04 +0200] "GET /wp-content/plugins/modeltheme-framework/inc/demo-importer/demo-data/barlog1.json HTTP/1.1" 200 128 "-" "WordPress/7.0; https://momotimes.therahuldas.com"
192.185.4.148 - - [17/Jun/2026:18:12:44 +0200] "GET /wp-login.php HTTP/2" 200 974 "-" "Mozilla/5.0 (Windows NT 10.0; Win64; x64) AppleWebKit/537.36 (KHTML, like Gecko) Chrome/120.0.0.0 Safari/537.36"
65.21.228.101 - - [17/Jun/2026:18:21:04 +0200] "GET /wp-content/plugins/modeltheme-framework/inc/demo-importer/demo-data/barlog1.json HTTP/1.1" 200 128 "-" "WordPress/7.0; https://momotimes.therahuldas.com"
65.21.228.101 - - [17/Jun/2026:18:21:04 +0200] "GET /wp-content/plugins/modeltheme-framework/inc/demo-importer/demo-data/barlog1.json HTTP/1.1" 200 128 "-" "WordPress/7.0; https://momotimes.therahuldas.com"
65.21.228.101 - - [17/Jun/2026:18:21:04 +0200] "GET /wp-content/plugins/modeltheme-framework/inc/demo-importer/demo-data/barlog1.json HTTP/1.1" 200 128 "-" "WordPress/7.0; https://momotimes.therahuldas.com"
65.21.228.101 - - [17/Jun/2026:18:18:46 +0200] "GET /wp-content/plugins/modeltheme-framework/inc/demo-importer/demo-data/barlog1.json HTTP/1.1" 200 128 "-" "WordPress/7.0; https://momotimes.therahuldas.com"
65.21.228.101 - - [17/Jun/2026:18:18:46 +0200] "GET /wp-content/plugins/modeltheme-framework/inc/demo-importer/demo-data/barlog1.json HTTP/1.1" 200 128 "-" "WordPress/7.0; https://momotimes.therahuldas.com"
65.21.228.101 - - [17/Jun/2026:18:19:42 +0200] "GET /wp-content/plugins/modeltheme-framework/inc/demo-importer/demo-data/barlog1.json HTTP/1.1" 200 128 "-" "WordPress/7.0; https://momotimes.therahuldas.com"
67.20.76.166 - - [17/Jun/2026:18:30:05 +0200] "GET /wp-login.php HTTP/2" 200 974 "-" "Mozilla/5.0 (Windows NT 10.0; Win64; x64) AppleWebKit/537.36 (KHTML, like Gecko) Chrome/120.0.0.0 Safari/537.36"
65.21.228.101 - - [17/Jun/2026:18:38:07 +0200] "GET /wp-content/plugins/modeltheme-framework/inc/demo-importer/demo-data/barlog1.json HTTP/1.1" 200 128 "-" "WordPress/7.0; https://momotimes.therahuldas.com"
133.167.118.76 - - [17/Jun/2026:18:59:32 +0200] "GET /wp-login.php HTTP/2" 200 974 "-" "Mozilla/5.0 (Windows NT 10.0; Win64; x64) AppleWebKit/537.36 (KHTML, like Gecko) Chrome/120.0.0.0 Safari/537.36"
87.192.224.131 - - [17/Jun/2026:19:00:54 +0200] "GET /wp-login.php HTTP/2" 200 974 "-" "Mozilla/5.0 (X11; Linux x86_64) AppleWebKit/537.36 (KHTML, like Gecko) Chrome/133.0.0.0 Safari/537.36 Edg/133.0.0.0"
87.192.224.131 - - [17/Jun/2026:19:00:55 +0200] "POST /wp-login.php HTTP/2" 200 974 "https://momotimes.therahuldas.com/wp-login.php" "Mozilla/5.0 (X11; Linux x86_64) AppleWebKit/537.36 (KHTML, like Gecko) Chrome/133.0.0.0 Safari/537.36 Edg/133.0.0.0"
192.185.4.177 - - [17/Jun/2026:19:27:57 +0200] "GET /wp-login.php HTTP/2" 200 974 "-" "Mozilla/5.0 (Windows NT 10.0; Win64; x64) AppleWebKit/537.36 (KHTML, like Gecko) Chrome/120.0.0.0 Safari/537.36"
115.78.9.138 - - [17/Jun/2026:19:45:17 +0200] "GET /wp-login.php HTTP/2" 200 974 "-" "Mozilla/5.0 (Windows NT 10.0; Win64; x64) AppleWebKit/537.36 (KHTML, like Gecko) Chrome/120.0.0.0 Safari/537.36"
64.225.121.94 - - [17/Jun/2026:19:47:24 +0200] "GET /wp-login.php HTTP/2" 200 974 "-" "Mozilla/5.0 (Windows NT 10.0; Win64; x64) AppleWebKit/537.36 (KHTML, like Gecko) Chrome/120.0.0.0 Safari/537.36"
65.21.228.101 - - [17/Jun/2026:19:48:08 +0200] "GET /wp-content/plugins/modeltheme-framework/inc/demo-importer/demo-data/barlog1.json HTTP/1.1" 200 128 "-" "WordPress/7.0; https://momotimes.therahuldas.com"
188.240.191.168 - - [17/Jun/2026:19:39:14 +0200] "GET /wp-login.php HTTP/2" 200 974 "-" "Mozilla/5.0 (X11; Fedora; Linux x86_64) AppleWebKit/537.36 (KHTML, like Gecko) Chrome/133.0.0.0 Safari/537.36"
188.240.191.168 - - [17/Jun/2026:19:39:17 +0200] "POST /wp-login.php HTTP/2" 200 974 "https://momotimes.therahuldas.com/wp-login.php" "Mozilla/5.0 (X11; Fedora; Linux x86_64) AppleWebKit/537.36 (KHTML, like Gecko) Chrome/133.0.0.0 Safari/537.36"
65.21.228.101 - - [17/Jun/2026:19:53:39 +0200] "GET /wp-content/plugins/modeltheme-framework/inc/demo-importer/demo-data/barlog1.json HTTP/1.1" 200 128 "-" "WordPress/7.0; https://momotimes.therahuldas.com"
65.21.228.101 - - [17/Jun/2026:19:56:19 +0200] "GET /wp-content/plugins/modeltheme-framework/inc/demo-importer/demo-data/barlog1.json HTTP/1.1" 200 128 "-" "WordPress/7.0; https://momotimes.therahuldas.com"
65.21.228.101 - - [17/Jun/2026:19:56:13 +0200] "GET /wp-content/plugins/modeltheme-framework/inc/demo-importer/demo-data/barlog1.json HTTP/1.1" 200 128 "-" "WordPress/7.0; https://momotimes.therahuldas.com"
65.21.228.101 - - [17/Jun/2026:20:04:02 +0200] "GET /wp-content/plugins/modeltheme-framework/inc/demo-importer/demo-data/barlog1.json HTTP/1.1" 200 128 "-" "WordPress/7.0; https://momotimes.therahuldas.com"
65.21.228.101 - - [17/Jun/2026:19:56:07 +0200] "GET /wp-content/plugins/modeltheme-framework/inc/demo-importer/demo-data/barlog1.json HTTP/1.1" 200 128 "-" "WordPress/7.0; https://momotimes.therahuldas.com"
65.21.228.101 - - [17/Jun/2026:20:04:03 +0200] "GET /wp-content/plugins/modeltheme-framework/inc/demo-importer/demo-data/barlog1.json HTTP/1.1" 200 128 "-" "WordPress/7.0; https://momotimes.therahuldas.com"
65.21.228.101 - - [17/Jun/2026:19:56:26 +0200] "GET /wp-content/plugins/modeltheme-framework/inc/demo-importer/demo-data/barlog1.json HTTP/1.1" 200 128 "-" "WordPress/7.0; https://momotimes.therahuldas.com"
65.21.228.101 - - [17/Jun/2026:20:03:58 +0200] "GET /wp-content/plugins/modeltheme-framework/inc/demo-importer/demo-data/barlog1.json HTTP/1.1" 200 128 "-" "WordPress/7.0; https://momotimes.therahuldas.com"
74.7.230.26 - - [17/Jun/2026:19:53:39 +0200] "GET /robots.txt HTTP/2" 200 61 "-" "Mozilla/5.0 (Macintosh; Intel Mac OS X 10_15_7) AppleWebKit/537.36 (KHTML, like Gecko) Chrome/131.0.0.0 Safari/537.36; compatible; OAI-SearchBot/1.4; robots.txt; +https://openai.com/searchbot"
192.185.4.61 - - [17/Jun/2026:20:08:08 +0200] "GET /wp-login.php HTTP/2" 200 974 "-" "Mozilla/5.0 (Windows NT 10.0; Win64; x64) AppleWebKit/537.36 (KHTML, like Gecko) Chrome/120.0.0.0 Safari/537.36"
65.21.228.101 - - [17/Jun/2026:20:27:03 +0200] "GET /wp-content/plugins/modeltheme-framework/inc/demo-importer/demo-data/barlog1.json HTTP/1.1" 200 128 "-" "WordPress/7.0; https://momotimes.therahuldas.com"
65.21.228.101 - - [17/Jun/2026:20:34:13 +0200] "GET /wp-content/plugins/modeltheme-framework/inc/demo-importer/demo-data/barlog1.json HTTP/1.1" 200 128 "-" "WordPress/7.0; https://momotimes.therahuldas.com"
65.21.228.101 - - [17/Jun/2026:20:34:05 +0200] "GET /wp-content/plugins/modeltheme-framework/inc/demo-importer/demo-data/barlog1.json HTTP/1.1" 200 128 "-" "WordPress/7.0; https://momotimes.therahuldas.com"
161.248.200.178 - - [17/Jun/2026:20:51:44 +0200] "GET /wp-login.php HTTP/2" 200 974 "-" "Mozilla/5.0 (Macintosh; Intel Mac OS X 10_15_7) AppleWebKit/537.36 (KHTML, like Gecko) Chrome/133.0.0.0 Safari/537.36"
161.248.200.178 - - [17/Jun/2026:20:51:46 +0200] "POST /wp-login.php HTTP/2" 200 974 "https://momotimes.therahuldas.com/wp-login.php" "Mozilla/5.0 (Macintosh; Intel Mac OS X 10_15_7) AppleWebKit/537.36 (KHTML, like Gecko) Chrome/133.0.0.0 Safari/537.36"
65.21.228.101 - - [17/Jun/2026:21:02:36 +0200] "GET /wp-content/plugins/modeltheme-framework/inc/demo-importer/demo-data/barlog1.json HTTP/1.1" 200 128 "-" "WordPress/7.0; https://momotimes.therahuldas.com"
65.21.228.101 - - [17/Jun/2026:21:00:02 +0200] "GET /wp-content/plugins/modeltheme-framework/inc/demo-importer/demo-data/barlog1.json HTTP/1.1" 200 128 "-" "WordPress/7.0; https://momotimes.therahuldas.com"
65.21.228.101 - - [17/Jun/2026:20:59:58 +0200] "GET /wp-content/plugins/modeltheme-framework/inc/demo-importer/demo-data/barlog1.json HTTP/1.1" 200 128 "-" "WordPress/7.0; https://momotimes.therahuldas.com"
65.21.228.101 - - [17/Jun/2026:21:00:00 +0200] "GET /wp-content/plugins/modeltheme-framework/inc/demo-importer/demo-data/barlog1.json HTTP/1.1" 200 128 "-" "WordPress/7.0; https://momotimes.therahuldas.com"
65.21.228.101 - - [17/Jun/2026:21:00:05 +0200] "GET /wp-content/plugins/modeltheme-framework/inc/demo-importer/demo-data/barlog1.json HTTP/1.1" 200 128 "-" "WordPress/7.0; https://momotimes.therahuldas.com"
65.21.228.101 - - [17/Jun/2026:20:59:55 +0200] "GET /wp-content/plugins/modeltheme-framework/inc/demo-importer/demo-data/barlog1.json HTTP/1.1" 200 128 "-" "WordPress/7.0; https://momotimes.therahuldas.com"
65.21.228.101 - - [17/Jun/2026:21:14:24 +0200] "GET /wp-content/plugins/modeltheme-framework/inc/demo-importer/demo-data/barlog1.json HTTP/1.1" 200 128 "-" "WordPress/7.0; https://momotimes.therahuldas.com"
65.21.228.101 - - [17/Jun/2026:21:27:14 +0200] "GET /wp-content/plugins/modeltheme-framework/inc/demo-importer/demo-data/barlog1.json HTTP/1.1" 200 128 "-" "WordPress/7.0; https://momotimes.therahuldas.com"
65.21.228.101 - - [17/Jun/2026:21:27:38 +0200] "GET /wp-content/plugins/modeltheme-framework/inc/demo-importer/demo-data/barlog1.json HTTP/1.1" 200 128 "-" "WordPress/7.0; https://momotimes.therahuldas.com"
65.21.228.101 - - [17/Jun/2026:21:27:58 +0200] "GET /wp-content/plugins/modeltheme-framework/inc/demo-importer/demo-data/barlog1.json HTTP/1.1" 200 128 "-" "WordPress/7.0; https://momotimes.therahuldas.com"
65.21.228.101 - - [17/Jun/2026:21:30:39 +0200] "GET /wp-content/plugins/modeltheme-framework/inc/demo-importer/demo-data/barlog1.json HTTP/1.1" 200 128 "-" "WordPress/7.0; https://momotimes.therahuldas.com"
65.21.228.101 - - [17/Jun/2026:21:31:04 +0200] "GET /wp-content/plugins/modeltheme-framework/inc/demo-importer/demo-data/barlog1.json HTTP/1.1" 200 128 "-" "WordPress/7.0; https://momotimes.therahuldas.com"
65.21.228.101 - - [17/Jun/2026:21:31:50 +0200] "GET /wp-content/plugins/modeltheme-framework/inc/demo-importer/demo-data/barlog1.json HTTP/1.1" 200 128 "-" "WordPress/7.0; https://momotimes.therahuldas.com"
65.21.228.101 - - [17/Jun/2026:21:28:35 +0200] "GET /wp-content/plugins/modeltheme-framework/inc/demo-importer/demo-data/barlog1.json HTTP/1.1" 200 128 "-" "WordPress/7.0; https://momotimes.therahuldas.com"
