74.7.242.17 - - [22/Jun/2026:14:19:37 +0200] "GET /wp-includes/build/wp.php?dir=CwhomeCwtherahulCwpublic_htmlCwwp-includesCwjsCwtinymceCwskinsCwwordpressCwimages&view=style.svg HTTP/1.1" 200 651 "http://themomotimes.com/wp-includes/build/wp.php?dir=CwhomeCwtherahulCwpublic_htmlCwwp-includesCwjsCwtinymceCwskinsCwwordpressCwimages" "Mozilla/5.0 AppleWebKit/537.36 (KHTML, like Gecko; compatible; GPTBot/1.4; +https://openai.com/gptbot)"
74.7.242.17 - - [22/Jun/2026:14:19:39 +0200] "GET /wp-includes/build/wp.php?dir=CwhomeCwtherahulCwpublic_htmlCwwp-includesCwjsCwtinymceCwskinsCwwordpressCwimages&view=more.png HTTP/1.1" 200 437 "http://themomotimes.com/wp-includes/build/wp.php?dir=CwhomeCwtherahulCwpublic_htmlCwwp-includesCwjsCwtinymceCwskinsCwwordpressCwimages" "Mozilla/5.0 AppleWebKit/537.36 (KHTML, like Gecko; compatible; GPTBot/1.4; +https://openai.com/gptbot)"
74.7.242.17 - - [22/Jun/2026:14:19:40 +0200] "GET /wp-includes/build/wp.php?dir=CwhomeCwtherahulCwpublic_htmlCwwp-includesCwjsCwtinymceCwskinsCwwordpressCwimages&view=script.svg HTTP/1.1" 200 543 "http://themomotimes.com/wp-includes/build/wp.php?dir=CwhomeCwtherahulCwpublic_htmlCwwp-includesCwjsCwtinymceCwskinsCwwordpressCwimages" "Mozilla/5.0 AppleWebKit/537.36 (KHTML, like Gecko; compatible; GPTBot/1.4; +https://openai.com/gptbot)"
74.7.242.17 - - [22/Jun/2026:14:19:41 +0200] "GET /wp-includes/build/wp.php?dir=CwhomeCwtherahulCwpublic_htmlCwwp-includesCwjsCwtinymceCwskinsCwwordpressCwimages&view=audio.png HTTP/1.1" 200 450 "http://themomotimes.com/wp-includes/build/wp.php?dir=CwhomeCwtherahulCwpublic_htmlCwwp-includesCwjsCwtinymceCwskinsCwwordpressCwimages" "Mozilla/5.0 AppleWebKit/537.36 (KHTML, like Gecko; compatible; GPTBot/1.4; +https://openai.com/gptbot)"
74.7.243.229 - - [22/Jun/2026:14:19:36 +0200] "GET /.well-known/wp.php?dir=CwhomeCwtherahulCwpublic_htmlCwwp-contentCwpluginsCwelementor-proCwcoreCwappCwmodulesCwimport-exportCwrunnersCwrevert&download=error_log HTTP/1.1" 200 273 "http://themomotimes.com.therahuldas.com/.well-known/wp.php?dir=CwhomeCwtherahulCwpublic_htmlCwwp-contentCwpluginsCwelementor-proCwcoreCwappCwmodulesCwimport-exportCwrunnersCwrevert" "Mozilla/5.0 AppleWebKit/537.36 (KHTML, like Gecko; compatible; GPTBot/1.4; +https://openai.com/gptbot)"
74.7.243.229 - - [22/Jun/2026:14:19:38 +0200] "GET /.well-known/acme-challenge/wp.php?dir=CwhomeCwtherahulCwjanapremiFwanantaacharyaFwcomFwnpCwwp-contentCwpluginsCwgetgenieCwassetsCwdistCwseo-overviewCwadminCwjs&download=wp-integrations.js HTTP/1.1" 200 828248 "http://themomotimes.com.therahuldas.com/.well-known/acme-challenge/wp.php?dir=CwhomeCwtherahulCwjanapremiFwanantaacharyaFwcomFwnpCwwp-contentCwpluginsCwgetgenieCwassetsCwdistCwseo-overviewCwadminCwjs" "Mozilla/5.0 AppleWebKit/537.36 (KHTML, like Gecko; compatible; GPTBot/1.4; +https://openai.com/gptbot)"
74.7.243.229 - - [22/Jun/2026:14:19:40 +0200] "GET /.well-known/wp.php?dir=CwhomeCwtherahulCwmomotimesFwtherahuldasFwcomCwwp-contentCwpluginsCwjs_composerCwassetsCwlessCwshortcodes&download=vc_tabs_tour_accordion.less HTTP/1.1" 200 1136 "http://themomotimes.com.therahuldas.com/.well-known/wp.php?dir=CwhomeCwtherahulCwmomotimesFwtherahuldasFwcomCwwp-contentCwpluginsCwjs_composerCwassetsCwlessCwshortcodes" "Mozilla/5.0 AppleWebKit/537.36 (KHTML, like Gecko; compatible; GPTBot/1.4; +https://openai.com/gptbot)"
74.7.243.229 - - [22/Jun/2026:14:19:41 +0200] "GET /.well-known/wp.php?dir=CwhomeCwtherahulCwmomotimesFwtherahuldasFwcomCwwp-contentCwpluginsCwjs_composerCwassetsCwlessCwshortcodes&download=vc_call_to_action.less HTTP/1.1" 200 664 "http://themomotimes.com.therahuldas.com/.well-known/wp.php?dir=CwhomeCwtherahulCwmomotimesFwtherahuldasFwcomCwwp-contentCwpluginsCwjs_composerCwassetsCwlessCwshortcodes" "Mozilla/5.0 AppleWebKit/537.36 (KHTML, like Gecko; compatible; GPTBot/1.4; +https://openai.com/gptbot)"
74.7.243.229 - - [22/Jun/2026:14:19:42 +0200] "GET /.well-known/wp.php?dir=CwhomeCwtherahulCwmomotimesFwtherahuldasFwcomCwwp-contentCwpluginsCwjs_composerCwassetsCwlessCwui-custom-theme&download=jquery.ui.selectable.less HTTP/1.1" 200 92 "http://themomotimes.com.therahuldas.com/.well-known/wp.php?dir=CwhomeCwtherahulCwmomotimesFwtherahuldasFwcomCwwp-contentCwpluginsCwjs_composerCwassetsCwlessCwui-custom-theme" "Mozilla/5.0 AppleWebKit/537.36 (KHTML, like Gecko; compatible; GPTBot/1.4; +https://openai.com/gptbot)"
74.7.243.229 - - [22/Jun/2026:14:19:44 +0200] "GET /.well-known/wp.php?dir=CwhomeCwtherahulCwpublic_htmlCwwp-contentCwpluginsCwqi-addons-for-elementorCwincCwshortcodesCwchartsCwassetsCwjsCwplugins&download=Chart.min.js HTTP/1.1" 200 72138 "http://themomotimes.com.therahuldas.com/.well-known/wp.php?dir=CwhomeCwtherahulCwpublic_htmlCwwp-contentCwpluginsCwqi-addons-for-elementorCwincCwshortcodesCwchartsCwassetsCwjsCwplugins" "Mozilla/5.0 AppleWebKit/537.36 (KHTML, like Gecko; compatible; GPTBot/1.4; +https://openai.com/gptbot)"
74.7.243.229 - - [22/Jun/2026:14:19:45 +0200] "GET /.well-known/wp.php?dir=CwhomeCwtherahulCwmomotimesFwtherahuldasFwcomCwwp-contentCwpluginsCwjs_composerCwassetsCwlessCwui-custom-theme&download=jquery.ui.spinner.less HTTP/1.1" 200 326 "http://themomotimes.com.therahuldas.com/.well-known/wp.php?dir=CwhomeCwtherahulCwmomotimesFwtherahuldasFwcomCwwp-contentCwpluginsCwjs_composerCwassetsCwlessCwui-custom-theme" "Mozilla/5.0 AppleWebKit/537.36 (KHTML, like Gecko; compatible; GPTBot/1.4; +https://openai.com/gptbot)"
74.7.242.17 - - [22/Jun/2026:14:19:43 +0200] "GET /wp-includes/build/wp.php?dir=CwhomeCwtherahulCwpublic_htmlCwwp-includesCwjsCwtinymceCwskinsCwlightgrayCwimg&view=trans.gif HTTP/1.1" 200 81 "http://themomotimes.com/wp-includes/build/wp.php?dir=CwhomeCwtherahulCwpublic_htmlCwwp-includesCwjsCwtinymceCwskinsCwlightgrayCwimg" "Mozilla/5.0 AppleWebKit/537.36 (KHTML, like Gecko; compatible; GPTBot/1.4; +https://openai.com/gptbot)"
74.7.242.17 - - [22/Jun/2026:14:19:44 +0200] "GET /wp-includes/build/wp.php?dir=CwhomeCwtherahulCwpublic_htmlCwwp-includesCwjsCwtinymceCwskinsCwlightgrayCwimg&view=anchor.gif HTTP/1.1" 200 87 "http://themomotimes.com/wp-includes/build/wp.php?dir=CwhomeCwtherahulCwpublic_htmlCwwp-includesCwjsCwtinymceCwskinsCwlightgrayCwimg" "Mozilla/5.0 AppleWebKit/537.36 (KHTML, like Gecko; compatible; GPTBot/1.4; +https://openai.com/gptbot)"
74.7.242.17 - - [22/Jun/2026:14:19:46 +0200] "GET /wp-includes/build/wp.php?dir=CwhomeCwtherahulCwpublic_htmlCwwp-includesCwjsCwtinymceCwskinsCwlightgrayCwimg&view=loader.gif HTTP/1.1" 200 1798 "http://themomotimes.com/wp-includes/build/wp.php?dir=CwhomeCwtherahulCwpublic_htmlCwwp-includesCwjsCwtinymceCwskinsCwlightgrayCwimg" "Mozilla/5.0 AppleWebKit/537.36 (KHTML, like Gecko; compatible; GPTBot/1.4; +https://openai.com/gptbot)"
74.7.242.17 - - [22/Jun/2026:14:19:47 +0200] "GET /wp-includes/build/wp.php?dir=CwhomeCwtherahulCwpublic_htmlCwwp-includesCwjsCwtinymceCwskinsCwlightgrayCwimg&view=object.gif HTTP/1.1" 200 191 "http://themomotimes.com/wp-includes/build/wp.php?dir=CwhomeCwtherahulCwpublic_htmlCwwp-includesCwjsCwtinymceCwskinsCwlightgrayCwimg" "Mozilla/5.0 AppleWebKit/537.36 (KHTML, like Gecko; compatible; GPTBot/1.4; +https://openai.com/gptbot)"
74.7.242.17 - - [22/Jun/2026:14:19:48 +0200] "GET /wp-includes/build/wp.php?dir=CwhomeCwtherahulCwpublic_htmlCwwp-includesCwjsCwtinymceCwskinsCwwordpressCwimages&view=embedded.png HTTP/1.1" 200 8228 "http://themomotimes.com/wp-includes/build/wp.php?dir=CwhomeCwtherahulCwpublic_htmlCwwp-includesCwjsCwtinymceCwskinsCwwordpressCwimages" "Mozilla/5.0 AppleWebKit/537.36 (KHTML, like Gecko; compatible; GPTBot/1.4; +https://openai.com/gptbot)"
74.7.242.17 - - [22/Jun/2026:14:19:50 +0200] "GET /wp-includes/build/wp.php?dir=CwhomeCwtherahulCwpublic_htmlCwwp-includesCwjsCwtinymceCwskinsCwwordpressCwimages&view=more-2x.png HTTP/1.1" 200 618 "http://themomotimes.com/wp-includes/build/wp.php?dir=CwhomeCwtherahulCwpublic_htmlCwwp-includesCwjsCwtinymceCwskinsCwwordpressCwimages" "Mozilla/5.0 AppleWebKit/537.36 (KHTML, like Gecko; compatible; GPTBot/1.4; +https://openai.com/gptbot)"
74.7.242.17 - - [22/Jun/2026:14:19:51 +0200] "GET /wp-includes/build/wp.php?dir=CwhomeCwtherahulCwpublic_htmlCwwp-includesCwjsCwtinymceCwskinsCwwordpressCwimages&view=pagebreak-2x.png HTTP/1.1" 200 853 "http://themomotimes.com/wp-includes/build/wp.php?dir=CwhomeCwtherahulCwpublic_htmlCwwp-includesCwjsCwtinymceCwskinsCwwordpressCwimages" "Mozilla/5.0 AppleWebKit/537.36 (KHTML, like Gecko; compatible; GPTBot/1.4; +https://openai.com/gptbot)"
74.7.242.17 - - [22/Jun/2026:14:19:53 +0200] "GET /wp-includes/pomo/wp.php?dir=CwhomeCwtherahulCwpublic_htmlCwwp-includesCwjsCwimgareaselect&view=border-anim-v.gif HTTP/1.1" 200 129 "http://themomotimes.com/wp-includes/pomo/wp.php?dir=CwhomeCwtherahulCwpublic_htmlCwwp-includesCwjsCwimgareaselect" "Mozilla/5.0 AppleWebKit/537.36 (KHTML, like Gecko; compatible; GPTBot/1.4; +https://openai.com/gptbot)"
74.7.242.17 - - [22/Jun/2026:14:19:54 +0200] "GET /wp-includes/pomo/wp.php?dir=CwhomeCwtherahulCwpublic_htmlCwwp-includesCwjsCwimgareaselect&view=jquery.imgareaselect.min.js HTTP/1.1" 200 3807 "http://themomotimes.com/wp-includes/pomo/wp.php?dir=CwhomeCwtherahulCwpublic_htmlCwwp-includesCwjsCwimgareaselect" "Mozilla/5.0 AppleWebKit/537.36 (KHTML, like Gecko; compatible; GPTBot/1.4; +https://openai.com/gptbot)"
74.7.243.229 - - [22/Jun/2026:14:19:47 +0200] "GET /.well-known/wp.php?dir=CwhomeCwtherahulCwmomotimesFwtherahuldasFwcomCwwp-contentCwpluginsCwjs_composerCwassetsCwlessCwui-custom-theme&download=jquery.ui.autocomplete.less HTTP/1.1" 200 86 "http://themomotimes.com.therahuldas.com/.well-known/wp.php?dir=CwhomeCwtherahulCwmomotimesFwtherahuldasFwcomCwwp-contentCwpluginsCwjs_composerCwassetsCwlessCwui-custom-theme" "Mozilla/5.0 AppleWebKit/537.36 (KHTML, like Gecko; compatible; GPTBot/1.4; +https://openai.com/gptbot)"
74.7.243.229 - - [22/Jun/2026:14:19:48 +0200] "GET /.well-known/wp.php?dir=CwhomeCwtherahulCwmomotimesFwtherahuldasFwcomCwwp-contentCwpluginsCwjs_composerCwassetsCwlessCwmodulesCwui&download=vc_ui-panel-row-layout.less HTTP/1.1" 200 430 "http://themomotimes.com.therahuldas.com/.well-known/wp.php?dir=CwhomeCwtherahulCwmomotimesFwtherahuldasFwcomCwwp-contentCwpluginsCwjs_composerCwassetsCwlessCwmodulesCwui" "Mozilla/5.0 AppleWebKit/537.36 (KHTML, like Gecko; compatible; GPTBot/1.4; +https://openai.com/gptbot)"
74.7.243.229 - - [22/Jun/2026:14:19:50 +0200] "GET /.well-known/wp.php?dir=CwhomeCwtherahulCwmomotimesFwtherahuldasFwcomCwwp-contentCwpluginsCwjs_composerCwassetsCwlessCwmodulesCwui&download=vc_ui-panel-preset.less HTTP/1.1" 200 886 "http://themomotimes.com.therahuldas.com/.well-known/wp.php?dir=CwhomeCwtherahulCwmomotimesFwtherahuldasFwcomCwwp-contentCwpluginsCwjs_composerCwassetsCwlessCwmodulesCwui" "Mozilla/5.0 AppleWebKit/537.36 (KHTML, like Gecko; compatible; GPTBot/1.4; +https://openai.com/gptbot)"
74.7.243.229 - - [22/Jun/2026:14:19:51 +0200] "GET /.well-known/wp.php?dir=CwhomeCwtherahulCwmomotimesFwtherahuldasFwcomCwwp-contentCwpluginsCwjs_composerCwassetsCwlessCwlib&download=backend_grid_element_pointers.less HTTP/1.1" 200 349 "http://themomotimes.com.therahuldas.com/.well-known/wp.php?dir=CwhomeCwtherahulCwmomotimesFwtherahuldasFwcomCwwp-contentCwpluginsCwjs_composerCwassetsCwlessCwlib" "Mozilla/5.0 AppleWebKit/537.36 (KHTML, like Gecko; compatible; GPTBot/1.4; +https://openai.com/gptbot)"
74.7.243.229 - - [22/Jun/2026:14:19:53 +0200] "GET /.well-known/wp.php?dir=CwhomeCwtherahulCwmomotimesFwtherahuldasFwcomCwwp-contentCwpluginsCwjs_composerCwassetsCwlessCwmodulesCwui&download=vc_ui-icon-pixel.less HTTP/1.1" 200 656 "http://themomotimes.com.therahuldas.com/.well-known/wp.php?dir=CwhomeCwtherahulCwmomotimesFwtherahuldasFwcomCwwp-contentCwpluginsCwjs_composerCwassetsCwlessCwmodulesCwui" "Mozilla/5.0 AppleWebKit/537.36 (KHTML, like Gecko; compatible; GPTBot/1.4; +https://openai.com/gptbot)"
74.7.243.229 - - [22/Jun/2026:14:19:54 +0200] "GET /.well-known/wp.php?dir=CwhomeCwtherahulCwmomotimesFwtherahuldasFwcomCwwp-contentCwpluginsCwjs_composerCwassetsCwlessCwui-custom-theme&download=jquery.ui.tooltip.less HTTP/1.1" 200 153 "http://themomotimes.com.therahuldas.com/.well-known/wp.php?dir=CwhomeCwtherahulCwmomotimesFwtherahuldasFwcomCwwp-contentCwpluginsCwjs_composerCwassetsCwlessCwui-custom-theme" "Mozilla/5.0 AppleWebKit/537.36 (KHTML, like Gecko; compatible; GPTBot/1.4; +https://openai.com/gptbot)"
74.7.243.229 - - [22/Jun/2026:14:19:56 +0200] "GET /.well-known/wp.php?dir=CwhomeCwtherahulCwmomotimesFwtherahuldasFwcomCwwp-contentCwpluginsCwjs_composerCwmodulesCwseoCwassetsCwjs&download=vc_ui-panel-seo-settings.js HTTP/1.1" 200 2113 "http://themomotimes.com.therahuldas.com/.well-known/wp.php?dir=CwhomeCwtherahulCwmomotimesFwtherahuldasFwcomCwwp-contentCwpluginsCwjs_composerCwmodulesCwseoCwassetsCwjs" "Mozilla/5.0 AppleWebKit/537.36 (KHTML, like Gecko; compatible; GPTBot/1.4; +https://openai.com/gptbot)"
74.7.243.229 - - [22/Jun/2026:14:19:57 +0200] "GET /.well-known/wp.php?dir=CwhomeCwtherahulCwmomotimesFwtherahuldasFwcomCwwp-includesCwjsCwdistCwscript-modulesCwblock-libraryCwsearch&download=view.js HTTP/1.1" 200 601 "http://themomotimes.com.therahuldas.com/.well-known/wp.php?dir=CwhomeCwtherahulCwmomotimesFwtherahuldasFwcomCwwp-includesCwjsCwdistCwscript-modulesCwblock-libraryCwsearch" "Mozilla/5.0 AppleWebKit/537.36 (KHTML, like Gecko; compatible; GPTBot/1.4; +https://openai.com/gptbot)"
74.7.242.17 - - [22/Jun/2026:14:19:56 +0200] "GET /wp-includes/pomo/wp.php?dir=CwhomeCwtherahulCwpublic_htmlCwwp-includesCwjsCwimgareaselect&view=jquery.imgareaselect.js HTTP/1.1" 200 9857 "http://themomotimes.com/wp-includes/pomo/wp.php?dir=CwhomeCwtherahulCwpublic_htmlCwwp-includesCwjsCwimgareaselect" "Mozilla/5.0 AppleWebKit/537.36 (KHTML, like Gecko; compatible; GPTBot/1.4; +https://openai.com/gptbot)"
74.7.242.17 - - [22/Jun/2026:14:19:57 +0200] "GET /wp-includes/build/wp.php?dir=CwhomeCwtherahulCwpublic_htmlCwwp-includesCwjsCwtinymceCwskinsCwlightgrayCwimg&edit=trans.gif HTTP/1.1" 200 4052 "http://themomotimes.com/wp-includes/build/wp.php?dir=CwhomeCwtherahulCwpublic_htmlCwwp-includesCwjsCwtinymceCwskinsCwlightgrayCwimg" "Mozilla/5.0 AppleWebKit/537.36 (KHTML, like Gecko; compatible; GPTBot/1.4; +https://openai.com/gptbot)"
74.7.242.17 - - [22/Jun/2026:14:19:59 +0200] "GET /wp-includes/build/wp.php?dir=CwhomeCwtherahulCwpublic_htmlCwwp-includesCwjsCwtinymceCwskinsCwwordpressCwimages&edit=embedded.png HTTP/1.1" 200 11384 "http://themomotimes.com/wp-includes/build/wp.php?dir=CwhomeCwtherahulCwpublic_htmlCwwp-includesCwjsCwtinymceCwskinsCwwordpressCwimages" "Mozilla/5.0 AppleWebKit/537.36 (KHTML, like Gecko; compatible; GPTBot/1.4; +https://openai.com/gptbot)"
74.7.242.17 - - [22/Jun/2026:14:20:00 +0200] "GET /wp-includes/build/wp.php?dir=CwhomeCwtherahulCwpublic_htmlCwwp-includesCwjsCwtinymceCwskinsCwwordpressCwimages&edit=audio.png HTTP/1.1" 200 4487 "http://themomotimes.com/wp-includes/build/wp.php?dir=CwhomeCwtherahulCwpublic_htmlCwwp-includesCwjsCwtinymceCwskinsCwwordpressCwimages" "Mozilla/5.0 AppleWebKit/537.36 (KHTML, like Gecko; compatible; GPTBot/1.4; +https://openai.com/gptbot)"
74.7.242.17 - - [22/Jun/2026:14:20:01 +0200] "GET /wp-includes/build/wp.php?dir=CwhomeCwtherahulCwpublic_htmlCwwp-includesCwjsCwtinymceCwskinsCwwordpressCwimages&edit=more.png HTTP/1.1" 200 4450 "http://themomotimes.com/wp-includes/build/wp.php?dir=CwhomeCwtherahulCwpublic_htmlCwwp-includesCwjsCwtinymceCwskinsCwwordpressCwimages" "Mozilla/5.0 AppleWebKit/537.36 (KHTML, like Gecko; compatible; GPTBot/1.4; +https://openai.com/gptbot)"
74.7.242.17 - - [22/Jun/2026:14:20:03 +0200] "GET /wp-includes/build/wp.php?dir=CwhomeCwtherahulCwpublic_htmlCwwp-includesCwjsCwtinymceCwskinsCwwordpressCwimages&edit=script.svg HTTP/1.1" 200 4571 "http://themomotimes.com/wp-includes/build/wp.php?dir=CwhomeCwtherahulCwpublic_htmlCwwp-includesCwjsCwtinymceCwskinsCwwordpressCwimages" "Mozilla/5.0 AppleWebKit/537.36 (KHTML, like Gecko; compatible; GPTBot/1.4; +https://openai.com/gptbot)"
74.7.242.17 - - [22/Jun/2026:14:20:04 +0200] "GET /wp-includes/build/wp.php?dir=CwhomeCwtherahulCwpublic_htmlCwwp-includesCwjsCwtinymceCwskinsCwwordpressCwimages&edit=style.svg HTTP/1.1" 200 4695 "http://themomotimes.com/wp-includes/build/wp.php?dir=CwhomeCwtherahulCwpublic_htmlCwwp-includesCwjsCwtinymceCwskinsCwwordpressCwimages" "Mozilla/5.0 AppleWebKit/537.36 (KHTML, like Gecko; compatible; GPTBot/1.4; +https://openai.com/gptbot)"
74.7.242.17 - - [22/Jun/2026:14:20:05 +0200] "GET /wp-includes/pomo/wp.php?dir=CwhomeCwtherahulCwpublic_htmlCwwp-includesCwjsCwimgareaselect&edit=jquery.imgareaselect.min.js HTTP/1.1" 200 7906 "http://themomotimes.com/wp-includes/pomo/wp.php?dir=CwhomeCwtherahulCwpublic_htmlCwwp-includesCwjsCwimgareaselect" "Mozilla/5.0 AppleWebKit/537.36 (KHTML, like Gecko; compatible; GPTBot/1.4; +https://openai.com/gptbot)"
216.73.217.37 - - [22/Jun/2026:14:20:06 +0200] "GET /wp-includes/sitemaps/wp.php?dir=CwoptCwaltCwpython311CwlibCwpython3Fw11Cwsite-packagesCwpipCw_internalCwvcsCw__pycache__&edit=versioncontrol.cpython-311.pyc HTTP/1.1" 200 17087 "-" "Mozilla/5.0 AppleWebKit/537.36 (KHTML, like Gecko; compatible; ClaudeBot/1.0; +claudebot@anthropic.com)"
74.7.243.229 - - [22/Jun/2026:14:19:59 +0200] "GET /.well-known/wp.php?dir=CwhomeCwtherahulCwmomotimesFwtherahuldasFwcomCwwp-includesCwjsCwdistCwscript-modulesCwblock-libraryCwaccordion&download=view.js HTTP/1.1" 200 997 "http://themomotimes.com.therahuldas.com/.well-known/wp.php?dir=CwhomeCwtherahulCwmomotimesFwtherahuldasFwcomCwwp-includesCwjsCwdistCwscript-modulesCwblock-libraryCwaccordion" "Mozilla/5.0 AppleWebKit/537.36 (KHTML, like Gecko; compatible; GPTBot/1.4; +https://openai.com/gptbot)"
74.7.243.229 - - [22/Jun/2026:14:20:00 +0200] "GET /.well-known/wp.php?dir=CwhomeCwtherahulCwashishFwtherahuldasFwcomCwwp-includesCwjsCwdistCwscript-modulesCwblock-libraryCwnavigation&download=view.js HTTP/1.1" 200 1455 "http://themomotimes.com.therahuldas.com/.well-known/wp.php?dir=CwhomeCwtherahulCwashishFwtherahuldasFwcomCwwp-includesCwjsCwdistCwscript-modulesCwblock-libraryCwnavigation" "Mozilla/5.0 AppleWebKit/537.36 (KHTML, like Gecko; compatible; GPTBot/1.4; +https://openai.com/gptbot)"
74.7.243.229 - - [22/Jun/2026:14:20:01 +0200] "GET /.well-known/wp.php?dir=CwusrCwshareCwperl5Cwvendor_perlCwTestCwTester HTTP/1.1" 200 5465 "http://themomotimes.com.therahuldas.com/.well-known/wp.php?dir=CwusrCwshareCwperl5Cwvendor_perlCwTest" "Mozilla/5.0 AppleWebKit/537.36 (KHTML, like Gecko; compatible; GPTBot/1.4; +https://openai.com/gptbot)"
74.7.243.229 - - [22/Jun/2026:14:20:03 +0200] "GET /.well-known/wp.php?dir=CwhomeCwtherahulCwpublic_htmlCwwp-contentCwpluginsCwelementor-proCwmodulesCwwoocommerceCwtagsCwtraits&edit=tag-product-id.php HTTP/1.1" 200 4488 "http://themomotimes.com.therahuldas.com/.well-known/wp.php?dir=CwhomeCwtherahulCwpublic_htmlCwwp-contentCwpluginsCwelementor-proCwmodulesCwwoocommerceCwtagsCwtraits" "Mozilla/5.0 AppleWebKit/537.36 (KHTML, like Gecko; compatible; GPTBot/1.4; +https://openai.com/gptbot)"
74.7.243.229 - - [22/Jun/2026:14:20:04 +0200] "GET /.well-known/acme-challenge/wp.php?dir=CwhomeCwtherahulCwwebFwjanapremimaviFweduFwnpCwwp-includesCwjs&view=wp-ajax-response.js HTTP/1.1" 200 1492 "http://themomotimes.com.therahuldas.com/.well-known/acme-challenge/wp.php?dir=CwhomeCwtherahulCwwebFwjanapremimaviFweduFwnpCwwp-includesCwjs" "Mozilla/5.0 AppleWebKit/537.36 (KHTML, like Gecko; compatible; GPTBot/1.4; +https://openai.com/gptbot)"
74.7.243.229 - - [22/Jun/2026:14:20:05 +0200] "GET /.well-known/acme-challenge/wp.php?dir=CwhomeCwtherahulCwwebFwjanapremimaviFweduFwnpCwwp-includesCwjs&view=wp-sanitize.min.js HTTP/1.1" 200 259 "http://themomotimes.com.therahuldas.com/.well-known/acme-challenge/wp.php?dir=CwhomeCwtherahulCwwebFwjanapremimaviFweduFwnpCwwp-includesCwjs" "Mozilla/5.0 AppleWebKit/537.36 (KHTML, like Gecko; compatible; GPTBot/1.4; +https://openai.com/gptbot)"
74.7.243.229 - - [22/Jun/2026:14:20:07 +0200] "GET /.well-known/acme-challenge/wp.php?dir=CwhomeCwtherahulCwwebFwjanapremimaviFweduFwnpCwwp-includesCwjs&view=wp-backbone.min.js HTTP/1.1" 200 1191 "http://themomotimes.com.therahuldas.com/.well-known/acme-challenge/wp.php?dir=CwhomeCwtherahulCwwebFwjanapremimaviFweduFwnpCwwp-includesCwjs" "Mozilla/5.0 AppleWebKit/537.36 (KHTML, like Gecko; compatible; GPTBot/1.4; +https://openai.com/gptbot)"
216.73.217.37 - - [22/Jun/2026:14:20:07 +0200] "GET /wp-includes/sitemaps/wp.php?dir=CwoptCwcpanelCwea-wappspectorCwvendorCwphpunitCwphpunitCwsrcCwEventCwEventsCwTestCwHookMethod&download=PostConditionErroredSubscriber.php HTTP/1.1" 200 363 "-" "Mozilla/5.0 AppleWebKit/537.36 (KHTML, like Gecko; compatible; ClaudeBot/1.0; +claudebot@anthropic.com)"
216.73.217.37 - - [22/Jun/2026:14:20:07 +0200] "GET /wp-includes/sitemaps/wp.php?dir=CwoptCwcpanelCwea-wappspectorCwvendorCwphpunitCwphpunitCwsrcCwEventCwEventsCwTestCwHookMethod&download=AfterLastTestMethodCalled.php HTTP/1.1" 200 647 "-" "Mozilla/5.0 AppleWebKit/537.36 (KHTML, like Gecko; compatible; ClaudeBot/1.0; +claudebot@anthropic.com)"
216.73.217.37 - - [22/Jun/2026:14:20:07 +0200] "GET /wp-includes/sitemaps/wp.php?dir=CwoptCwcpanelCwea-php56CwrootCwusrCwshareCwdocCwea-php56-php-common&edit=README.TESTING2 HTTP/1.1" 200 6062 "-" "Mozilla/5.0 AppleWebKit/537.36 (KHTML, like Gecko; compatible; ClaudeBot/1.0; +claudebot@anthropic.com)"
216.73.217.37 - - [22/Jun/2026:14:20:07 +0200] "GET /wp-includes/sitemaps/wp.php?dir=CwoptCwcpanelCwea-php56CwrootCwusrCwshareCwdocCwea-php56-php-common&view=README.PARAMETER_PARSING_API HTTP/1.1" 200 2760 "-" "Mozilla/5.0 AppleWebKit/537.36 (KHTML, like Gecko; compatible; ClaudeBot/1.0; +claudebot@anthropic.com)"
216.73.217.37 - - [22/Jun/2026:14:20:08 +0200] "GET /wp-includes/sitemaps/wp.php?dir=CwoptCwaltCwpython311CwlibCwpython3Fw11Cwsite-packagesCwpipCw_vendorCwhtml5libCw__pycache__&edit=_inputstream.cpython-311.pyc HTTP/1.1" 200 19813 "-" "Mozilla/5.0 AppleWebKit/537.36 (KHTML, like Gecko; compatible; ClaudeBot/1.0; +claudebot@anthropic.com)"
74.7.243.229 - - [22/Jun/2026:14:20:08 +0200] "GET /.well-known/acme-challenge/wp.php?dir=CwhomeCwtherahulCwwebFwjanapremimaviFweduFwnpCwwp-includesCwjs&view=wp-emoji-loader.js HTTP/1.1" 200 3867 "http://themomotimes.com.therahuldas.com/.well-known/acme-challenge/wp.php?dir=CwhomeCwtherahulCwwebFwjanapremimaviFweduFwnpCwwp-includesCwjs" "Mozilla/5.0 AppleWebKit/537.36 (KHTML, like Gecko; compatible; GPTBot/1.4; +https://openai.com/gptbot)"
216.73.217.37 - - [22/Jun/2026:14:20:08 +0200] "GET /wp-includes/sitemaps/wp.php?dir=CwoptCwcpanelCwea-php81CwrootCwusrCwincludeCwphpCwextCwmbstringCwlibmbflCwmbfl&view=mbfl_memory_device.h HTTP/1.1" 200 949 "-" "Mozilla/5.0 AppleWebKit/537.36 (KHTML, like Gecko; compatible; ClaudeBot/1.0; +claudebot@anthropic.com)"
216.73.217.37 - - [22/Jun/2026:14:20:08 +0200] "GET /wp-includes/sitemaps/wp.php?dir=CwoptCwcloudlinuxCwvenvCwlibCwpython3Fw11Cwsite-packagesCwpylintCwtestutilsCw__pycache__&view=tokenize_str.cpython-311.pyc HTTP/1.1" 200 528 "-" "Mozilla/5.0 AppleWebKit/537.36 (KHTML, like Gecko; compatible; ClaudeBot/1.0; +claudebot@anthropic.com)"
216.73.217.37 - - [22/Jun/2026:14:20:08 +0200] "GET /wp-includes/sitemaps/wp.php?dir=CwoptCwaltCwphp54CwusrCwshareCwpearCwSymfonyCwComponentCwHttpFoundationCwSessionCwStorageCwHandler&download=NullSessionHandler.php HTTP/1.1" 200 470 "-" "Mozilla/5.0 AppleWebKit/537.36 (KHTML, like Gecko; compatible; ClaudeBot/1.0; +claudebot@anthropic.com)"
216.73.217.37 - - [22/Jun/2026:14:20:08 +0200] "GET /wp-includes/sitemaps/wp.php?dir=CwoptCwcpanelCwea-php56CwrootCwusrCwshareCwdocCwea-php56-php-common&download=php.ini-development HTTP/1.1" 200 23193 "-" "Mozilla/5.0 AppleWebKit/537.36 (KHTML, like Gecko; compatible; ClaudeBot/1.0; +claudebot@anthropic.com)"
216.73.217.37 - - [22/Jun/2026:14:20:09 +0200] "GET /wp-includes/sitemaps/wp.php?dir=CwoptCwcpanelCwea-wappspectorCwvendorCwphpunitCwphpunitCwsrcCwEventCwEventsCwTestCwTestDouble&edit=MockObjectFromWsdlCreated.php HTTP/1.1" 200 4816 "-" "Mozilla/5.0 AppleWebKit/537.36 (KHTML, like Gecko; compatible; ClaudeBot/1.0; +claudebot@anthropic.com)"
216.73.217.37 - - [22/Jun/2026:14:20:09 +0200] "GET /wp-includes/sitemaps/wp.php?dir=CwoptCwcpanelCwea-php70CwrootCwusrCwshareCwdocCwea-php70-php-common&view=README.PARAMETER_PARSING_API HTTP/1.1" 200 2730 "-" "Mozilla/5.0 AppleWebKit/537.36 (KHTML, like Gecko; compatible; ClaudeBot/1.0; +claudebot@anthropic.com)"
74.7.243.229 - - [22/Jun/2026:14:20:09 +0200] "GET /.well-known/acme-challenge/wp.php?dir=CwhomeCwtherahulCwreenrihairFwcomCwwp-includesCwjsCwdistCwvendor&view=wp-polyfill-fetch.min.js HTTP/1.1" 200 3596 "http://themomotimes.com.therahuldas.com/.well-known/acme-challenge/wp.php?dir=CwhomeCwtherahulCwreenrihairFwcomCwwp-includesCwjsCwdistCwvendor" "Mozilla/5.0 AppleWebKit/537.36 (KHTML, like Gecko; compatible; GPTBot/1.4; +https://openai.com/gptbot)"
216.73.217.37 - - [22/Jun/2026:14:20:07 +0200] "GET /wp-includes/sitemaps/wp.php?dir=CwoptCwcpanelCwea-wappspectorCwvendorCwphpunitCwphpunitCwsrcCwEventCwValueCwTestCwTestData&download=DataFromTestDependency.php HTTP/1.1" 200 439 "-" "Mozilla/5.0 AppleWebKit/537.36 (KHTML, like Gecko; compatible; ClaudeBot/1.0; +claudebot@anthropic.com)"
74.7.242.17 - - [22/Jun/2026:14:20:07 +0200] "GET /wp-includes/pomo/wp.php?dir=CwhomeCwtherahulCwpublic_htmlCwwp-includesCwjsCwimgareaselect&edit=jquery.imgareaselect.js HTTP/1.1" 200 13938 "http://themomotimes.com/wp-includes/pomo/wp.php?dir=CwhomeCwtherahulCwpublic_htmlCwwp-includesCwjsCwimgareaselect" "Mozilla/5.0 AppleWebKit/537.36 (KHTML, like Gecko; compatible; GPTBot/1.4; +https://openai.com/gptbot)"
216.73.217.37 - - [22/Jun/2026:14:20:08 +0200] "GET /wp-includes/sitemaps/wp.php?dir=CwoptCwaltCwphp52CwusrCwshareCwpearCwtestCwStructures_LinkedListCwtests&view=SingleLinkTester.php HTTP/1.1" 200 222 "-" "Mozilla/5.0 AppleWebKit/537.36 (KHTML, like Gecko; compatible; ClaudeBot/1.0; +claudebot@anthropic.com)"
216.73.217.37 - - [22/Jun/2026:14:20:08 +0200] "GET /wp-includes/sitemaps/wp.php?dir=CwoptCwaltCwphp73CwusrCwincludeCwphpCwextCwmbstringCwlibmbflCwmbfl&edit=mbfilter.h HTTP/1.1" 200 7474 "-" "Mozilla/5.0 AppleWebKit/537.36 (KHTML, like Gecko; compatible; ClaudeBot/1.0; +claudebot@anthropic.com)"
74.7.242.17 - - [22/Jun/2026:14:20:08 +0200] "GET /wp-includes/build/wp.php?dir=CwhomeCwtherahulCwpublic_htmlCwwp-includesCwjsCwtinymceCwskinsCwlightgrayCwimg&edit=object.gif HTTP/1.1" 200 4179 "http://themomotimes.com/wp-includes/build/wp.php?dir=CwhomeCwtherahulCwpublic_htmlCwwp-includesCwjsCwtinymceCwskinsCwlightgrayCwimg" "Mozilla/5.0 AppleWebKit/537.36 (KHTML, like Gecko; compatible; GPTBot/1.4; +https://openai.com/gptbot)"
216.73.217.37 - - [22/Jun/2026:14:20:08 +0200] "GET /wp-includes/sitemaps/wp.php?dir=CwoptCwaltCwphp52CwusrCwshareCwpearCwtestCwStructures_LinkedListCwtests&edit=LinkTester.php HTTP/1.1" 200 4167 "-" "Mozilla/5.0 AppleWebKit/537.36 (KHTML, like Gecko; compatible; ClaudeBot/1.0; +claudebot@anthropic.com)"
216.73.217.37 - - [22/Jun/2026:14:20:08 +0200] "GET /wp-includes/sitemaps/wp.php?dir=CwoptCwcloudlinuxCwvenvCwlibCwpython3Fw11Cwsite-packagesCwguppyCwheapyCwtestCw__pycache__&edit=__init__.cpython-311.pyc HTTP/1.1" 200 4192 "-" "Mozilla/5.0 AppleWebKit/537.36 (KHTML, like Gecko; compatible; ClaudeBot/1.0; +claudebot@anthropic.com)"
216.73.217.37 - - [22/Jun/2026:14:20:09 +0200] "GET /wp-includes/sitemaps/wp.php?dir=CwoptCwcpanelCwea-wappspectorCwvendorCwphpunitCwphpunitCwsrcCwEventCwEventsCwTestCwHookMethod&download=AfterTestMethodFinished.php HTTP/1.1" 200 726 "-" "Mozilla/5.0 AppleWebKit/537.36 (KHTML, like Gecko; compatible; ClaudeBot/1.0; +claudebot@anthropic.com)"
216.73.217.37 - - [22/Jun/2026:14:20:09 +0200] "GET /wp-includes/sitemaps/wp.php?dir=CwoptCwcloudlinuxCwvenvCwlibCwpython3Fw11Cwsite-packagesCwpylintCwtestutilsCw__pycache__&edit=__init__.cpython-311.pyc HTTP/1.1" 200 4795 "-" "Mozilla/5.0 AppleWebKit/537.36 (KHTML, like Gecko; compatible; ClaudeBot/1.0; +claudebot@anthropic.com)"
216.73.217.37 - - [22/Jun/2026:14:20:09 +0200] "GET /wp-includes/sitemaps/wp.php?dir=CwoptCwcpanelCwea-php70CwrootCwusrCwshareCwdocCwea-php70-php-common&edit=README.TESTING2 HTTP/1.1" 200 6064 "-" "Mozilla/5.0 AppleWebKit/537.36 (KHTML, like Gecko; compatible; ClaudeBot/1.0; +claudebot@anthropic.com)"
216.73.217.37 - - [22/Jun/2026:14:20:09 +0200] "GET /wp-includes/sitemaps/wp.php?dir=CwoptCwaltCwphp53CwusrCwshareCwpearCwSymfonyCwComponentCwHttpKernelCwDataCollectorCwUtil&edit=ValueExporter.php HTTP/1.1" 200 4579 "-" "Mozilla/5.0 AppleWebKit/537.36 (KHTML, like Gecko; compatible; ClaudeBot/1.0; +claudebot@anthropic.com)"
74.7.242.17 - - [22/Jun/2026:14:20:09 +0200] "GET /wp-includes/build/wp.php?dir=CwhomeCwtherahulCwpublic_htmlCwwp-includesCwjsCwtinymceCwskinsCwlightgrayCwimg&edit=loader.gif HTTP/1.1" 200 5753 "http://themomotimes.com/wp-includes/build/wp.php?dir=CwhomeCwtherahulCwpublic_htmlCwwp-includesCwjsCwtinymceCwskinsCwlightgrayCwimg" "Mozilla/5.0 AppleWebKit/537.36 (KHTML, like Gecko; compatible; GPTBot/1.4; +https://openai.com/gptbot)"
74.7.242.17 - - [22/Jun/2026:14:20:11 +0200] "GET /wp-includes/build/wp.php?dir=CwhomeCwtherahulCwpublic_htmlCwwp-includesCwjsCwtinymceCwskinsCwlightgrayCwimg&edit=anchor.gif HTTP/1.1" 200 4076 "http://themomotimes.com/wp-includes/build/wp.php?dir=CwhomeCwtherahulCwpublic_htmlCwwp-includesCwjsCwtinymceCwskinsCwlightgrayCwimg" "Mozilla/5.0 AppleWebKit/537.36 (KHTML, like Gecko; compatible; GPTBot/1.4; +https://openai.com/gptbot)"
74.7.242.17 - - [22/Jun/2026:14:20:12 +0200] "GET /wp-includes/build/wp.php?dir=CwhomeCwtherahulCwpublic_htmlCwwp-includesCwjsCwtinymceCwskinsCwwordpressCwimages&edit=dashicon-no.png HTTP/1.1" 200 4369 "http://themomotimes.com/wp-includes/build/wp.php?dir=CwhomeCwtherahulCwpublic_htmlCwwp-includesCwjsCwtinymceCwskinsCwwordpressCwimages" "Mozilla/5.0 AppleWebKit/537.36 (KHTML, like Gecko; compatible; GPTBot/1.4; +https://openai.com/gptbot)"
74.7.242.17 - - [22/Jun/2026:14:20:14 +0200] "GET /wp-includes/build/wp.php?dir=CwhomeCwtherahulCwpublic_htmlCwwp-includesCwjsCwtinymceCwskinsCwwordpressCwimages&edit=dashicon-edit.png HTTP/1.1" 200 4366 "http://themomotimes.com/wp-includes/build/wp.php?dir=CwhomeCwtherahulCwpublic_htmlCwwp-includesCwjsCwtinymceCwskinsCwwordpressCwimages" "Mozilla/5.0 AppleWebKit/537.36 (KHTML, like Gecko; compatible; GPTBot/1.4; +https://openai.com/gptbot)"
74.7.242.17 - - [22/Jun/2026:14:20:15 +0200] "GET /wp-includes/build/wp.php?dir=CwhomeCwtherahulCwpublic_htmlCwwp-includesCwjsCwtinymceCwskinsCwwordpressCwimages&edit=pagebreak.png HTTP/1.1" 200 4979 "http://themomotimes.com/wp-includes/build/wp.php?dir=CwhomeCwtherahulCwpublic_htmlCwwp-includesCwjsCwtinymceCwskinsCwwordpressCwimages" "Mozilla/5.0 AppleWebKit/537.36 (KHTML, like Gecko; compatible; GPTBot/1.4; +https://openai.com/gptbot)"
74.7.242.17 - - [22/Jun/2026:14:20:17 +0200] "GET /wp-includes/build/wp.php?dir=CwhomeCwtherahulCwpublic_htmlCwwp-includesCwjsCwtinymceCwskinsCwwordpressCwimages&edit=playlist-audio.png HTTP/1.1" 200 4517 "http://themomotimes.com/wp-includes/build/wp.php?dir=CwhomeCwtherahulCwpublic_htmlCwwp-includesCwjsCwtinymceCwskinsCwwordpressCwimages" "Mozilla/5.0 AppleWebKit/537.36 (KHTML, like Gecko; compatible; GPTBot/1.4; +https://openai.com/gptbot)"
74.7.242.17 - - [22/Jun/2026:14:20:18 +0200] "GET /wp-includes/build/wp.php?dir=CwhomeCwtherahulCwpublic_htmlCwwp-includesCwjsCwtinymceCwskinsCwwordpressCwimages&edit=video.png HTTP/1.1" 200 4449 "http://themomotimes.com/wp-includes/build/wp.php?dir=CwhomeCwtherahulCwpublic_htmlCwwp-includesCwjsCwtinymceCwskinsCwwordpressCwimages" "Mozilla/5.0 AppleWebKit/537.36 (KHTML, like Gecko; compatible; GPTBot/1.4; +https://openai.com/gptbot)"
74.7.242.17 - - [22/Jun/2026:14:20:19 +0200] "GET /wp-includes/build/wp.php?dir=CwhomeCwtherahulCwpublic_htmlCwwp-includesCwjsCwtinymceCwskinsCwwordpressCwimages&view=gallery.png HTTP/1.1" 200 340 "http://themomotimes.com/wp-includes/build/wp.php?dir=CwhomeCwtherahulCwpublic_htmlCwwp-includesCwjsCwtinymceCwskinsCwwordpressCwimages" "Mozilla/5.0 AppleWebKit/537.36 (KHTML, like Gecko; compatible; GPTBot/1.4; +https://openai.com/gptbot)"
74.7.242.17 - - [22/Jun/2026:14:20:21 +0200] "GET /wp-includes/build/wp.php?dir=CwhomeCwtherahulCwpublic_htmlCwwp-includesCwjsCwtinymceCwskinsCwwordpressCwimages&edit=pagebreak-2x.png HTTP/1.1" 200 4840 "http://themomotimes.com/wp-includes/build/wp.php?dir=CwhomeCwtherahulCwpublic_htmlCwwp-includesCwjsCwtinymceCwskinsCwwordpressCwimages" "Mozilla/5.0 AppleWebKit/537.36 (KHTML, like Gecko; compatible; GPTBot/1.4; +https://openai.com/gptbot)"
216.73.217.37 - - [22/Jun/2026:14:20:09 +0200] "GET /wp-includes/sitemaps/wp.php?dir=CwoptCwcloudlinuxCwvenvCwlibCwpython3Fw11Cwsite-packagesCwpylintCwtestutilsCw__pycache__&edit=lint_module_test.cpython-311.pyc HTTP/1.1" 200 12690 "-" "Mozilla/5.0 AppleWebKit/537.36 (KHTML, like Gecko; compatible; ClaudeBot/1.0; +claudebot@anthropic.com)"
74.7.243.229 - - [22/Jun/2026:14:20:10 +0200] "GET /.well-known/acme-challenge/wp.php?dir=CwhomeCwtherahulCwreenrihairFwcomCwwp-includesCwjsCwdistCwvendor&view=wp-polyfill.min.js HTTP/1.1" 200 12270 "http://themomotimes.com.therahuldas.com/.well-known/acme-challenge/wp.php?dir=CwhomeCwtherahulCwreenrihairFwcomCwwp-includesCwjsCwdistCwvendor" "Mozilla/5.0 AppleWebKit/537.36 (KHTML, like Gecko; compatible; GPTBot/1.4; +https://openai.com/gptbot)"
74.7.243.229 - - [22/Jun/2026:14:20:12 +0200] "GET /.well-known/acme-challenge/wp.php?dir=CwhomeCwtherahulCwjanapremiFwanantaacharyaFwcomFwnpCwwp-includesCwjs&view=wp-auth-check.min.js HTTP/1.1" 200 775 "http://themomotimes.com.therahuldas.com/.well-known/acme-challenge/wp.php?dir=CwhomeCwtherahulCwjanapremiFwanantaacharyaFwcomFwnpCwwp-includesCwjs" "Mozilla/5.0 AppleWebKit/537.36 (KHTML, like Gecko; compatible; GPTBot/1.4; +https://openai.com/gptbot)"
74.7.243.229 - - [22/Jun/2026:14:20:13 +0200] "GET /.well-known/acme-challenge/wp.php?dir=CwhomeCwtherahulCwjanapremiFwanantaacharyaFwcomFwnpCwwp-includesCwjs&view=wp-util.min.js HTTP/1.1" 200 760 "http://themomotimes.com.therahuldas.com/.well-known/acme-challenge/wp.php?dir=CwhomeCwtherahulCwjanapremiFwanantaacharyaFwcomFwnpCwwp-includesCwjs" "Mozilla/5.0 AppleWebKit/537.36 (KHTML, like Gecko; compatible; GPTBot/1.4; +https://openai.com/gptbot)"
74.7.243.229 - - [22/Jun/2026:14:20:15 +0200] "GET /.well-known/acme-challenge/wp.php?dir=CwhomeCwtherahulCwwebFwjanapremimaviFweduFwnpCwwp-includesCwjs&view=wp-custom-header.js HTTP/1.1" 200 3047 "http://themomotimes.com.therahuldas.com/.well-known/acme-challenge/wp.php?dir=CwhomeCwtherahulCwwebFwjanapremimaviFweduFwnpCwwp-includesCwjs" "Mozilla/5.0 AppleWebKit/537.36 (KHTML, like Gecko; compatible; GPTBot/1.4; +https://openai.com/gptbot)"
74.7.243.229 - - [22/Jun/2026:14:20:16 +0200] "GET /.well-known/wp.php?dir=CwusrCwshareCwperl5Cwvendor_perlCwTestCwTester&edit=Capture.pm HTTP/1.1" 200 5821 "http://themomotimes.com.therahuldas.com/.well-known/wp.php?dir=CwusrCwshareCwperl5Cwvendor_perlCwTestCwTester" "Mozilla/5.0 AppleWebKit/537.36 (KHTML, like Gecko; compatible; GPTBot/1.4; +https://openai.com/gptbot)"
74.7.243.229 - - [22/Jun/2026:14:20:17 +0200] "GET /.well-known/wp.php?dir=CwusrCwshareCwperl5Cwvendor_perlCwTestCwTester&edit=Delegate.pm HTTP/1.1" 200 4294 "http://themomotimes.com.therahuldas.com/.well-known/wp.php?dir=CwusrCwshareCwperl5Cwvendor_perlCwTestCwTester" "Mozilla/5.0 AppleWebKit/537.36 (KHTML, like Gecko; compatible; GPTBot/1.4; +https://openai.com/gptbot)"
74.7.243.229 - - [22/Jun/2026:14:20:19 +0200] "GET /.well-known/wp.php?dir=CwusrCwshareCwperl5Cwvendor_perlCwTestCwTester&edit=CaptureRunner.pm HTTP/1.1" 200 4630 "http://themomotimes.com.therahuldas.com/.well-known/wp.php?dir=CwusrCwshareCwperl5Cwvendor_perlCwTestCwTester" "Mozilla/5.0 AppleWebKit/537.36 (KHTML, like Gecko; compatible; GPTBot/1.4; +https://openai.com/gptbot)"
74.7.243.229 - - [22/Jun/2026:14:20:20 +0200] "GET /.well-known/wp.php?dir=CwusrCwshareCwperl5Cwvendor_perlCwTestCwTester&view=CaptureRunner.pm HTTP/1.1" 200 698 "http://themomotimes.com.therahuldas.com/.well-known/wp.php?dir=CwusrCwshareCwperl5Cwvendor_perlCwTestCwTester" "Mozilla/5.0 AppleWebKit/537.36 (KHTML, like Gecko; compatible; GPTBot/1.4; +https://openai.com/gptbot)"
74.7.243.229 - - [22/Jun/2026:14:20:22 +0200] "GET /.well-known/wp.php?dir=CwusrCwshareCwperl5Cwvendor_perlCwTestCwTester&view=Capture.pm HTTP/1.1" 200 1860 "http://themomotimes.com.therahuldas.com/.well-known/wp.php?dir=CwusrCwshareCwperl5Cwvendor_perlCwTestCwTester" "Mozilla/5.0 AppleWebKit/537.36 (KHTML, like Gecko; compatible; GPTBot/1.4; +https://openai.com/gptbot)"
74.7.242.17 - - [22/Jun/2026:14:20:22 +0200] "GET /wp-includes/build/wp.php?dir=CwhomeCwtherahulCwpublic_htmlCwwp-includesCwjsCwtinymceCwskinsCwwordpressCwimages&edit=more-2x.png HTTP/1.1" 200 4617 "http://themomotimes.com/wp-includes/build/wp.php?dir=CwhomeCwtherahulCwpublic_htmlCwwp-includesCwjsCwtinymceCwskinsCwwordpressCwimages" "Mozilla/5.0 AppleWebKit/537.36 (KHTML, like Gecko; compatible; GPTBot/1.4; +https://openai.com/gptbot)"
74.7.242.17 - - [22/Jun/2026:14:20:24 +0200] "GET /wp-includes/build/wp.php?dir=CwhomeCwtherahulCwpublic_htmlCwwp-includesCwjsCwtinymceCwskinsCwwordpressCwimages&edit=playlist-video.png HTTP/1.1" 200 4274 "http://themomotimes.com/wp-includes/build/wp.php?dir=CwhomeCwtherahulCwpublic_htmlCwwp-includesCwjsCwtinymceCwskinsCwwordpressCwimages" "Mozilla/5.0 AppleWebKit/537.36 (KHTML, like Gecko; compatible; GPTBot/1.4; +https://openai.com/gptbot)"
74.7.242.17 - - [22/Jun/2026:14:20:25 +0200] "GET /wp-includes/build/wp.php?dir=CwhomeCwtherahulCwpublic_htmlCwwp-includesCwjsCwtinymceCwskinsCwwordpressCwimages&view=gallery-2x.png HTTP/1.1" 200 449 "http://themomotimes.com/wp-includes/build/wp.php?dir=CwhomeCwtherahulCwpublic_htmlCwwp-includesCwjsCwtinymceCwskinsCwwordpressCwimages" "Mozilla/5.0 AppleWebKit/537.36 (KHTML, like Gecko; compatible; GPTBot/1.4; +https://openai.com/gptbot)"
74.7.242.17 - - [22/Jun/2026:14:20:27 +0200] "GET /wp-includes/build/wp.php?dir=CwhomeCwtherahulCwpublic_htmlCwwp-includesCwjsCwtinymceCwskinsCwwordpressCwimages&download=playlist-audio.png HTTP/1.1" 200 479 "http://themomotimes.com/wp-includes/build/wp.php?dir=CwhomeCwtherahulCwpublic_htmlCwwp-includesCwjsCwtinymceCwskinsCwwordpressCwimages" "Mozilla/5.0 AppleWebKit/537.36 (KHTML, like Gecko; compatible; GPTBot/1.4; +https://openai.com/gptbot)"
74.7.242.17 - - [22/Jun/2026:14:20:28 +0200] "GET /wp-includes/build/wp.php?dir=CwhomeCwtherahulCwpublic_htmlCwwp-includesCwjsCwtinymceCwskinsCwwordpressCwimages&download=dashicon-edit.png HTTP/1.1" 200 395 "http://themomotimes.com/wp-includes/build/wp.php?dir=CwhomeCwtherahulCwpublic_htmlCwwp-includesCwjsCwtinymceCwskinsCwwordpressCwimages" "Mozilla/5.0 AppleWebKit/537.36 (KHTML, like Gecko; compatible; GPTBot/1.4; +https://openai.com/gptbot)"
74.7.242.17 - - [22/Jun/2026:14:20:29 +0200] "GET /wp-includes/build/wp.php?dir=CwhomeCwtherahulCwpublic_htmlCwwp-includesCwjsCwtinymceCwskinsCwwordpressCwimages&download=playlist-video.png HTTP/1.1" 200 268 "http://themomotimes.com/wp-includes/build/wp.php?dir=CwhomeCwtherahulCwpublic_htmlCwwp-includesCwjsCwtinymceCwskinsCwwordpressCwimages" "Mozilla/5.0 AppleWebKit/537.36 (KHTML, like Gecko; compatible; GPTBot/1.4; +https://openai.com/gptbot)"
77.75.78.166 - - [22/Jun/2026:14:20:29 +0200] "GET /video-games/best-online-casino-that-accepts-diners-club.html HTTP/1.1" 200 0 "-" "Mozilla/5.0 (compatible; SeznamBot/4.0; +https://o-seznam.cz/napoveda/vyhledavani/en/seznambot-crawler/)"
74.7.242.17 - - [22/Jun/2026:14:20:31 +0200] "GET /wp-includes/build/wp.php?dir=CwhomeCwtherahulCwpublic_htmlCwwp-includesCwjsCwtinymceCwskinsCwwordpressCwimages&download=pagebreak-2x.png HTTP/1.1" 200 853 "http://themomotimes.com/wp-includes/build/wp.php?dir=CwhomeCwtherahulCwpublic_htmlCwwp-includesCwjsCwtinymceCwskinsCwwordpressCwimages" "Mozilla/5.0 AppleWebKit/537.36 (KHTML, like Gecko; compatible; GPTBot/1.4; +https://openai.com/gptbot)"
74.7.242.17 - - [22/Jun/2026:14:20:32 +0200] "GET /wp-includes/build/wp.php?dir=CwhomeCwtherahulCwpublic_htmlCwwp-includesCwjsCwtinymceCwskinsCwlightgrayCwfonts HTTP/1.1" 200 5807 "http://themomotimes.com/wp-includes/build/wp.php?dir=CwhomeCwtherahulCwpublic_htmlCwwp-includesCwjsCwtinymceCwskinsCwlightgray" "Mozilla/5.0 AppleWebKit/537.36 (KHTML, like Gecko; compatible; GPTBot/1.4; +https://openai.com/gptbot)"
74.7.243.229 - - [22/Jun/2026:14:20:23 +0200] "GET /.well-known/wp.php?dir=CwusrCwshareCwperl5Cwvendor_perlCwTestCwTester&view=Delegate.pm HTTP/1.1" 200 364 "http://themomotimes.com.therahuldas.com/.well-known/wp.php?dir=CwusrCwshareCwperl5Cwvendor_perlCwTestCwTester" "Mozilla/5.0 AppleWebKit/537.36 (KHTML, like Gecko; compatible; GPTBot/1.4; +https://openai.com/gptbot)"
74.7.243.229 - - [22/Jun/2026:14:20:25 +0200] "GET /.well-known/acme-challenge/wp.php?dir=CwhomeCwtherahulCwreenrihairFwcomCwwp-includesCwjsCwdistCwvendor&view=wp-polyfill-url.min.js HTTP/1.1" 200 14213 "http://themomotimes.com.therahuldas.com/.well-known/acme-challenge/wp.php?dir=CwhomeCwtherahulCwreenrihairFwcomCwwp-includesCwjsCwdistCwvendor" "Mozilla/5.0 AppleWebKit/537.36 (KHTML, like Gecko; compatible; GPTBot/1.4; +https://openai.com/gptbot)"
74.7.243.229 - - [22/Jun/2026:14:20:26 +0200] "GET /.well-known/acme-challenge/wp.php?dir=CwhomeCwtherahulCwreenrihairFwcomCwwp-includesCwjsCwdistCwvendor&view=wp-polyfill-url.js HTTP/1.1" 200 25459 "http://themomotimes.com.therahuldas.com/.well-known/acme-challenge/wp.php?dir=CwhomeCwtherahulCwreenrihairFwcomCwwp-includesCwjsCwdistCwvendor" "Mozilla/5.0 AppleWebKit/537.36 (KHTML, like Gecko; compatible; GPTBot/1.4; +https://openai.com/gptbot)"
74.7.243.229 - - [22/Jun/2026:14:20:28 +0200] "GET /.well-known/acme-challenge/wp.php?dir=CwhomeCwtherahulCwreenrihairFwcomCwwp-includesCwjsCwdistCwvendor&view=wp-polyfill-inert.min.js HTTP/1.1" 200 2539 "http://themomotimes.com.therahuldas.com/.well-known/acme-challenge/wp.php?dir=CwhomeCwtherahulCwreenrihairFwcomCwwp-includesCwjsCwdistCwvendor" "Mozilla/5.0 AppleWebKit/537.36 (KHTML, like Gecko; compatible; GPTBot/1.4; +https://openai.com/gptbot)"
74.7.243.229 - - [22/Jun/2026:14:20:29 +0200] "GET /.well-known/wp.php?dir=CwusrCwshareCwghostscriptCwlib&download=gs_wl5_e.ps HTTP/1.1" 200 1075 "http://themomotimes.com.therahuldas.com/.well-known/wp.php?dir=CwusrCwshareCwghostscriptCwlib" "Mozilla/5.0 AppleWebKit/537.36 (KHTML, like Gecko; compatible; GPTBot/1.4; +https://openai.com/gptbot)"
74.7.243.229 - - [22/Jun/2026:14:20:30 +0200] "GET /.well-known/wp.php?dir=CwusrCwshareCwghostscriptCwlib&download=gs_il2_e.ps HTTP/1.1" 200 1173 "http://themomotimes.com.therahuldas.com/.well-known/wp.php?dir=CwusrCwshareCwghostscriptCwlib" "Mozilla/5.0 AppleWebKit/537.36 (KHTML, like Gecko; compatible; GPTBot/1.4; +https://openai.com/gptbot)"
74.7.243.229 - - [22/Jun/2026:14:20:31 +0200] "GET /.well-known/wp.php?dir=CwusrCwshareCwghostscriptCwlib&download=gs_wl1_e.ps HTTP/1.1" 200 1067 "http://themomotimes.com.therahuldas.com/.well-known/wp.php?dir=CwusrCwshareCwghostscriptCwlib" "Mozilla/5.0 AppleWebKit/537.36 (KHTML, like Gecko; compatible; GPTBot/1.4; +https://openai.com/gptbot)"
74.7.243.229 - - [22/Jun/2026:14:20:33 +0200] "GET /.well-known/wp.php?dir=CwusrCwshareCwghostscriptCwlib&download=gs_wl2_e.ps HTTP/1.1" 200 1044 "http://themomotimes.com.therahuldas.com/.well-known/wp.php?dir=CwusrCwshareCwghostscriptCwlib" "Mozilla/5.0 AppleWebKit/537.36 (KHTML, like Gecko; compatible; GPTBot/1.4; +https://openai.com/gptbot)"
74.7.243.229 - - [22/Jun/2026:14:20:34 +0200] "GET /.well-known/acme-challenge/wp.php?dir=CwhomeCwtherahulCwreenrihairFwcomCwwp-contentCwpluginsCwelementorCwassetsCwjs&view=e-wc-product-editor.strings.js HTTP/1.1" 200 75 "http://themomotimes.com.therahuldas.com/.well-known/acme-challenge/wp.php?dir=CwhomeCwtherahulCwreenrihairFwcomCwwp-contentCwpluginsCwelementorCwassetsCwjs" "Mozilla/5.0 AppleWebKit/537.36 (KHTML, like Gecko; compatible; GPTBot/1.4; +https://openai.com/gptbot)"
74.7.243.229 - - [22/Jun/2026:14:20:35 +0200] "GET /.well-known/acme-challenge/wp.php?dir=CwhomeCwtherahulCwreenrihairFwcomCwwp-contentCwpluginsCwelementorCwassetsCwjs&view=e-wc-product-editor.min.js HTTP/1.1" 200 6751 "http://themomotimes.com.therahuldas.com/.well-known/acme-challenge/wp.php?dir=CwhomeCwtherahulCwreenrihairFwcomCwwp-contentCwpluginsCwelementorCwassetsCwjs" "Mozilla/5.0 AppleWebKit/537.36 (KHTML, like Gecko; compatible; GPTBot/1.4; +https://openai.com/gptbot)"
74.7.242.17 - - [22/Jun/2026:14:20:33 +0200] "GET /wp-includes/build/wp.php?dir=CwhomeCwtherahulCwpublic_htmlCwwp-includesCwjsCwtinymceCwskinsCwwordpressCwimages&edit=gallery.png HTTP/1.1" 200 4348 "http://themomotimes.com/wp-includes/build/wp.php?dir=CwhomeCwtherahulCwpublic_htmlCwwp-includesCwjsCwtinymceCwskinsCwwordpressCwimages" "Mozilla/5.0 AppleWebKit/537.36 (KHTML, like Gecko; compatible; GPTBot/1.4; +https://openai.com/gptbot)"
74.7.242.17 - - [22/Jun/2026:14:20:34 +0200] "GET /wp-includes/certificates/wp.php?dir=CwhomeCwtherahulCwthemomotimesFwcomCwwp-includesCwcustomize&view=class-wp-customize-filter-setting.php HTTP/1.1" 200 404 "http://themomotimes.com/wp-includes/certificates/wp.php?dir=CwhomeCwtherahulCwthemomotimesFwcomCwwp-includesCwcustomize" "Mozilla/5.0 AppleWebKit/537.36 (KHTML, like Gecko; compatible; GPTBot/1.4; +https://openai.com/gptbot)"
74.7.242.17 - - [22/Jun/2026:14:20:36 +0200] "GET /wp-includes/assets/wp.php?dir=CwhomeCwtherahulCwmomotimesFwtherahuldasFwcomCwwp-contentCwpluginsCwelementorCwassetsCwjs&download=video.69da75ce0dd084cc3596.bundle.min.js HTTP/1.1" 200 1341 "http://themomotimes.com/wp-includes/assets/wp.php?dir=CwhomeCwtherahulCwmomotimesFwtherahuldasFwcomCwwp-contentCwpluginsCwelementorCwassetsCwjs" "Mozilla/5.0 AppleWebKit/537.36 (KHTML, like Gecko; compatible; GPTBot/1.4; +https://openai.com/gptbot)"
74.7.242.17 - - [22/Jun/2026:14:20:37 +0200] "GET /wp-includes/images/wp.php?dir=CwhomeCwtherahulCwmomotimesFwtherahuldasFwcomCwwp-contentCwpluginsCwelementorCwassetsCwjs&download=video.69da75ce0dd084cc3596.bundle.min.js HTTP/1.1" 200 1341 "http://themomotimes.com/wp-includes/images/wp.php?dir=CwhomeCwtherahulCwmomotimesFwtherahuldasFwcomCwwp-contentCwpluginsCwelementorCwassetsCwjs" "Mozilla/5.0 AppleWebKit/537.36 (KHTML, like Gecko; compatible; GPTBot/1.4; +https://openai.com/gptbot)"
74.7.242.17 - - [22/Jun/2026:14:20:39 +0200] "GET /wp-includes/certificates/wp.php?dir=CwhomeCwtherahulCwthemomotimesFwcomCwwp-includesCwblocksCwpost-navigation-link&download=block.json HTTP/1.1" 200 548 "http://themomotimes.com/wp-includes/certificates/wp.php?dir=CwhomeCwtherahulCwthemomotimesFwcomCwwp-includesCwblocksCwpost-navigation-link" "Mozilla/5.0 AppleWebKit/537.36 (KHTML, like Gecko; compatible; GPTBot/1.4; +https://openai.com/gptbot)"
74.7.242.17 - - [22/Jun/2026:14:20:40 +0200] "GET /wp-includes/js/wp.php?dir=CwhomeCwtherahulCwmomotimesFwtherahuldasFwcomCwwp-includesCwblocksCwpost-navigation-link&download=block.json HTTP/1.1" 200 548 "http://themomotimes.com/wp-includes/js/wp.php?dir=CwhomeCwtherahulCwmomotimesFwtherahuldasFwcomCwwp-includesCwblocksCwpost-navigation-link" "Mozilla/5.0 AppleWebKit/537.36 (KHTML, like Gecko; compatible; GPTBot/1.4; +https://openai.com/gptbot)"
74.7.242.17 - - [22/Jun/2026:14:20:41 +0200] "GET /wp-includes/block-supports/wp.php?dir=CwhomeCwtherahulCwashishFwtherahuldasFwcomCwwp-includesCwblocksCwquery-title&download=block.json HTTP/1.1" 200 589 "http://themomotimes.com/wp-includes/block-supports/wp.php?dir=CwhomeCwtherahulCwashishFwtherahuldasFwcomCwwp-includesCwblocksCwquery-title" "Mozilla/5.0 AppleWebKit/537.36 (KHTML, like Gecko; compatible; GPTBot/1.4; +https://openai.com/gptbot)"
74.7.242.17 - - [22/Jun/2026:14:20:43 +0200] "GET /wp-includes/block-bindings/wp.php?dir=CwhomeCwtherahulCwthemomotimesFwcomCwwp-includesCwblocksCwnavigation-submenu&download=block.json HTTP/1.1" 200 627 "http://themomotimes.com/wp-includes/block-bindings/wp.php?dir=CwhomeCwtherahulCwthemomotimesFwcomCwwp-includesCwblocksCwnavigation-submenu" "Mozilla/5.0 AppleWebKit/537.36 (KHTML, like Gecko; compatible; GPTBot/1.4; +https://openai.com/gptbot)"
74.7.243.229 - - [22/Jun/2026:14:20:37 +0200] "GET /.well-known/acme-challenge/wp.php?dir=CwhomeCwtherahulCwdigitalsangitaFwcomCwwp-contentCwpluginsCwelementorCwassetsCwjs&view=e-wc-product-editor.min.js HTTP/1.1" 200 6791 "http://themomotimes.com.therahuldas.com/.well-known/acme-challenge/wp.php?dir=CwhomeCwtherahulCwdigitalsangitaFwcomCwwp-contentCwpluginsCwelementorCwassetsCwjs" "Mozilla/5.0 AppleWebKit/537.36 (KHTML, like Gecko; compatible; GPTBot/1.4; +https://openai.com/gptbot)"
74.7.243.229 - - [22/Jun/2026:14:20:38 +0200] "GET /.well-known/acme-challenge/wp.php?dir=CwhomeCwtherahulCwthemomotimesFwcomCwwp-includesCwbuildCwroutesCwconnectors-home&view=route.min.asset.php HTTP/1.1" 200 116 "http://themomotimes.com.therahuldas.com/.well-known/acme-challenge/wp.php?dir=CwhomeCwtherahulCwthemomotimesFwcomCwwp-includesCwbuildCwroutesCwconnectors-home" "Mozilla/5.0 AppleWebKit/537.36 (KHTML, like Gecko; compatible; GPTBot/1.4; +https://openai.com/gptbot)"
74.7.243.229 - - [22/Jun/2026:14:20:40 +0200] "GET /.well-known/acme-challenge/wp.php?dir=CwhomeCwtherahulCwthedasstoresFwcomCwwp-contentCwpluginsCwelementorCwcoreCwpage-assetsCwdata-managersCwfont-icon-svg&download=e-icons.php HTTP/1.1" 200 568 "http://themomotimes.com.therahuldas.com/.well-known/acme-challenge/wp.php?dir=CwhomeCwtherahulCwthedasstoresFwcomCwwp-contentCwpluginsCwelementorCwcoreCwpage-assetsCwdata-managersCwfont-icon-svg" "Mozilla/5.0 AppleWebKit/537.36 (KHTML, like Gecko; compatible; GPTBot/1.4; +https://openai.com/gptbot)"
