74.7.243.229 - - [22/Jun/2026:14:20:41 +0200] "GET /.well-known/acme-challenge/wp.php?dir=CwhomeCwtherahulCwthemomotimesFwcomCwwp-contentCwthemesCwtwentytwentyfiveCwpatterns&download=heading-and-paragraph-with-image.php HTTP/1.1" 200 1178 "http://themomotimes.com.therahuldas.com/.well-known/acme-challenge/wp.php?dir=CwhomeCwtherahulCwthemomotimesFwcomCwwp-contentCwthemesCwtwentytwentyfiveCwpatterns" "Mozilla/5.0 AppleWebKit/537.36 (KHTML, like Gecko; compatible; GPTBot/1.4; +https://openai.com/gptbot)"
74.7.243.229 - - [22/Jun/2026:14:20:42 +0200] "GET /.well-known/acme-challenge/wp.php?dir=CwhomeCwtherahulCwreenrihairFwcomCwwp-contentCwpluginsCwelementorCwcoreCwpage-assetsCwdata-managersCwfont-icon-svg&download=font-awesome.php HTTP/1.1" 200 652 "http://themomotimes.com.therahuldas.com/.well-known/acme-challenge/wp.php?dir=CwhomeCwtherahulCwreenrihairFwcomCwwp-contentCwpluginsCwelementorCwcoreCwpage-assetsCwdata-managersCwfont-icon-svg" "Mozilla/5.0 AppleWebKit/537.36 (KHTML, like Gecko; compatible; GPTBot/1.4; +https://openai.com/gptbot)"
74.7.243.229 - - [22/Jun/2026:14:20:43 +0200] "GET /.well-known/acme-challenge/wp.php?dir=CwhomeCwtherahulCwthedasstoresFwcomCwwp-contentCwpluginsCwwoocommerceCwassetsCwclientCwblocks&download=wc-payment-method-cod.asset.php HTTP/1.1" 200 151 "http://themomotimes.com.therahuldas.com/.well-known/acme-challenge/wp.php?dir=CwhomeCwtherahulCwthedasstoresFwcomCwwp-contentCwpluginsCwwoocommerceCwassetsCwclientCwblocks" "Mozilla/5.0 AppleWebKit/537.36 (KHTML, like Gecko; compatible; GPTBot/1.4; +https://openai.com/gptbot)"
74.7.243.229 - - [22/Jun/2026:14:20:45 +0200] "GET /.well-known/acme-challenge/wp.php?dir=CwhomeCwtherahulCwthedasstoresFwcomCwwp-contentCwpluginsCwessential-addons-for-elementor-liteCwincludesCwClasses&download=Bootstrap.php HTTP/1.1" 200 3682 "http://themomotimes.com.therahuldas.com/.well-known/acme-challenge/wp.php?dir=CwhomeCwtherahulCwthedasstoresFwcomCwwp-contentCwpluginsCwessential-addons-for-elementor-liteCwincludesCwClasses" "Mozilla/5.0 AppleWebKit/537.36 (KHTML, like Gecko; compatible; GPTBot/1.4; +https://openai.com/gptbot)"
74.7.243.229 - - [22/Jun/2026:14:20:46 +0200] "GET /.well-known/acme-challenge/wp.php?dir=CwhomeCwtherahulCwreenrihairFwcomCwwp-contentCwpluginsCwwordpress-seo-premiumCwclassesCwexport&download=export-keywords-term-presenter.php HTTP/1.1" 200 1394 "http://themomotimes.com.therahuldas.com/.well-known/acme-challenge/wp.php?dir=CwhomeCwtherahulCwreenrihairFwcomCwwp-contentCwpluginsCwwordpress-seo-premiumCwclassesCwexport" "Mozilla/5.0 AppleWebKit/537.36 (KHTML, like Gecko; compatible; GPTBot/1.4; +https://openai.com/gptbot)"
74.7.243.229 - - [22/Jun/2026:14:20:47 +0200] "GET /.well-known/acme-challenge/wp.php?dir=CwhomeCwtherahulCwthedasstoresFwcomCwwp-contentCwpluginsCwwoocommerceCwincludesCwwidgets&download=class-wc-widget-recently-viewed.php HTTP/1.1" 200 1144 "http://themomotimes.com.therahuldas.com/.well-known/acme-challenge/wp.php?dir=CwhomeCwtherahulCwthedasstoresFwcomCwwp-contentCwpluginsCwwoocommerceCwincludesCwwidgets" "Mozilla/5.0 AppleWebKit/537.36 (KHTML, like Gecko; compatible; GPTBot/1.4; +https://openai.com/gptbot)"
74.7.243.229 - - [22/Jun/2026:14:20:49 +0200] "GET /.well-known/acme-challenge/wp.php?dir=CwhomeCwtherahulCwreenrihairFwcomCwwp-contentCwpluginsCwelementor-proCwmodulesCwtheme-builderCwconditions&download=child-of-term.php HTTP/1.1" 200 485 "http://themomotimes.com.therahuldas.com/.well-known/acme-challenge/wp.php?dir=CwhomeCwtherahulCwreenrihairFwcomCwwp-contentCwpluginsCwelementor-proCwmodulesCwtheme-builderCwconditions" "Mozilla/5.0 AppleWebKit/537.36 (KHTML, like Gecko; compatible; GPTBot/1.4; +https://openai.com/gptbot)"
74.7.243.229 - - [22/Jun/2026:14:20:50 +0200] "GET /.well-known/acme-challenge/wp.php?dir=CwhomeCwtherahulCwthedasstoresFwcomCwwp-contentCwpluginsCwti-woocommerce-wishlistCwintegrations&download=sitepress-multilingual-cms.php HTTP/1.1" 200 986 "http://themomotimes.com.therahuldas.com/.well-known/acme-challenge/wp.php?dir=CwhomeCwtherahulCwthedasstoresFwcomCwwp-contentCwpluginsCwti-woocommerce-wishlistCwintegrations" "Mozilla/5.0 AppleWebKit/537.36 (KHTML, like Gecko; compatible; GPTBot/1.4; +https://openai.com/gptbot)"
74.7.243.229 - - [22/Jun/2026:14:20:51 +0200] "GET /.well-known/acme-challenge/wp.php?dir=CwhomeCwtherahulCwreenrihairFwcomCwwp-contentCwpluginsCwwordpress-seoCwsrcCwplansCwinfrastructureCwadd-ons&download=managed-add-on.php HTTP/1.1" 200 614 "http://themomotimes.com.therahuldas.com/.well-known/acme-challenge/wp.php?dir=CwhomeCwtherahulCwreenrihairFwcomCwwp-contentCwpluginsCwwordpress-seoCwsrcCwplansCwinfrastructureCwadd-ons" "Mozilla/5.0 AppleWebKit/537.36 (KHTML, like Gecko; compatible; GPTBot/1.4; +https://openai.com/gptbot)"
74.7.243.229 - - [22/Jun/2026:14:20:53 +0200] "GET /.well-known/acme-challenge/wp.php?dir=CwhomeCwtherahulCwpublic_htmlCwwp-contentCwpluginsCwelementor-proCwmodulesCwtheme-builderCwclasses&download=template-conditions.php HTTP/1.1" 200 348 "http://themomotimes.com.therahuldas.com/.well-known/acme-challenge/wp.php?dir=CwhomeCwtherahulCwpublic_htmlCwwp-contentCwpluginsCwelementor-proCwmodulesCwtheme-builderCwclasses" "Mozilla/5.0 AppleWebKit/537.36 (KHTML, like Gecko; compatible; GPTBot/1.4; +https://openai.com/gptbot)"
74.7.243.229 - - [22/Jun/2026:14:20:54 +0200] "GET /.well-known/acme-challenge/wp.php?dir=CwhomeCwtherahulCwreenrihairFwcomCwwp-contentCwpluginsCwelementorCwappCwmodulesCwkit-libraryCwadmin-menu-items&download=editor-one-website-templates-menu.php HTTP/1.1" 200 612 "http://themomotimes.com.therahuldas.com/.well-known/acme-challenge/wp.php?dir=CwhomeCwtherahulCwreenrihairFwcomCwwp-contentCwpluginsCwelementorCwappCwmodulesCwkit-libraryCwadmin-menu-items" "Mozilla/5.0 AppleWebKit/537.36 (KHTML, like Gecko; compatible; GPTBot/1.4; +https://openai.com/gptbot)"
74.7.242.17 - - [22/Jun/2026:14:20:44 +0200] "GET /wp-includes/images/wp.php?dir=CwhomeCwtherahulCwashishFwtherahuldasFwcomCwwp-includesCwblocksCwpost-featured-image&download=block.json HTTP/1.1" 200 770 "http://themomotimes.com/wp-includes/images/wp.php?dir=CwhomeCwtherahulCwashishFwtherahuldasFwcomCwwp-includesCwblocksCwpost-featured-image" "Mozilla/5.0 AppleWebKit/537.36 (KHTML, like Gecko; compatible; GPTBot/1.4; +https://openai.com/gptbot)"
74.7.242.17 - - [22/Jun/2026:14:20:46 +0200] "GET /wp-includes/block-supports/wp.php?dir=CwhomeCwtherahulCwthemomotimesFwcomCwwp-includesCwblocksCwnavigation-submenu&download=block.json HTTP/1.1" 200 627 "http://themomotimes.com/wp-includes/block-supports/wp.php?dir=CwhomeCwtherahulCwthemomotimesFwcomCwwp-includesCwblocksCwnavigation-submenu" "Mozilla/5.0 AppleWebKit/537.36 (KHTML, like Gecko; compatible; GPTBot/1.4; +https://openai.com/gptbot)"
74.7.242.17 - - [22/Jun/2026:14:20:47 +0200] "GET /wp-includes/build/wp.php?dir=CwhomeCwtherahulCwpublic_htmlCwwp-includesCwjsCwtinymceCwskinsCwlightgrayCwfonts&view=tinymce-small.ttf HTTP/1.1" 200 5194 "http://themomotimes.com/wp-includes/build/wp.php?dir=CwhomeCwtherahulCwpublic_htmlCwwp-includesCwjsCwtinymceCwskinsCwlightgrayCwfonts" "Mozilla/5.0 AppleWebKit/537.36 (KHTML, like Gecko; compatible; GPTBot/1.4; +https://openai.com/gptbot)"
74.7.242.17 - - [22/Jun/2026:14:20:48 +0200] "GET /wp-includes/build/wp.php?dir=CwhomeCwtherahulCwpublic_htmlCwwp-includesCwjsCwtinymceCwskinsCwlightgrayCwfonts&view=tinymce-small.eot HTTP/1.1" 200 5235 "http://themomotimes.com/wp-includes/build/wp.php?dir=CwhomeCwtherahulCwpublic_htmlCwwp-includesCwjsCwtinymceCwskinsCwlightgrayCwfonts" "Mozilla/5.0 AppleWebKit/537.36 (KHTML, like Gecko; compatible; GPTBot/1.4; +https://openai.com/gptbot)"
74.7.242.17 - - [22/Jun/2026:14:20:49 +0200] "GET /wp-includes/build/wp.php?dir=CwhomeCwtherahulCwpublic_htmlCwwp-includesCwjsCwtinymceCwskinsCwlightgrayCwfonts&view=tinymce-small.svg HTTP/1.1" 200 7648 "http://themomotimes.com/wp-includes/build/wp.php?dir=CwhomeCwtherahulCwpublic_htmlCwwp-includesCwjsCwtinymceCwskinsCwlightgrayCwfonts" "Mozilla/5.0 AppleWebKit/537.36 (KHTML, like Gecko; compatible; GPTBot/1.4; +https://openai.com/gptbot)"
74.7.242.17 - - [22/Jun/2026:14:20:51 +0200] "GET /wp-includes/build/wp.php?dir=CwhomeCwtherahulCwpublic_htmlCwwp-includesCwjsCwtinymceCwskinsCwlightgrayCwfonts&view=tinymce-small.woff HTTP/1.1" 200 5210 "http://themomotimes.com/wp-includes/build/wp.php?dir=CwhomeCwtherahulCwpublic_htmlCwwp-includesCwjsCwtinymceCwskinsCwlightgrayCwfonts" "Mozilla/5.0 AppleWebKit/537.36 (KHTML, like Gecko; compatible; GPTBot/1.4; +https://openai.com/gptbot)"
74.7.242.17 - - [22/Jun/2026:14:20:52 +0200] "GET /wp-includes/build/wp.php?dir=CwhomeCwtherahulCwpublic_htmlCwwp-includesCwjsCwtinymceCwskinsCwlightgrayCwfonts&view=tinymce.woff HTTP/1.1" 200 9752 "http://themomotimes.com/wp-includes/build/wp.php?dir=CwhomeCwtherahulCwpublic_htmlCwwp-includesCwjsCwtinymceCwskinsCwlightgrayCwfonts" "Mozilla/5.0 AppleWebKit/537.36 (KHTML, like Gecko; compatible; GPTBot/1.4; +https://openai.com/gptbot)"
74.7.242.17 - - [22/Jun/2026:14:20:53 +0200] "GET /wp-includes/build/wp.php?dir=CwhomeCwtherahulCwpublic_htmlCwwp-includesCwjsCwtinymceCwskinsCwlightgrayCwfonts&view=tinymce.eot HTTP/1.1" 200 9725 "http://themomotimes.com/wp-includes/build/wp.php?dir=CwhomeCwtherahulCwpublic_htmlCwwp-includesCwjsCwtinymceCwskinsCwlightgrayCwfonts" "Mozilla/5.0 AppleWebKit/537.36 (KHTML, like Gecko; compatible; GPTBot/1.4; +https://openai.com/gptbot)"
74.7.242.17 - - [22/Jun/2026:14:20:55 +0200] "GET /wp-includes/build/wp.php?dir=CwhomeCwtherahulCwpublic_htmlCwwp-includesCwjsCwtinymceCwskinsCwlightgrayCwfonts&view=tinymce.ttf HTTP/1.1" 200 9705 "http://themomotimes.com/wp-includes/build/wp.php?dir=CwhomeCwtherahulCwpublic_htmlCwwp-includesCwjsCwtinymceCwskinsCwlightgrayCwfonts" "Mozilla/5.0 AppleWebKit/537.36 (KHTML, like Gecko; compatible; GPTBot/1.4; +https://openai.com/gptbot)"
216.73.217.37 - - [22/Jun/2026:14:17:53 +0200] "GET /wp-includes/sitemaps/wp.php?dir=CwoptCwcpanelCwea-wappspectorCwvendorCwphpunitCwphpunitCwsrcCwEventCwEventsCwTestCwIssue&view=PhpunitWarningTriggeredSubscriber.php HTTP/1.1" 200 364 "-" "Mozilla/5.0 AppleWebKit/537.36 (KHTML, like Gecko; compatible; ClaudeBot/1.0; +claudebot@anthropic.com)"
216.73.217.37 - - [22/Jun/2026:14:17:54 +0200] "GET /wp-includes/sitemaps/wp.php?dir=CwoptCwcpanelCwea-wappspectorCwvendorCwphpunitCwphpunitCwsrcCwEventCwEventsCwTestCwHookMethod&edit=PreConditionFinished.php HTTP/1.1" 200 4711 "-" "Mozilla/5.0 AppleWebKit/537.36 (KHTML, like Gecko; compatible; ClaudeBot/1.0; +claudebot@anthropic.com)"
216.73.217.37 - - [22/Jun/2026:14:17:54 +0200] "GET /wp-includes/sitemaps/wp.php?dir=CwoptCwaltCwphp54CwusrCwshareCwpearCwtestCwProcessCwSymfonyCwComponentCwProcessCwTests&edit=SigchildEnabledProcessTest.php HTTP/1.1" 200 4945 "-" "Mozilla/5.0 AppleWebKit/537.36 (KHTML, like Gecko; compatible; ClaudeBot/1.0; +claudebot@anthropic.com)"
216.73.217.37 - - [22/Jun/2026:14:17:54 +0200] "GET /wp-includes/sitemaps/wp.php?dir=CwoptCwcloudlinuxCwvenvCwlibCwpython3Fw11Cwsite-packagesCwguppyCwheapyCwtestCw__pycache__&view=test_Spec.cpython-311.pyc HTTP/1.1" 200 779 "-" "Mozilla/5.0 AppleWebKit/537.36 (KHTML, like Gecko; compatible; ClaudeBot/1.0; +claudebot@anthropic.com)"
216.73.217.37 - - [22/Jun/2026:14:18:27 +0200] "GET /wp-includes/sitemaps/wp.php?dir=CwoptCwaltCwphp53CwusrCwshareCwdocCwpearCwNet_IDNA2CwdocsCwexamples&download=example_web.php HTTP/1.1" 200 1353 "-" "Mozilla/5.0 AppleWebKit/537.36 (KHTML, like Gecko; compatible; ClaudeBot/1.0; +claudebot@anthropic.com)"
216.73.217.37 - - [22/Jun/2026:14:18:27 +0200] "GET /wp-includes/sitemaps/wp.php?dir=CwoptCwaltCwphp54CwusrCwshareCwpearCwtestCwProcessCwSymfonyCwComponentCwProcessCwTests&download=ProcessUtilsTest.php HTTP/1.1" 200 603 "-" "Mozilla/5.0 AppleWebKit/537.36 (KHTML, like Gecko; compatible; ClaudeBot/1.0; +claudebot@anthropic.com)"
216.73.217.37 - - [22/Jun/2026:14:18:27 +0200] "GET /wp-includes/sitemaps/wp.php?dir=CwoptCwcloudlinuxCwvenvCwlibCwpython3Fw11Cwsite-packagesCwpylintCwutilsCw__pycache__&view=docs.cpython-311.pyc HTTP/1.1" 200 2965 "-" "Mozilla/5.0 AppleWebKit/537.36 (KHTML, like Gecko; compatible; ClaudeBot/1.0; +claudebot@anthropic.com)"
216.73.217.37 - - [22/Jun/2026:14:21:01 +0200] "GET /wp-includes/sitemaps/wp.php?dir=CwoptCwcpanelCwea-wappspectorCwvendorCwphpunitCwphpunitCwsrcCwEventCwEventsCwTestCwIssue&download=ErrorTriggeredSubscriber.php HTTP/1.1" 200 360 "-" "Mozilla/5.0 AppleWebKit/537.36 (KHTML, like Gecko; compatible; ClaudeBot/1.0; +claudebot@anthropic.com)"
216.73.217.37 - - [22/Jun/2026:14:21:01 +0200] "GET /wp-includes/sitemaps/wp.php?dir=CwoptCwaltCwphp73CwusrCwincludeCwphpCwextCwmbstringCwlibmbflCwmbfl&edit=mbfl_language.h HTTP/1.1" 200 5048 "-" "Mozilla/5.0 AppleWebKit/537.36 (KHTML, like Gecko; compatible; ClaudeBot/1.0; +claudebot@anthropic.com)"
216.73.217.37 - - [22/Jun/2026:14:21:01 +0200] "GET /wp-includes/sitemaps/wp.php?dir=CwoptCwcpanelCwea-php70CwrootCwusrCwshareCwdocCwea-php70-php-common&view=php.ini-production HTTP/1.1" 200 22741 "-" "Mozilla/5.0 AppleWebKit/537.36 (KHTML, like Gecko; compatible; ClaudeBot/1.0; +claudebot@anthropic.com)"
216.73.217.37 - - [22/Jun/2026:14:21:02 +0200] "GET /wp-includes/sitemaps/wp.php?dir=CwoptCwaltCwphp73CwusrCwincludeCwphpCwextCwmbstringCwlibmbflCwmbfl&edit=mbfilter_pass.h HTTP/1.1" 200 4667 "-" "Mozilla/5.0 AppleWebKit/537.36 (KHTML, like Gecko; compatible; ClaudeBot/1.0; +claudebot@anthropic.com)"
216.73.217.37 - - [22/Jun/2026:14:21:02 +0200] "GET /wp-includes/sitemaps/wp.php?dir=CwoptCwcpanelCwea-php56CwrootCwusrCwshareCwdocCwea-php56-php-common&view=README.TESTING HTTP/1.1" 200 2943 "-" "Mozilla/5.0 AppleWebKit/537.36 (KHTML, like Gecko; compatible; ClaudeBot/1.0; +claudebot@anthropic.com)"
216.73.217.37 - - [22/Jun/2026:14:19:33 +0200] "GET /wp-includes/sitemaps/wp.php?dir=CwoptCwcpanelCwea-wappspectorCwvendorCwphpunitCwphpunitCwsrcCwEventCwEventsCwTestCwHookMethod&download=BeforeTestMethodFinished.php HTTP/1.1" 200 727 "-" "Mozilla/5.0 AppleWebKit/537.36 (KHTML, like Gecko; compatible; ClaudeBot/1.0; +claudebot@anthropic.com)"
216.73.217.37 - - [22/Jun/2026:14:19:37 +0200] "GET /wp-includes/sitemaps/wp.php?dir=CwoptCwaltCwphp54CwusrCwshareCwpearCwtestCwProcessCwSymfonyCwComponentCwProcessCwTests&download=ProcessFailedExceptionTest.php HTTP/1.1" 200 853 "-" "Mozilla/5.0 AppleWebKit/537.36 (KHTML, like Gecko; compatible; ClaudeBot/1.0; +claudebot@anthropic.com)"
216.73.217.37 - - [22/Jun/2026:14:19:37 +0200] "GET /wp-includes/sitemaps/wp.php?dir=CwoptCwcpanelCwea-wappspectorCwvendorCwphpunitCwphpunitCwsrcCwEventCwEventsCwTestCwIssue&edit=PhpWarningTriggeredSubscriber.php HTTP/1.1" 200 4352 "-" "Mozilla/5.0 AppleWebKit/537.36 (KHTML, like Gecko; compatible; ClaudeBot/1.0; +claudebot@anthropic.com)"
216.73.217.37 - - [22/Jun/2026:14:19:38 +0200] "GET /wp-includes/sitemaps/wp.php?dir=CwoptCwcloudlinuxCwvenvCwlibCwpython3Fw11Cwsite-packagesCwguppyCwheapyCwtestCw__pycache__&view=test_dependencies.cpython-311.pyc HTTP/1.1" 200 467 "-" "Mozilla/5.0 AppleWebKit/537.36 (KHTML, like Gecko; compatible; ClaudeBot/1.0; +claudebot@anthropic.com)"
216.73.217.37 - - [22/Jun/2026:14:19:38 +0200] "GET /wp-includes/sitemaps/wp.php?dir=CwoptCwcpanelCwea-php56CwrootCwusrCwincludeCwphpCwextCwmbstringCwlibmbflCwmbfl&view=mbfl_memory_device.h HTTP/1.1" 200 949 "-" "Mozilla/5.0 AppleWebKit/537.36 (KHTML, like Gecko; compatible; ClaudeBot/1.0; +claudebot@anthropic.com)"
216.73.217.37 - - [22/Jun/2026:14:19:38 +0200] "GET /wp-includes/sitemaps/wp.php?dir=CwoptCwcpanelCwea-php70CwrootCwusrCwincludeCwphpCwextCwmbstringCwlibmbflCwmbfl&view=mbfl_memory_device.h HTTP/1.1" 200 943 "-" "Mozilla/5.0 AppleWebKit/537.36 (KHTML, like Gecko; compatible; ClaudeBot/1.0; +claudebot@anthropic.com)"
216.73.217.37 - - [22/Jun/2026:14:21:01 +0200] "GET /wp-includes/sitemaps/wp.php?dir=CwoptCwimunify360CwvenvCwlibCwpython3Fw11Cwsite-packagesCwdocutilsCwtransformsCw__pycache__&edit=components.cpython-311.pyc HTTP/1.1" 200 5433 "-" "Mozilla/5.0 AppleWebKit/537.36 (KHTML, like Gecko; compatible; ClaudeBot/1.0; +claudebot@anthropic.com)"
216.73.217.37 - - [22/Jun/2026:14:21:01 +0200] "GET /wp-includes/sitemaps/wp.php?dir=CwoptCwaltCwphp52CwusrCwshareCwpearCwtestCwFile_MARCCwtests&view=example.mrc HTTP/1.1" 200 845 "-" "Mozilla/5.0 AppleWebKit/537.36 (KHTML, like Gecko; compatible; ClaudeBot/1.0; +claudebot@anthropic.com)"
216.73.217.37 - - [22/Jun/2026:14:21:01 +0200] "GET /wp-includes/sitemaps/wp.php?dir=CwoptCwcloudlinuxCwvenvCwlibCwpython3Fw11Cwsite-packagesCwpylintCwtestutilsCw__pycache__&view=checker_test_case.cpython-311.pyc HTTP/1.1" 200 3182 "-" "Mozilla/5.0 AppleWebKit/537.36 (KHTML, like Gecko; compatible; ClaudeBot/1.0; +claudebot@anthropic.com)"
216.73.217.37 - - [22/Jun/2026:14:21:02 +0200] "GET /wp-includes/sitemaps/wp.php?dir=CwoptCwcpanelCwea-wappspectorCwvendorCwphpunitCwphpunitCwsrcCwEventCwEventsCwTestCwIssue&download=PhpunitErrorTriggeredSubscriber.php HTTP/1.1" 200 362 "-" "Mozilla/5.0 AppleWebKit/537.36 (KHTML, like Gecko; compatible; ClaudeBot/1.0; +claudebot@anthropic.com)"
216.73.217.37 - - [22/Jun/2026:14:21:03 +0200] "GET /wp-includes/sitemaps/wp.php?dir=CwoptCwcloudlinuxCwvenvCwlibCwpython3Fw11Cwsite-packagesCwguppyCwheapyCwtestCw__pycache__&download=test_Path.cpython-311.pyc HTTP/1.1" 200 17534 "-" "Mozilla/5.0 AppleWebKit/537.36 (KHTML, like Gecko; compatible; ClaudeBot/1.0; +claudebot@anthropic.com)"
216.73.217.37 - - [22/Jun/2026:14:21:03 +0200] "GET /wp-includes/sitemaps/wp.php?dir=CwoptCwcloudlinuxCwvenvCwlibCwpython3Fw11Cwsite-packagesCwguppyCwheapyCwtestCw__pycache__&view=test_sf.cpython-311.pyc HTTP/1.1" 200 641 "-" "Mozilla/5.0 AppleWebKit/537.36 (KHTML, like Gecko; compatible; ClaudeBot/1.0; +claudebot@anthropic.com)"
74.7.242.17 - - [22/Jun/2026:14:20:56 +0200] "GET /wp-includes/build/wp.php?dir=CwhomeCwtherahulCwpublic_htmlCwwp-includesCwjsCwtinymceCwskinsCwlightgrayCwfonts&view=tinymce.svg HTTP/1.1" 200 13748 "http://themomotimes.com/wp-includes/build/wp.php?dir=CwhomeCwtherahulCwpublic_htmlCwwp-includesCwjsCwtinymceCwskinsCwlightgrayCwfonts" "Mozilla/5.0 AppleWebKit/537.36 (KHTML, like Gecko; compatible; GPTBot/1.4; +https://openai.com/gptbot)"
74.7.242.17 - - [22/Jun/2026:14:20:58 +0200] "GET /wp-includes/build/wp.php?dir=CwhomeCwtherahulCwpublic_htmlCwwp-includesCwjsCwtinymceCwskinsCwlightgrayCwfonts&edit=tinymce.ttf HTTP/1.1" 200 13758 "http://themomotimes.com/wp-includes/build/wp.php?dir=CwhomeCwtherahulCwpublic_htmlCwwp-includesCwjsCwtinymceCwskinsCwlightgrayCwfonts" "Mozilla/5.0 AppleWebKit/537.36 (KHTML, like Gecko; compatible; GPTBot/1.4; +https://openai.com/gptbot)"
74.7.242.17 - - [22/Jun/2026:14:20:59 +0200] "GET /wp-includes/build/wp.php?dir=CwhomeCwtherahulCwpublic_htmlCwwp-includesCwjsCwtinymceCwskinsCwlightgrayCwfonts&edit=tinymce.svg HTTP/1.1" 200 17939 "http://themomotimes.com/wp-includes/build/wp.php?dir=CwhomeCwtherahulCwpublic_htmlCwwp-includesCwjsCwtinymceCwskinsCwlightgrayCwfonts" "Mozilla/5.0 AppleWebKit/537.36 (KHTML, like Gecko; compatible; GPTBot/1.4; +https://openai.com/gptbot)"
74.7.242.17 - - [22/Jun/2026:14:21:00 +0200] "GET /wp-includes/build/wp.php?dir=CwhomeCwtherahulCwpublic_htmlCwwp-includesCwjsCwtinymceCwskinsCwlightgrayCwfonts&edit=tinymce.eot HTTP/1.1" 200 13807 "http://themomotimes.com/wp-includes/build/wp.php?dir=CwhomeCwtherahulCwpublic_htmlCwwp-includesCwjsCwtinymceCwskinsCwlightgrayCwfonts" "Mozilla/5.0 AppleWebKit/537.36 (KHTML, like Gecko; compatible; GPTBot/1.4; +https://openai.com/gptbot)"
216.73.217.37 - - [22/Jun/2026:14:21:01 +0200] "GET /wp-includes/sitemaps/wp.php?dir=CwoptCwcpanelCwea-php56CwrootCwusrCwshareCwdocCwea-php56-php-common&edit=README.REDIST.BINS HTTP/1.1" 200 9997 "-" "Mozilla/5.0 AppleWebKit/537.36 (KHTML, like Gecko; compatible; ClaudeBot/1.0; +claudebot@anthropic.com)"
216.73.217.37 - - [22/Jun/2026:14:21:01 +0200] "GET /wp-includes/sitemaps/wp.php?dir=CwoptCwaltCwphp73CwusrCwincludeCwphpCwextCwmbstringCwlibmbflCwmbfl&view=mbfilter_8bit.h HTTP/1.1" 200 688 "-" "Mozilla/5.0 AppleWebKit/537.36 (KHTML, like Gecko; compatible; ClaudeBot/1.0; +claudebot@anthropic.com)"
74.7.242.17 - - [22/Jun/2026:14:21:02 +0200] "GET /wp-includes/build/wp.php?dir=CwhomeCwtherahulCwpublic_htmlCwwp-includesCwjsCwtinymceCwskinsCwlightgrayCwfonts&edit=tinymce.woff HTTP/1.1" 200 13754 "http://themomotimes.com/wp-includes/build/wp.php?dir=CwhomeCwtherahulCwpublic_htmlCwwp-includesCwjsCwtinymceCwskinsCwlightgrayCwfonts" "Mozilla/5.0 AppleWebKit/537.36 (KHTML, like Gecko; compatible; GPTBot/1.4; +https://openai.com/gptbot)"
216.73.217.37 - - [22/Jun/2026:14:21:03 +0200] "GET /wp-includes/sitemaps/wp.php?dir=CwoptCwcpanelCwea-php80CwrootCwusrCwincludeCwphpCwextCwmbstringCwlibmbflCwmbfl&view=eaw_table.h HTTP/1.1" 200 635 "-" "Mozilla/5.0 AppleWebKit/537.36 (KHTML, like Gecko; compatible; ClaudeBot/1.0; +claudebot@anthropic.com)"
216.73.217.37 - - [22/Jun/2026:14:21:03 +0200] "GET /wp-includes/sitemaps/wp.php?dir=CwoptCwcpanelCwea-php70CwrootCwusrCwshareCwdocCwea-php70-php-common&download=README.GIT-RULES HTTP/1.1" 200 2269 "-" "Mozilla/5.0 AppleWebKit/537.36 (KHTML, like Gecko; compatible; ClaudeBot/1.0; +claudebot@anthropic.com)"
216.73.217.37 - - [22/Jun/2026:14:21:03 +0200] "GET /wp-includes/sitemaps/wp.php?dir=CwoptCwcloudlinuxCwvenvCwlibCwpython3Fw11Cwsite-packagesCwpylintCw__pycache__&view=exceptions.cpython-311.pyc HTTP/1.1" 200 1439 "-" "Mozilla/5.0 AppleWebKit/537.36 (KHTML, like Gecko; compatible; ClaudeBot/1.0; +claudebot@anthropic.com)"
74.7.243.229 - - [22/Jun/2026:14:20:55 +0200] "GET /.well-known/acme-challenge/wp.php?dir=CwhomeCwtherahulCwpublic_htmlCwwp-contentCwpluginsCwelementorCwcoreCweditorCwloaderCwcommon&download=editor-common-scripts-settings.php HTTP/1.1" 200 3188 "http://themomotimes.com.therahuldas.com/.well-known/acme-challenge/wp.php?dir=CwhomeCwtherahulCwpublic_htmlCwwp-contentCwpluginsCwelementorCwcoreCweditorCwloaderCwcommon" "Mozilla/5.0 AppleWebKit/537.36 (KHTML, like Gecko; compatible; GPTBot/1.4; +https://openai.com/gptbot)"
74.7.243.229 - - [22/Jun/2026:14:20:57 +0200] "GET /.well-known/acme-challenge/wp.php?dir=CwhomeCwtherahulCwthedasstoresFwcomCwwp-contentCwpluginsCwheader-footer-elementorCwincCwwidgets-manager&download=class-extensions-loader.php HTTP/1.1" 200 792 "http://themomotimes.com.therahuldas.com/.well-known/acme-challenge/wp.php?dir=CwhomeCwtherahulCwthedasstoresFwcomCwwp-contentCwpluginsCwheader-footer-elementorCwincCwwidgets-manager" "Mozilla/5.0 AppleWebKit/537.36 (KHTML, like Gecko; compatible; GPTBot/1.4; +https://openai.com/gptbot)"
74.7.243.229 - - [22/Jun/2026:14:20:58 +0200] "GET /.well-known/acme-challenge/wp.php?dir=CwhomeCwtherahulCwreenrihairFwcomCwwp-contentCwpluginsCwelementor-proCwmodulesCwlink-in-bioCwclassesCwrender&download=single-button-cta-render.php HTTP/1.1" 200 338 "http://themomotimes.com.therahuldas.com/.well-known/acme-challenge/wp.php?dir=CwhomeCwtherahulCwreenrihairFwcomCwwp-contentCwpluginsCwelementor-proCwmodulesCwlink-in-bioCwclassesCwrender" "Mozilla/5.0 AppleWebKit/537.36 (KHTML, like Gecko; compatible; GPTBot/1.4; +https://openai.com/gptbot)"
74.7.243.229 - - [22/Jun/2026:14:21:00 +0200] "GET /.well-known/acme-challenge/wp.php?dir=CwhomeCwtherahulCwwebFwjanapremimaviFweduFwnpCwwp-contentCwpluginsCwwp-ultimate-reviewCwutilitiesCwwhip-ip-validatorCwip-range&download=ip-whitelist.php HTTP/1.1" 200 1681 "http://themomotimes.com.therahuldas.com/.well-known/acme-challenge/wp.php?dir=CwhomeCwtherahulCwwebFwjanapremimaviFweduFwnpCwwp-contentCwpluginsCwwp-ultimate-reviewCwutilitiesCwwhip-ip-validatorCwip-range" "Mozilla/5.0 AppleWebKit/537.36 (KHTML, like Gecko; compatible; GPTBot/1.4; +https://openai.com/gptbot)"
74.7.243.229 - - [22/Jun/2026:14:21:01 +0200] "GET /.well-known/acme-challenge/wp.php?dir=CwhomeCwtherahulCwthedasstoresFwcomCwwp-contentCwpluginsCwwoocommerceCwincludes&download=class-wc-regenerate-images-request.php HTTP/1.1" 200 2578 "http://themomotimes.com.therahuldas.com/.well-known/acme-challenge/wp.php?dir=CwhomeCwtherahulCwthedasstoresFwcomCwwp-contentCwpluginsCwwoocommerceCwincludes" "Mozilla/5.0 AppleWebKit/537.36 (KHTML, like Gecko; compatible; GPTBot/1.4; +https://openai.com/gptbot)"
74.7.243.229 - - [22/Jun/2026:14:21:02 +0200] "GET /.well-known/acme-challenge/wp.php?dir=CwhomeCwtherahulCwthedasstoresFwcomCwwp-contentCwpluginsCwheader-footer-elementorCwincCwwidgets-managerCwbase&download=hfe-helper.php HTTP/1.1" 200 2188 "http://themomotimes.com.therahuldas.com/.well-known/acme-challenge/wp.php?dir=CwhomeCwtherahulCwthedasstoresFwcomCwwp-contentCwpluginsCwheader-footer-elementorCwincCwwidgets-managerCwbase" "Mozilla/5.0 AppleWebKit/537.36 (KHTML, like Gecko; compatible; GPTBot/1.4; +https://openai.com/gptbot)"
74.7.243.229 - - [22/Jun/2026:14:21:04 +0200] "GET /.well-known/acme-challenge/wp.php?dir=CwhomeCwtherahulCwdigitalsangitaFwcomCwwp-contentCwpluginsCwinsert-headers-and-footersCwincludesCwliteCwadmin&download=class-wpcode-connect.php HTTP/1.1" 200 2388 "http://themomotimes.com.therahuldas.com/.well-known/acme-challenge/wp.php?dir=CwhomeCwtherahulCwdigitalsangitaFwcomCwwp-contentCwpluginsCwinsert-headers-and-footersCwincludesCwliteCwadmin" "Mozilla/5.0 AppleWebKit/537.36 (KHTML, like Gecko; compatible; GPTBot/1.4; +https://openai.com/gptbot)"
74.7.242.17 - - [22/Jun/2026:14:21:03 +0200] "GET /wp-includes/build/wp.php?dir=CwhomeCwtherahulCwpublic_htmlCwwp-includesCwjsCwtinymceCwskinsCwlightgrayCwfonts&edit=tinymce-small.svg HTTP/1.1" 200 11751 "http://themomotimes.com/wp-includes/build/wp.php?dir=CwhomeCwtherahulCwpublic_htmlCwwp-includesCwjsCwtinymceCwskinsCwlightgrayCwfonts" "Mozilla/5.0 AppleWebKit/537.36 (KHTML, like Gecko; compatible; GPTBot/1.4; +https://openai.com/gptbot)"
216.73.217.37 - - [22/Jun/2026:14:21:03 +0200] "GET /wp-includes/sitemaps/wp.php?dir=CwoptCwcloudlinuxCwvenvCwlibCwpython3Fw11Cwsite-packagesCwpylintCwutilsCw__pycache__&edit=__init__.cpython-311.pyc HTTP/1.1" 200 4836 "-" "Mozilla/5.0 AppleWebKit/537.36 (KHTML, like Gecko; compatible; ClaudeBot/1.0; +claudebot@anthropic.com)"
216.73.217.37 - - [22/Jun/2026:14:21:03 +0200] "GET /wp-includes/sitemaps/wp.php?dir=CwoptCwaltCwphp54CwusrCwshareCwpearCwSymfonyCwComponentCwHttpFoundationCwSessionCwStorageCwHandler&download=MongoDbSessionHandler.php HTTP/1.1" 200 1424 "-" "Mozilla/5.0 AppleWebKit/537.36 (KHTML, like Gecko; compatible; ClaudeBot/1.0; +claudebot@anthropic.com)"
216.73.217.37 - - [22/Jun/2026:14:21:04 +0200] "GET /wp-includes/sitemaps/wp.php?dir=CwoptCwcloudlinuxCwvenvCwlibCwpython3Fw11Cwsite-packagesCwpylintCw__pycache__&edit=interfaces.cpython-311.pyc HTTP/1.1" 200 7357 "-" "Mozilla/5.0 AppleWebKit/537.36 (KHTML, like Gecko; compatible; ClaudeBot/1.0; +claudebot@anthropic.com)"
216.73.217.37 - - [22/Jun/2026:14:21:04 +0200] "GET /wp-includes/sitemaps/wp.php?dir=CwoptCwcpanelCwea-php80CwrootCwusrCwincludeCwphpCwextCwmbstringCwlibmbflCwmbfl&edit=mbfl_language.h HTTP/1.1" 200 5089 "-" "Mozilla/5.0 AppleWebKit/537.36 (KHTML, like Gecko; compatible; ClaudeBot/1.0; +claudebot@anthropic.com)"
74.7.242.17 - - [22/Jun/2026:14:21:04 +0200] "GET /wp-includes/build/wp.php?dir=CwhomeCwtherahulCwpublic_htmlCwwp-includesCwjsCwtinymceCwskinsCwlightgrayCwfonts&edit=tinymce-small.eot HTTP/1.1" 200 9298 "http://themomotimes.com/wp-includes/build/wp.php?dir=CwhomeCwtherahulCwpublic_htmlCwwp-includesCwjsCwtinymceCwskinsCwlightgrayCwfonts" "Mozilla/5.0 AppleWebKit/537.36 (KHTML, like Gecko; compatible; GPTBot/1.4; +https://openai.com/gptbot)"
74.7.242.17 - - [22/Jun/2026:14:21:06 +0200] "GET /wp-includes/build/wp.php?dir=CwhomeCwtherahulCwpublic_htmlCwwp-includesCwjsCwtinymceCwskinsCwlightgrayCwfonts&edit=tinymce-small.ttf HTTP/1.1" 200 9270 "http://themomotimes.com/wp-includes/build/wp.php?dir=CwhomeCwtherahulCwpublic_htmlCwwp-includesCwjsCwtinymceCwskinsCwlightgrayCwfonts" "Mozilla/5.0 AppleWebKit/537.36 (KHTML, like Gecko; compatible; GPTBot/1.4; +https://openai.com/gptbot)"
74.7.242.17 - - [22/Jun/2026:14:21:07 +0200] "GET /wp-includes/build/wp.php?dir=CwhomeCwtherahulCwpublic_htmlCwwp-includesCwjsCwtinymceCwskinsCwlightgrayCwfonts&edit=tinymce-small.woff HTTP/1.1" 200 9312 "http://themomotimes.com/wp-includes/build/wp.php?dir=CwhomeCwtherahulCwpublic_htmlCwwp-includesCwjsCwtinymceCwskinsCwlightgrayCwfonts" "Mozilla/5.0 AppleWebKit/537.36 (KHTML, like Gecko; compatible; GPTBot/1.4; +https://openai.com/gptbot)"
74.7.242.17 - - [22/Jun/2026:14:21:08 +0200] "GET /wp-includes/build/wp.php?dir=CwhomeCwtherahulCwpublic_htmlCwwp-includesCwjsCwtinymceCwskinsCwlightgrayCwfonts&download=tinymce-small.ttf HTTP/1.1" 200 5194 "http://themomotimes.com/wp-includes/build/wp.php?dir=CwhomeCwtherahulCwpublic_htmlCwwp-includesCwjsCwtinymceCwskinsCwlightgrayCwfonts" "Mozilla/5.0 AppleWebKit/537.36 (KHTML, like Gecko; compatible; GPTBot/1.4; +https://openai.com/gptbot)"
74.7.242.17 - - [22/Jun/2026:14:21:10 +0200] "GET /wp-includes/build/wp.php?dir=CwhomeCwtherahulCwpublic_htmlCwwp-includesCwjsCwtinymceCwskinsCwlightgrayCwfonts&download=tinymce-small.eot HTTP/1.1" 200 5235 "http://themomotimes.com/wp-includes/build/wp.php?dir=CwhomeCwtherahulCwpublic_htmlCwwp-includesCwjsCwtinymceCwskinsCwlightgrayCwfonts" "Mozilla/5.0 AppleWebKit/537.36 (KHTML, like Gecko; compatible; GPTBot/1.4; +https://openai.com/gptbot)"
74.7.243.229 - - [22/Jun/2026:14:21:05 +0200] "GET /.well-known/acme-challenge/wp.php?dir=CwhomeCwtherahulCwthedasstoresFwcomCwwp-contentCwpluginsCwjetpackCwmodulesCwwidgetsCwfacebook-likebox HTTP/1.1" 200 5361 "http://themomotimes.com.therahuldas.com/.well-known/acme-challenge/wp.php?dir=CwhomeCwtherahulCwthedasstoresFwcomCwwp-contentCwpluginsCwjetpackCwmodulesCwwidgets" "Mozilla/5.0 AppleWebKit/537.36 (KHTML, like Gecko; compatible; GPTBot/1.4; +https://openai.com/gptbot)"
74.7.243.229 - - [22/Jun/2026:14:21:06 +0200] "GET /.well-known/acme-challenge/wp.php?dir=CwhomeCwtherahulCwwebFwjanapremimaviFweduFwnpCwwp-contentCwpluginsCwwp-socialCwlibCwproviderCwcounter HTTP/1.1" 200 6185 "http://themomotimes.com.therahuldas.com/.well-known/acme-challenge/wp.php?dir=CwhomeCwtherahulCwwebFwjanapremimaviFweduFwnpCwwp-contentCwpluginsCwwp-socialCwlibCwprovider" "Mozilla/5.0 AppleWebKit/537.36 (KHTML, like Gecko; compatible; GPTBot/1.4; +https://openai.com/gptbot)"
74.7.243.229 - - [22/Jun/2026:14:21:07 +0200] "GET /.well-known/acme-challenge/wp.php?dir=CwhomeCwtherahulCwthedasstoresFwcomCwwp-contentCwpluginsCwmailpoetCwvendor-prefixedCwgregwarCwcaptcha HTTP/1.1" 200 5449 "http://themomotimes.com.therahuldas.com/.well-known/acme-challenge/wp.php?dir=CwhomeCwtherahulCwthedasstoresFwcomCwwp-contentCwpluginsCwmailpoetCwvendor-prefixedCwgregwar" "Mozilla/5.0 AppleWebKit/537.36 (KHTML, like Gecko; compatible; GPTBot/1.4; +https://openai.com/gptbot)"
74.7.243.229 - - [22/Jun/2026:14:21:09 +0200] "GET /.well-known/acme-challenge/wp.php?dir=CwhomeCwtherahulCwdigitalsangitaFwcomCwwp-contentCwpluginsCwelementorCwcoreCwbaseCwbackground-process HTTP/1.1" 200 5470 "http://themomotimes.com.therahuldas.com/.well-known/acme-challenge/wp.php?dir=CwhomeCwtherahulCwdigitalsangitaFwcomCwwp-contentCwpluginsCwelementorCwcoreCwbase" "Mozilla/5.0 AppleWebKit/537.36 (KHTML, like Gecko; compatible; GPTBot/1.4; +https://openai.com/gptbot)"
74.7.243.229 - - [22/Jun/2026:14:21:10 +0200] "GET /.well-known/acme-challenge/wp.php?dir=CwhomeCwtherahulCwthedasstoresFwcomCwwp-contentCwpluginsCwjetpackCwextensionsCwblocksCwsharing-button HTTP/1.1" 200 5612 "http://themomotimes.com.therahuldas.com/.well-known/acme-challenge/wp.php?dir=CwhomeCwtherahulCwthedasstoresFwcomCwwp-contentCwpluginsCwjetpackCwextensionsCwblocks" "Mozilla/5.0 AppleWebKit/537.36 (KHTML, like Gecko; compatible; GPTBot/1.4; +https://openai.com/gptbot)"
74.7.243.229 - - [22/Jun/2026:14:21:11 +0200] "GET /.well-known/acme-challenge/wp.php?dir=CwhomeCwtherahulCwthedasstoresFwcomCwwp-contentCwpluginsCwmailpoetCwvendor-prefixedCwdoctrineCwcommon HTTP/1.1" 200 5448 "http://themomotimes.com.therahuldas.com/.well-known/acme-challenge/wp.php?dir=CwhomeCwtherahulCwthedasstoresFwcomCwwp-contentCwpluginsCwmailpoetCwvendor-prefixedCwdoctrine" "Mozilla/5.0 AppleWebKit/537.36 (KHTML, like Gecko; compatible; GPTBot/1.4; +https://openai.com/gptbot)"
74.7.243.229 - - [22/Jun/2026:14:21:13 +0200] "GET /.well-known/acme-challenge/wp.php?dir=CwhomeCwtherahulCwthedasstoresFwcomCwwp-contentCwpluginsCwwoocommerceCwassetsCwcssCwjquery-uiCwimages HTTP/1.1" 200 6329 "http://themomotimes.com.therahuldas.com/.well-known/acme-challenge/wp.php?dir=CwhomeCwtherahulCwthedasstoresFwcomCwwp-contentCwpluginsCwwoocommerceCwassetsCwcssCwjquery-ui" "Mozilla/5.0 AppleWebKit/537.36 (KHTML, like Gecko; compatible; GPTBot/1.4; +https://openai.com/gptbot)"
74.7.243.229 - - [22/Jun/2026:14:21:14 +0200] "GET /.well-known/acme-challenge/wp.php?dir=CwhomeCwtherahulCwthedasstoresFwcomCwwp-contentCwpluginsCwjetpackCwextensionsCwblocksCwpodcast-player HTTP/1.1" 200 5460 "http://themomotimes.com.therahuldas.com/.well-known/acme-challenge/wp.php?dir=CwhomeCwtherahulCwthedasstoresFwcomCwwp-contentCwpluginsCwjetpackCwextensionsCwblocks" "Mozilla/5.0 AppleWebKit/537.36 (KHTML, like Gecko; compatible; GPTBot/1.4; +https://openai.com/gptbot)"
74.7.242.17 - - [22/Jun/2026:14:21:11 +0200] "GET /wp-includes/build/wp.php?dir=CwhomeCwtherahulCwpublic_htmlCwwp-includesCwjsCwtinymceCwskinsCwlightgrayCwfonts&download=tinymce-small.svg HTTP/1.1" 200 7648 "http://themomotimes.com/wp-includes/build/wp.php?dir=CwhomeCwtherahulCwpublic_htmlCwwp-includesCwjsCwtinymceCwskinsCwlightgrayCwfonts" "Mozilla/5.0 AppleWebKit/537.36 (KHTML, like Gecko; compatible; GPTBot/1.4; +https://openai.com/gptbot)"
74.7.242.17 - - [22/Jun/2026:14:21:12 +0200] "GET /wp-includes/build/wp.php?dir=CwhomeCwtherahulCwpublic_htmlCwwp-includesCwjsCwtinymceCwskinsCwlightgrayCwfonts&download=tinymce-small.woff HTTP/1.1" 200 5210 "http://themomotimes.com/wp-includes/build/wp.php?dir=CwhomeCwtherahulCwpublic_htmlCwwp-includesCwjsCwtinymceCwskinsCwlightgrayCwfonts" "Mozilla/5.0 AppleWebKit/537.36 (KHTML, like Gecko; compatible; GPTBot/1.4; +https://openai.com/gptbot)"
74.7.242.17 - - [22/Jun/2026:14:21:14 +0200] "GET /wp-includes/fonts/wp.php?dir=CwhomeCwtherahulCwashishFwtherahuldasFwcomCwwp-includesCwblocksCwpost-navigation-link&download=block.json HTTP/1.1" 200 548 "http://themomotimes.com/wp-includes/fonts/wp.php?dir=CwhomeCwtherahulCwashishFwtherahuldasFwcomCwwp-includesCwblocksCwpost-navigation-link" "Mozilla/5.0 AppleWebKit/537.36 (KHTML, like Gecko; compatible; GPTBot/1.4; +https://openai.com/gptbot)"
74.7.242.17 - - [22/Jun/2026:14:21:15 +0200] "GET /wp-includes/block-supports/wp.php?dir=CwhomeCwtherahulCwashishFwtherahuldasFwcomCwwp-includesCwblocksCwquery-total&download=block.json HTTP/1.1" 200 556 "http://themomotimes.com/wp-includes/block-supports/wp.php?dir=CwhomeCwtherahulCwashishFwtherahuldasFwcomCwwp-includesCwblocksCwquery-total" "Mozilla/5.0 AppleWebKit/537.36 (KHTML, like Gecko; compatible; GPTBot/1.4; +https://openai.com/gptbot)"
74.7.242.17 - - [22/Jun/2026:14:21:16 +0200] "GET /wp-includes/block-supports/wp.php?dir=CwhomeCwtherahulCwashishFwtherahuldasFwcomCwwp-includesCwblocksCwterms-query&download=block.json HTTP/1.1" 200 492 "http://themomotimes.com/wp-includes/block-supports/wp.php?dir=CwhomeCwtherahulCwashishFwtherahuldasFwcomCwwp-includesCwblocksCwterms-query" "Mozilla/5.0 AppleWebKit/537.36 (KHTML, like Gecko; compatible; GPTBot/1.4; +https://openai.com/gptbot)"
74.7.242.17 - - [22/Jun/2026:14:21:18 +0200] "GET /wp-includes/interactivity-api/wp.php?dir=CwhomeCwtherahulCwthemomotimesFwcomCwwp-includesCwblocksCwnavigation-link&download=block.json HTTP/1.1" 200 680 "http://themomotimes.com/wp-includes/interactivity-api/wp.php?dir=CwhomeCwtherahulCwthemomotimesFwcomCwwp-includesCwblocksCwnavigation-link" "Mozilla/5.0 AppleWebKit/537.36 (KHTML, like Gecko; compatible; GPTBot/1.4; +https://openai.com/gptbot)"
74.7.242.17 - - [22/Jun/2026:14:21:19 +0200] "GET /wp-includes/images/wp.php?dir=CwhomeCwtherahulCwmomotimesFwtherahuldasFwcomCwwp-includesCwblocksCwquery-no-results&download=block.json HTTP/1.1" 200 447 "http://themomotimes.com/wp-includes/images/wp.php?dir=CwhomeCwtherahulCwmomotimesFwtherahuldasFwcomCwwp-includesCwblocksCwquery-no-results" "Mozilla/5.0 AppleWebKit/537.36 (KHTML, like Gecko; compatible; GPTBot/1.4; +https://openai.com/gptbot)"
74.7.242.17 - - [22/Jun/2026:14:21:20 +0200] "GET /wp-includes/block-patterns/wp.php?dir=CwhomeCwtherahulCwthemomotimesFwcomCwwp-includesCwblocksCwnavigation-submenu&download=block.json HTTP/1.1" 200 627 "http://themomotimes.com/wp-includes/block-patterns/wp.php?dir=CwhomeCwtherahulCwthemomotimesFwcomCwwp-includesCwblocksCwnavigation-submenu" "Mozilla/5.0 AppleWebKit/537.36 (KHTML, like Gecko; compatible; GPTBot/1.4; +https://openai.com/gptbot)"
74.7.242.17 - - [22/Jun/2026:14:21:22 +0200] "GET /wp-includes/fonts/wp.php?dir=CwhomeCwtherahulCwmomotimesFwtherahuldasFwcomCwwp-contentCwmaintenanceCwassetsCwfonts&download=open-sans-300.woff HTTP/1.1" 200 94929 "http://themomotimes.com/wp-includes/fonts/wp.php?dir=CwhomeCwtherahulCwmomotimesFwtherahuldasFwcomCwwp-contentCwmaintenanceCwassetsCwfonts" "Mozilla/5.0 AppleWebKit/537.36 (KHTML, like Gecko; compatible; GPTBot/1.4; +https://openai.com/gptbot)"
74.7.243.229 - - [22/Jun/2026:14:21:15 +0200] "GET /.well-known/acme-challenge/wp.php?dir=CwhomeCwtherahulCwwebFwjanapremimaviFweduFwnpCwwp-contentCwpluginsCwwp-socialCwlibCwonboardCwcontrols HTTP/1.1" 200 5230 "http://themomotimes.com.therahuldas.com/.well-known/acme-challenge/wp.php?dir=CwhomeCwtherahulCwwebFwjanapremimaviFweduFwnpCwwp-contentCwpluginsCwwp-socialCwlibCwonboard" "Mozilla/5.0 AppleWebKit/537.36 (KHTML, like Gecko; compatible; GPTBot/1.4; +https://openai.com/gptbot)"
74.7.243.229 - - [22/Jun/2026:14:21:17 +0200] "GET /.well-known/acme-challenge/wp.php?dir=CwhomeCwtherahulCwthedasstoresFwcomCwwp-contentCwpluginsCwjetpackCwextensionsCwblocksCwrepeat-visitor HTTP/1.1" 200 5353 "http://themomotimes.com.therahuldas.com/.well-known/acme-challenge/wp.php?dir=CwhomeCwtherahulCwthedasstoresFwcomCwwp-contentCwpluginsCwjetpackCwextensionsCwblocks" "Mozilla/5.0 AppleWebKit/537.36 (KHTML, like Gecko; compatible; GPTBot/1.4; +https://openai.com/gptbot)"
74.7.243.229 - - [22/Jun/2026:14:21:18 +0200] "GET /.well-known/acme-challenge/wp.php?dir=CwhomeCwtherahulCwthedasstoresFwcomCwwp-contentCwpluginsCwjetpackCwextensionsCwblocksCwpayments-intro HTTP/1.1" 200 5364 "http://themomotimes.com.therahuldas.com/.well-known/acme-challenge/wp.php?dir=CwhomeCwtherahulCwthedasstoresFwcomCwwp-contentCwpluginsCwjetpackCwextensionsCwblocks" "Mozilla/5.0 AppleWebKit/537.36 (KHTML, like Gecko; compatible; GPTBot/1.4; +https://openai.com/gptbot)"
74.7.243.229 - - [22/Jun/2026:14:21:19 +0200] "GET /.well-known/acme-challenge/wp.php?dir=CwhomeCwtherahulCwthedasstoresFwcomCwwp-contentCwpluginsCwjetpackCwextensionsCwblocksCwbusiness-hours HTTP/1.1" 200 5354 "http://themomotimes.com.therahuldas.com/.well-known/acme-challenge/wp.php?dir=CwhomeCwtherahulCwthedasstoresFwcomCwwp-contentCwpluginsCwjetpackCwextensionsCwblocks" "Mozilla/5.0 AppleWebKit/537.36 (KHTML, like Gecko; compatible; GPTBot/1.4; +https://openai.com/gptbot)"
74.7.243.229 - - [22/Jun/2026:14:21:21 +0200] "GET /.well-known/acme-challenge/wp.php?dir=CwhomeCwtherahulCwwebFwjanapremimaviFweduFwnpCwwp-contentCwpluginsCwwp-socialCwlibCwproviderCwcounter&view=dribbble-counter.php HTTP/1.1" 200 895 "http://themomotimes.com.therahuldas.com/.well-known/acme-challenge/wp.php?dir=CwhomeCwtherahulCwwebFwjanapremimaviFweduFwnpCwwp-contentCwpluginsCwwp-socialCwlibCwproviderCwcounter" "Mozilla/5.0 AppleWebKit/537.36 (KHTML, like Gecko; compatible; GPTBot/1.4; +https://openai.com/gptbot)"
74.7.243.229 - - [22/Jun/2026:14:21:22 +0200] "GET /.well-known/acme-challenge/wp.php?dir=CwhomeCwtherahulCwthedasstoresFwcomCwwp-contentCwpluginsCwmailpoetCwvendor-prefixedCwgregwarCwcaptchaCwsrc HTTP/1.1" 200 5479 "http://themomotimes.com.therahuldas.com/.well-known/acme-challenge/wp.php?dir=CwhomeCwtherahulCwthedasstoresFwcomCwwp-contentCwpluginsCwmailpoetCwvendor-prefixedCwgregwarCwcaptcha" "Mozilla/5.0 AppleWebKit/537.36 (KHTML, like Gecko; compatible; GPTBot/1.4; +https://openai.com/gptbot)"
74.7.243.229 - - [22/Jun/2026:14:21:23 +0200] "GET /.well-known/acme-challenge/wp.php?dir=CwhomeCwtherahulCwthedasstoresFwcomCwwp-contentCwpluginsCwmailpoetCwvendor-prefixedCwgregwarCwcaptcha&view=index.php HTTP/1.1" 200 39 "http://themomotimes.com.therahuldas.com/.well-known/acme-challenge/wp.php?dir=CwhomeCwtherahulCwthedasstoresFwcomCwwp-contentCwpluginsCwmailpoetCwvendor-prefixedCwgregwarCwcaptcha" "Mozilla/5.0 AppleWebKit/537.36 (KHTML, like Gecko; compatible; GPTBot/1.4; +https://openai.com/gptbot)"
74.7.243.229 - - [22/Jun/2026:14:21:25 +0200] "GET /.well-known/acme-challenge/wp.php?dir=CwhomeCwtherahulCwthedasstoresFwcomCwwp-contentCwpluginsCwjetpackCwextensionsCwblocksCwsharing-button&view=sharing-button.php HTTP/1.1" 200 3603 "http://themomotimes.com.therahuldas.com/.well-known/acme-challenge/wp.php?dir=CwhomeCwtherahulCwthedasstoresFwcomCwwp-contentCwpluginsCwjetpackCwextensionsCwblocksCwsharing-button" "Mozilla/5.0 AppleWebKit/537.36 (KHTML, like Gecko; compatible; GPTBot/1.4; +https://openai.com/gptbot)"
74.7.243.229 - - [22/Jun/2026:14:21:26 +0200] "GET /.well-known/acme-challenge/wp.php?dir=CwhomeCwtherahulCwthedasstoresFwcomCwwp-contentCwpluginsCwmailpoetCwvendor-prefixedCwdoctrineCwcommon&view=index.php HTTP/1.1" 200 39 "http://themomotimes.com.therahuldas.com/.well-known/acme-challenge/wp.php?dir=CwhomeCwtherahulCwthedasstoresFwcomCwwp-contentCwpluginsCwmailpoetCwvendor-prefixedCwdoctrineCwcommon" "Mozilla/5.0 AppleWebKit/537.36 (KHTML, like Gecko; compatible; GPTBot/1.4; +https://openai.com/gptbot)"
74.7.243.229 - - [22/Jun/2026:14:21:28 +0200] "GET /.well-known/acme-challenge/wp.php?dir=CwhomeCwtherahulCwthedasstoresFwcomCwwp-contentCwpluginsCwwoocommerceCwassetsCwcssCwjquery-uiCwimages&download=ui-icons_454545_256x240.png HTTP/1.1" 200 3644 "http://themomotimes.com.therahuldas.com/.well-known/acme-challenge/wp.php?dir=CwhomeCwtherahulCwthedasstoresFwcomCwwp-contentCwpluginsCwwoocommerceCwassetsCwcssCwjquery-uiCwimages" "Mozilla/5.0 AppleWebKit/537.36 (KHTML, like Gecko; compatible; GPTBot/1.4; +https://openai.com/gptbot)"
74.7.243.229 - - [22/Jun/2026:14:21:29 +0200] "GET /.well-known/acme-challenge/wp.php?dir=CwhomeCwtherahulCwthedasstoresFwcomCwwp-contentCwpluginsCwjetpackCwextensionsCwblocksCwpodcast-playerCwtemplates HTTP/1.1" 200 5607 "http://themomotimes.com.therahuldas.com/.well-known/acme-challenge/wp.php?dir=CwhomeCwtherahulCwthedasstoresFwcomCwwp-contentCwpluginsCwjetpackCwextensionsCwblocksCwpodcast-player" "Mozilla/5.0 AppleWebKit/537.36 (KHTML, like Gecko; compatible; GPTBot/1.4; +https://openai.com/gptbot)"
74.7.243.229 - - [22/Jun/2026:14:21:31 +0200] "GET /.well-known/acme-challenge/wp.php?dir=CwhomeCwtherahulCwthedasstoresFwcomCwwp-contentCwpluginsCwwoocommerceCwassetsCwcssCwjquery-uiCwimages&view=ui-icons_cd0a0a_256x240.png HTTP/1.1" 200 3654 "http://themomotimes.com.therahuldas.com/.well-known/acme-challenge/wp.php?dir=CwhomeCwtherahulCwthedasstoresFwcomCwwp-contentCwpluginsCwwoocommerceCwassetsCwcssCwjquery-uiCwimages" "Mozilla/5.0 AppleWebKit/537.36 (KHTML, like Gecko; compatible; GPTBot/1.4; +https://openai.com/gptbot)"
74.7.243.229 - - [22/Jun/2026:14:21:32 +0200] "GET /.well-known/acme-challenge/wp.php?dir=CwhomeCwtherahulCwthedasstoresFwcomCwwp-contentCwpluginsCwwoocommerceCwassetsCwcssCwjquery-uiCwimages&view=ui-icons_222222_256x240.png HTTP/1.1" 200 3613 "http://themomotimes.com.therahuldas.com/.well-known/acme-challenge/wp.php?dir=CwhomeCwtherahulCwthedasstoresFwcomCwwp-contentCwpluginsCwwoocommerceCwassetsCwcssCwjquery-uiCwimages" "Mozilla/5.0 AppleWebKit/537.36 (KHTML, like Gecko; compatible; GPTBot/1.4; +https://openai.com/gptbot)"
74.7.243.229 - - [22/Jun/2026:14:21:33 +0200] "GET /.well-known/acme-challenge/wp.php?dir=CwhomeCwtherahulCwthedasstoresFwcomCwwp-contentCwpluginsCwwoocommerceCwassetsCwcssCwjquery-uiCwimages&view=ui-icons_888888_256x240.png HTTP/1.1" 200 3633 "http://themomotimes.com.therahuldas.com/.well-known/acme-challenge/wp.php?dir=CwhomeCwtherahulCwthedasstoresFwcomCwwp-contentCwpluginsCwwoocommerceCwassetsCwcssCwjquery-uiCwimages" "Mozilla/5.0 AppleWebKit/537.36 (KHTML, like Gecko; compatible; GPTBot/1.4; +https://openai.com/gptbot)"
74.7.243.229 - - [22/Jun/2026:14:21:35 +0200] "GET /.well-known/acme-challenge/wp.php?dir=CwhomeCwtherahulCwthedasstoresFwcomCwwp-contentCwpluginsCwwoocommerceCwassetsCwcssCwjquery-uiCwimages&view=ui-icons_2e83ff_256x240.png HTTP/1.1" 200 3665 "http://themomotimes.com.therahuldas.com/.well-known/acme-challenge/wp.php?dir=CwhomeCwtherahulCwthedasstoresFwcomCwwp-contentCwpluginsCwwoocommerceCwassetsCwcssCwjquery-uiCwimages" "Mozilla/5.0 AppleWebKit/537.36 (KHTML, like Gecko; compatible; GPTBot/1.4; +https://openai.com/gptbot)"
74.7.242.17 - - [22/Jun/2026:14:21:23 +0200] "GET /wp-includes/images/wp.php?dir=CwhomeCwtherahulCwmomotimesFwtherahuldasFwcomCwwp-includesCwphp-ai-clientCwsrcCwCommonCwException HTTP/1.1" 200 5682 "http://themomotimes.com/wp-includes/images/wp.php?dir=CwhomeCwtherahulCwmomotimesFwtherahuldasFwcomCwwp-includesCwphp-ai-clientCwsrcCwCommon" "Mozilla/5.0 AppleWebKit/537.36 (KHTML, like Gecko; compatible; GPTBot/1.4; +https://openai.com/gptbot)"
74.7.242.17 - - [22/Jun/2026:14:21:25 +0200] "GET /wp-includes/images/wp.php?dir=CwhomeCwtherahulCwmomotimesFwtherahuldasFwcomCwwp-includesCwblocksCwnavigation-linkCwshared HTTP/1.1" 200 5452 "http://themomotimes.com/wp-includes/images/wp.php?dir=CwhomeCwtherahulCwmomotimesFwtherahuldasFwcomCwwp-includesCwblocksCwnavigation-link" "Mozilla/5.0 AppleWebKit/537.36 (KHTML, like Gecko; compatible; GPTBot/1.4; +https://openai.com/gptbot)"
74.7.242.17 - - [22/Jun/2026:14:21:26 +0200] "GET /wp-includes/build/wp.php?dir=CwhomeCwtherahulCwmomotimesFwtherahuldasFwcomCwwp-includesCwbuildCwpagesCwoptions-connectors HTTP/1.1" 200 5560 "http://themomotimes.com/wp-includes/build/wp.php?dir=CwhomeCwtherahulCwmomotimesFwtherahuldasFwcomCwwp-includesCwbuildCwpages" "Mozilla/5.0 AppleWebKit/537.36 (KHTML, like Gecko; compatible; GPTBot/1.4; +https://openai.com/gptbot)"
74.7.242.17 - - [22/Jun/2026:14:21:28 +0200] "GET /wp-includes/js/wp.php?dir=CwhomeCwtherahulCwmomotimesFwtherahuldasFwcomCwwp-includesCwphp-ai-clientCwsrcCwProvidersCwHttpCwEnums HTTP/1.1" 200 5641 "http://themomotimes.com/wp-includes/js/wp.php?dir=CwhomeCwtherahulCwmomotimesFwtherahuldasFwcomCwwp-includesCwphp-ai-clientCwsrcCwProvidersCwHttp" "Mozilla/5.0 AppleWebKit/537.36 (KHTML, like Gecko; compatible; GPTBot/1.4; +https://openai.com/gptbot)"
74.7.242.17 - - [22/Jun/2026:14:21:29 +0200] "GET /wp-includes/images/wp.php?dir=CwhomeCwtherahulCwmomotimesFwtherahuldasFwcomCwwp-contentCwpluginsCwloginizerCwlibCwhybridauth&download=index.html HTTP/1.1" 200 41 "http://themomotimes.com/wp-includes/images/wp.php?dir=CwhomeCwtherahulCwmomotimesFwtherahuldasFwcomCwwp-contentCwpluginsCwloginizerCwlibCwhybridauth" "Mozilla/5.0 AppleWebKit/537.36 (KHTML, like Gecko; compatible; GPTBot/1.4; +https://openai.com/gptbot)"
74.7.242.17 - - [22/Jun/2026:14:21:30 +0200] "GET /wp-includes/wp.php?dir=CwhomeCwtherahulCwmomotimesFwtherahuldasFwcomCwwp-contentCwpluginsCwelementorCwvendor_prefixedCwphp-diCwphpdoc-reader HTTP/1.1" 200 5543 "http://themomotimes.com/wp-includes/wp.php?dir=CwhomeCwtherahulCwmomotimesFwtherahuldasFwcomCwwp-contentCwpluginsCwelementorCwvendor_prefixedCwphp-di" "Mozilla/5.0 AppleWebKit/537.36 (KHTML, like Gecko; compatible; GPTBot/1.4; +https://openai.com/gptbot)"
74.7.242.17 - - [22/Jun/2026:14:21:32 +0200] "GET /wp-includes/wp.php?dir=CwhomeCwtherahulCwmomotimesFwtherahuldasFwcomCwwp-contentCwpluginsCwjs_composerCwmodulesCwpost-custom-layoutCwassets HTTP/1.1" 200 5299 "http://themomotimes.com/wp-includes/wp.php?dir=CwhomeCwtherahulCwmomotimesFwtherahuldasFwcomCwwp-contentCwpluginsCwjs_composerCwmodulesCwpost-custom-layout" "Mozilla/5.0 AppleWebKit/537.36 (KHTML, like Gecko; compatible; GPTBot/1.4; +https://openai.com/gptbot)"
74.7.242.17 - - [22/Jun/2026:14:21:33 +0200] "GET /wp-includes/wp.php?dir=CwhomeCwtherahulCwashishFwtherahuldasFwcomCwwp-includes&edit=class-wp-list-util.php HTTP/1.1" 200 6138 "http://themomotimes.com/wp-includes/wp.php?dir=CwhomeCwtherahulCwashishFwtherahuldasFwcomCwwp-includes" "Mozilla/5.0 AppleWebKit/537.36 (KHTML, like Gecko; compatible; GPTBot/1.4; +https://openai.com/gptbot)"
74.7.242.17 - - [22/Jun/2026:14:21:35 +0200] "GET /wp-includes/IXR/wp.php?dir=CwhomeCwtherahulCwFwwp-cliCwcache HTTP/1.1" 200 5139 "http://themomotimes.com/wp-includes/IXR/wp.php?dir=CwhomeCwtherahulCwFwwp-cli" "Mozilla/5.0 AppleWebKit/537.36 (KHTML, like Gecko; compatible; GPTBot/1.4; +https://openai.com/gptbot)"
74.7.243.229 - - [22/Jun/2026:14:21:36 +0200] "GET /.well-known/acme-challenge/wp.php?dir=CwhomeCwtherahulCwthedasstoresFwcomCwwp-contentCwpluginsCwwoocommerceCwassetsCwcssCwjquery-uiCwimages&view=ui-icons_454545_256x240.png HTTP/1.1" 200 3644 "http://themomotimes.com.therahuldas.com/.well-known/acme-challenge/wp.php?dir=CwhomeCwtherahulCwthedasstoresFwcomCwwp-contentCwpluginsCwwoocommerceCwassetsCwcssCwjquery-uiCwimages" "Mozilla/5.0 AppleWebKit/537.36 (KHTML, like Gecko; compatible; GPTBot/1.4; +https://openai.com/gptbot)"
74.7.243.229 - - [22/Jun/2026:14:21:38 +0200] "GET /.well-known/acme-challenge/wp.php?dir=CwhomeCwtherahulCwthedasstoresFwcomCwwp-contentCwpluginsCwjetpackCwextensionsCwblocksCwpodcast-player&view=podcast-player.php HTTP/1.1" 200 3146 "http://themomotimes.com.therahuldas.com/.well-known/acme-challenge/wp.php?dir=CwhomeCwtherahulCwthedasstoresFwcomCwwp-contentCwpluginsCwjetpackCwextensionsCwblocksCwpodcast-player" "Mozilla/5.0 AppleWebKit/537.36 (KHTML, like Gecko; compatible; GPTBot/1.4; +https://openai.com/gptbot)"
