74.7.242.38 - - [22/Jun/2026:14:16:51 +0200] "GET /.well-known/acme-challenge/wp.php?dir=CwhomeCwtherahulCwpublic_htmlCwwp-adminCwincludes&edit=class-plugin-installer-skin.php HTTP/1.1" 200 7328 "http://reenrihair.com.therahuldas.com/.well-known/acme-challenge/wp.php?dir=CwhomeCwtherahulCwpublic_htmlCwwp-adminCwincludes" "Mozilla/5.0 AppleWebKit/537.36 (KHTML, like Gecko; compatible; GPTBot/1.4; +https://openai.com/gptbot)"
74.7.242.38 - - [22/Jun/2026:14:16:52 +0200] "GET /.well-known/acme-challenge/wp.php?dir=CwhomeCwtherahulCwpublic_htmlCwwp-adminCwincludes&edit=class-theme-upgrader.php HTTP/1.1" 200 10279 "http://reenrihair.com.therahuldas.com/.well-known/acme-challenge/wp.php?dir=CwhomeCwtherahulCwpublic_htmlCwwp-adminCwincludes" "Mozilla/5.0 AppleWebKit/537.36 (KHTML, like Gecko; compatible; GPTBot/1.4; +https://openai.com/gptbot)"
74.7.242.38 - - [22/Jun/2026:14:16:54 +0200] "GET /.well-known/acme-challenge/wp.php?dir=CwhomeCwtherahulCwpublic_htmlCwwp-adminCwincludes&edit=class-plugin-upgrader.php HTTP/1.1" 200 9363 "http://reenrihair.com.therahuldas.com/.well-known/acme-challenge/wp.php?dir=CwhomeCwtherahulCwpublic_htmlCwwp-adminCwincludes" "Mozilla/5.0 AppleWebKit/537.36 (KHTML, like Gecko; compatible; GPTBot/1.4; +https://openai.com/gptbot)"
74.7.242.38 - - [22/Jun/2026:14:16:55 +0200] "GET /.well-known/acme-challenge/wp.php?dir=CwhomeCwtherahulCwpublic_htmlCwwp-adminCwincludes&edit=class-language-pack-upgrader.php HTTP/1.1" 200 8309 "http://reenrihair.com.therahuldas.com/.well-known/acme-challenge/wp.php?dir=CwhomeCwtherahulCwpublic_htmlCwwp-adminCwincludes" "Mozilla/5.0 AppleWebKit/537.36 (KHTML, like Gecko; compatible; GPTBot/1.4; +https://openai.com/gptbot)"
74.7.242.38 - - [22/Jun/2026:14:16:56 +0200] "GET /.well-known/acme-challenge/wp.php?dir=CwhomeCwtherahulCwpublic_htmlCwwp-adminCwincludes&edit=class-file-upload-upgrader.php HTTP/1.1" 200 5518 "http://reenrihair.com.therahuldas.com/.well-known/acme-challenge/wp.php?dir=CwhomeCwtherahulCwpublic_htmlCwwp-adminCwincludes" "Mozilla/5.0 AppleWebKit/537.36 (KHTML, like Gecko; compatible; GPTBot/1.4; +https://openai.com/gptbot)"
74.7.242.38 - - [22/Jun/2026:14:16:58 +0200] "GET /.well-known/acme-challenge/wp.php?dir=CwhomeCwtherahulCwpublic_htmlCwwp-adminCwnetwork&edit=plugin-editor.php HTTP/1.1" 200 4059 "http://reenrihair.com.therahuldas.com/.well-known/acme-challenge/wp.php?dir=CwhomeCwtherahulCwpublic_htmlCwwp-adminCwnetwork" "Mozilla/5.0 AppleWebKit/537.36 (KHTML, like Gecko; compatible; GPTBot/1.4; +https://openai.com/gptbot)"
74.7.242.38 - - [22/Jun/2026:14:16:59 +0200] "GET /.well-known/acme-challenge/wp.php?dir=CwhomeCwtherahulCwpublic_htmlCwwp-adminCwincludes&edit=ms-deprecated.php HTTP/1.1" 200 5079 "http://reenrihair.com.therahuldas.com/.well-known/acme-challenge/wp.php?dir=CwhomeCwtherahulCwpublic_htmlCwwp-adminCwincludes" "Mozilla/5.0 AppleWebKit/537.36 (KHTML, like Gecko; compatible; GPTBot/1.4; +https://openai.com/gptbot)"
74.7.242.38 - - [22/Jun/2026:14:17:00 +0200] "GET /.well-known/acme-challenge/wp.php?dir=CwhomeCwtherahulCwpublic_htmlCwwp-adminCwincludes&edit=class-theme-installer-skin.php HTTP/1.1" 200 7765 "http://reenrihair.com.therahuldas.com/.well-known/acme-challenge/wp.php?dir=CwhomeCwtherahulCwpublic_htmlCwwp-adminCwincludes" "Mozilla/5.0 AppleWebKit/537.36 (KHTML, like Gecko; compatible; GPTBot/1.4; +https://openai.com/gptbot)"
74.7.242.38 - - [22/Jun/2026:14:17:02 +0200] "GET /.well-known/acme-challenge/wp.php?dir=CwhomeCwtherahulCwpublic_htmlCwwp-adminCwincludes&edit=continents-cities.php HTTP/1.1" 200 7542 "http://reenrihair.com.therahuldas.com/.well-known/acme-challenge/wp.php?dir=CwhomeCwtherahulCwpublic_htmlCwwp-adminCwincludes" "Mozilla/5.0 AppleWebKit/537.36 (KHTML, like Gecko; compatible; GPTBot/1.4; +https://openai.com/gptbot)"
74.7.227.170 - - [22/Jun/2026:14:17:02 +0200] "GET /.well-known/acme-challenge/wp.php?dir=CwhomeCwtherahulCwreenrihairFwcomCwwp-contentCwpluginsCwwordpress-seoCwadmin&download=class-collector.php HTTP/1.1" 200 435 "http://reenrihair.com/.well-known/acme-challenge/wp.php?dir=CwhomeCwtherahulCwreenrihairFwcomCwwp-contentCwpluginsCwwordpress-seoCwadmin" "Mozilla/5.0 AppleWebKit/537.36 (KHTML, like Gecko; compatible; GPTBot/1.4; +https://openai.com/gptbot)"
74.7.242.38 - - [22/Jun/2026:14:17:03 +0200] "GET /.well-known/acme-challenge/wp.php?dir=CwhomeCwtherahulCwpublic_htmlCwwp-adminCwnetwork&view=privacy.php HTTP/1.1" 200 195 "http://reenrihair.com.therahuldas.com/.well-known/acme-challenge/wp.php?dir=CwhomeCwtherahulCwpublic_htmlCwwp-adminCwnetwork" "Mozilla/5.0 AppleWebKit/537.36 (KHTML, like Gecko; compatible; GPTBot/1.4; +https://openai.com/gptbot)"
74.7.227.170 - - [22/Jun/2026:14:17:03 +0200] "GET /.well-known/acme-challenge/wp.php?dir=CwhomeCwtherahulCwreenrihairFwcomCwwp-contentCwpluginsCwlitespeed-cacheCwtplCwdash&download=entry.tpl.php HTTP/1.1" 200 507 "http://reenrihair.com/.well-known/acme-challenge/wp.php?dir=CwhomeCwtherahulCwreenrihairFwcomCwwp-contentCwpluginsCwlitespeed-cacheCwtplCwdash" "Mozilla/5.0 AppleWebKit/537.36 (KHTML, like Gecko; compatible; GPTBot/1.4; +https://openai.com/gptbot)"
74.7.242.38 - - [22/Jun/2026:14:17:04 +0200] "GET /.well-known/acme-challenge/wp.php?dir=CwhomeCwtherahulCwpublic_htmlCwwp-adminCwincludes&edit=image.php HTTP/1.1" 200 16308 "http://reenrihair.com.therahuldas.com/.well-known/acme-challenge/wp.php?dir=CwhomeCwtherahulCwpublic_htmlCwwp-adminCwincludes" "Mozilla/5.0 AppleWebKit/537.36 (KHTML, like Gecko; compatible; GPTBot/1.4; +https://openai.com/gptbot)"
74.7.227.170 - - [22/Jun/2026:14:17:05 +0200] "GET /.well-known/acme-challenge/wp.php?dir=CwhomeCwtherahulCwreenrihairFwcomCwwp-contentCwpluginsCwwordpress-seoCwadminCwmenu&download=class-menu.php HTTP/1.1" 200 835 "http://reenrihair.com/.well-known/acme-challenge/wp.php?dir=CwhomeCwtherahulCwreenrihairFwcomCwwp-contentCwpluginsCwwordpress-seoCwadminCwmenu" "Mozilla/5.0 AppleWebKit/537.36 (KHTML, like Gecko; compatible; GPTBot/1.4; +https://openai.com/gptbot)"
74.7.242.38 - - [22/Jun/2026:14:17:06 +0200] "GET /.well-known/acme-challenge/wp.php?dir=CwhomeCwtherahulCwpublic_htmlCwwp-adminCwincludes&edit=export.php HTTP/1.1" 200 11207 "http://reenrihair.com.therahuldas.com/.well-known/acme-challenge/wp.php?dir=CwhomeCwtherahulCwpublic_htmlCwwp-adminCwincludes" "Mozilla/5.0 AppleWebKit/537.36 (KHTML, like Gecko; compatible; GPTBot/1.4; +https://openai.com/gptbot)"
74.7.227.170 - - [22/Jun/2026:14:17:06 +0200] "GET /.well-known/acme-challenge/wp.php?dir=CwhomeCwtherahulCwreenrihairFwcomCwwp-contentCwpluginsCwlitespeed-cacheCwsrc&download=placeholder.cls.php HTTP/1.1" 200 5259 "http://reenrihair.com/.well-known/acme-challenge/wp.php?dir=CwhomeCwtherahulCwreenrihairFwcomCwwp-contentCwpluginsCwlitespeed-cacheCwsrc" "Mozilla/5.0 AppleWebKit/537.36 (KHTML, like Gecko; compatible; GPTBot/1.4; +https://openai.com/gptbot)"
74.7.242.38 - - [22/Jun/2026:14:17:07 +0200] "GET /.well-known/acme-challenge/wp.php?dir=CwhomeCwtherahulCwpublic_htmlCwwp-adminCwincludes&edit=options.php HTTP/1.1" 200 5586 "http://reenrihair.com.therahuldas.com/.well-known/acme-challenge/wp.php?dir=CwhomeCwtherahulCwpublic_htmlCwwp-adminCwincludes" "Mozilla/5.0 AppleWebKit/537.36 (KHTML, like Gecko; compatible; GPTBot/1.4; +https://openai.com/gptbot)"
74.7.227.170 - - [22/Jun/2026:14:17:07 +0200] "GET /.well-known/acme-challenge/wp.php?dir=CwhomeCwtherahulCwpublic_htmlCwwp-contentCwpluginsCwwoocommerceCwtemplatesCwloop&download=result-count.php HTTP/1.1" 200 888 "http://reenrihair.com/.well-known/acme-challenge/wp.php?dir=CwhomeCwtherahulCwpublic_htmlCwwp-contentCwpluginsCwwoocommerceCwtemplatesCwloop" "Mozilla/5.0 AppleWebKit/537.36 (KHTML, like Gecko; compatible; GPTBot/1.4; +https://openai.com/gptbot)"
74.7.242.38 - - [22/Jun/2026:14:17:08 +0200] "GET /.well-known/acme-challenge/wp.php?dir=CwhomeCwtherahulCwpublic_htmlCwwp-adminCwnetwork&edit=contribute.php HTTP/1.1" 200 4087 "http://reenrihair.com.therahuldas.com/.well-known/acme-challenge/wp.php?dir=CwhomeCwtherahulCwpublic_htmlCwwp-adminCwnetwork" "Mozilla/5.0 AppleWebKit/537.36 (KHTML, like Gecko; compatible; GPTBot/1.4; +https://openai.com/gptbot)"
74.7.227.170 - - [22/Jun/2026:14:17:09 +0200] "GET /.well-known/acme-challenge/wp.php?dir=CwhomeCwtherahulCwreenrihairFwcomCwwp-contentCwpluginsCwlitespeed-cacheCwtplCwcdn&download=other.tpl.php HTTP/1.1" 200 1859 "http://reenrihair.com/.well-known/acme-challenge/wp.php?dir=CwhomeCwtherahulCwreenrihairFwcomCwwp-contentCwpluginsCwlitespeed-cacheCwtplCwcdn" "Mozilla/5.0 AppleWebKit/537.36 (KHTML, like Gecko; compatible; GPTBot/1.4; +https://openai.com/gptbot)"
74.7.242.38 - - [22/Jun/2026:14:17:10 +0200] "GET /.well-known/acme-challenge/wp.php?dir=CwhomeCwtherahulCwpublic_htmlCwwp-adminCwincludes&edit=deprecated.php HTTP/1.1" 200 13982 "http://reenrihair.com.therahuldas.com/.well-known/acme-challenge/wp.php?dir=CwhomeCwtherahulCwpublic_htmlCwwp-adminCwincludes" "Mozilla/5.0 AppleWebKit/537.36 (KHTML, like Gecko; compatible; GPTBot/1.4; +https://openai.com/gptbot)"
74.7.227.170 - - [22/Jun/2026:14:17:10 +0200] "GET /.well-known/acme-challenge/wp.php?dir=CwusrCwincludeCwopenssl&view=store.h HTTP/1.1" 200 3533 "http://reenrihair.com/.well-known/acme-challenge/wp.php?dir=CwusrCwincludeCwopenssl" "Mozilla/5.0 AppleWebKit/537.36 (KHTML, like Gecko; compatible; GPTBot/1.4; +https://openai.com/gptbot)"
74.7.227.170 - - [22/Jun/2026:14:17:11 +0200] "GET /.well-known/acme-challenge/wp.php?dir=CwusrCwincludeCwopenssl&view=trace.h HTTP/1.1" 200 3231 "http://reenrihair.com/.well-known/acme-challenge/wp.php?dir=CwusrCwincludeCwopenssl" "Mozilla/5.0 AppleWebKit/537.36 (KHTML, like Gecko; compatible; GPTBot/1.4; +https://openai.com/gptbot)"
74.7.242.38 - - [22/Jun/2026:14:17:11 +0200] "GET /.well-known/acme-challenge/wp.php?dir=CwhomeCwtherahulCwpublic_htmlCwwp-adminCwincludes&edit=theme.php HTTP/1.1" 200 16068 "http://reenrihair.com.therahuldas.com/.well-known/acme-challenge/wp.php?dir=CwhomeCwtherahulCwpublic_htmlCwwp-adminCwincludes" "Mozilla/5.0 AppleWebKit/537.36 (KHTML, like Gecko; compatible; GPTBot/1.4; +https://openai.com/gptbot)"
74.7.227.170 - - [22/Jun/2026:14:17:13 +0200] "GET /.well-known/acme-challenge/wp.php?dir=CwusrCwincludeCwopenssl&view=cterr.h HTTP/1.1" 200 625 "http://reenrihair.com/.well-known/acme-challenge/wp.php?dir=CwusrCwincludeCwopenssl" "Mozilla/5.0 AppleWebKit/537.36 (KHTML, like Gecko; compatible; GPTBot/1.4; +https://openai.com/gptbot)"
74.7.242.38 - - [22/Jun/2026:14:17:13 +0200] "GET /.well-known/acme-challenge/wp.php?dir=CwhomeCwtherahulCwpublic_htmlCwwp-adminCwnetwork&edit=credits.php HTTP/1.1" 200 4095 "http://reenrihair.com.therahuldas.com/.well-known/acme-challenge/wp.php?dir=CwhomeCwtherahulCwpublic_htmlCwwp-adminCwnetwork" "Mozilla/5.0 AppleWebKit/537.36 (KHTML, like Gecko; compatible; GPTBot/1.4; +https://openai.com/gptbot)"
74.7.227.170 - - [22/Jun/2026:14:17:14 +0200] "GET /.well-known/acme-challenge/wp.php?dir=CwusrCwincludeCwlinux&view=pktcdvd.h HTTP/1.1" 200 1305 "http://reenrihair.com/.well-known/acme-challenge/wp.php?dir=CwusrCwincludeCwlinux" "Mozilla/5.0 AppleWebKit/537.36 (KHTML, like Gecko; compatible; GPTBot/1.4; +https://openai.com/gptbot)"
74.7.242.38 - - [22/Jun/2026:14:17:14 +0200] "GET /.well-known/acme-challenge/wp.php?dir=CwhomeCwtherahulCwpublic_htmlCwwp-adminCwnetwork&edit=settings.php HTTP/1.1" 200 10004 "http://reenrihair.com.therahuldas.com/.well-known/acme-challenge/wp.php?dir=CwhomeCwtherahulCwpublic_htmlCwwp-adminCwnetwork" "Mozilla/5.0 AppleWebKit/537.36 (KHTML, like Gecko; compatible; GPTBot/1.4; +https://openai.com/gptbot)"
74.7.227.170 - - [22/Jun/2026:14:17:16 +0200] "GET /.well-known/acme-challenge/wp.php?dir=CwusrCwincludeCwncursesw&view=etip.h HTTP/1.1" 200 2729 "http://reenrihair.com/.well-known/acme-challenge/wp.php?dir=CwusrCwincludeCwncursesw" "Mozilla/5.0 AppleWebKit/537.36 (KHTML, like Gecko; compatible; GPTBot/1.4; +https://openai.com/gptbot)"
74.7.242.38 - - [22/Jun/2026:14:17:16 +0200] "GET /.well-known/acme-challenge/wp.php?dir=CwhomeCwtherahulCwpublic_htmlCwwp-adminCwincludes&edit=network.php HTTP/1.1" 200 11586 "http://reenrihair.com.therahuldas.com/.well-known/acme-challenge/wp.php?dir=CwhomeCwtherahulCwpublic_htmlCwwp-adminCwincludes" "Mozilla/5.0 AppleWebKit/537.36 (KHTML, like Gecko; compatible; GPTBot/1.4; +https://openai.com/gptbot)"
74.7.227.170 - - [22/Jun/2026:14:17:17 +0200] "GET /.well-known/acme-challenge/wp.php?dir=CwetcCwalternatives&view=modules.csh HTTP/1.1" 200 98 "http://reenrihair.com/.well-known/acme-challenge/wp.php?dir=CwetcCwalternatives" "Mozilla/5.0 AppleWebKit/537.36 (KHTML, like Gecko; compatible; GPTBot/1.4; +https://openai.com/gptbot)"
74.7.242.38 - - [22/Jun/2026:14:17:17 +0200] "GET /.well-known/acme-challenge/wp.php?dir=CwhomeCwtherahulCwpublic_htmlCwwp-adminCwincludes&edit=upgrade.php HTTP/1.1" 200 33461 "http://reenrihair.com.therahuldas.com/.well-known/acme-challenge/wp.php?dir=CwhomeCwtherahulCwpublic_htmlCwwp-adminCwincludes" "Mozilla/5.0 AppleWebKit/537.36 (KHTML, like Gecko; compatible; GPTBot/1.4; +https://openai.com/gptbot)"
74.7.227.170 - - [22/Jun/2026:14:17:18 +0200] "GET /.well-known/acme-challenge/wp.php?dir=CwusrCwincludeCwgssrpc&view=rename.h HTTP/1.1" 200 2628 "http://reenrihair.com/.well-known/acme-challenge/wp.php?dir=CwusrCwincludeCwgssrpc" "Mozilla/5.0 AppleWebKit/537.36 (KHTML, like Gecko; compatible; GPTBot/1.4; +https://openai.com/gptbot)"
74.7.242.38 - - [22/Jun/2026:14:17:19 +0200] "GET /.well-known/acme-challenge/wp.php?dir=CwhomeCwtherahulCwpublic_htmlCwwp-adminCwincludes&edit=credits.php HTTP/1.1" 200 5984 "http://reenrihair.com.therahuldas.com/.well-known/acme-challenge/wp.php?dir=CwhomeCwtherahulCwpublic_htmlCwwp-adminCwincludes" "Mozilla/5.0 AppleWebKit/537.36 (KHTML, like Gecko; compatible; GPTBot/1.4; +https://openai.com/gptbot)"
74.7.227.170 - - [22/Jun/2026:14:17:20 +0200] "GET /.well-known/acme-challenge/wp.php?dir=CwusrCwincludeCwncursesw&view=form.h HTTP/1.1" 200 4877 "http://reenrihair.com/.well-known/acme-challenge/wp.php?dir=CwusrCwincludeCwncursesw" "Mozilla/5.0 AppleWebKit/537.36 (KHTML, like Gecko; compatible; GPTBot/1.4; +https://openai.com/gptbot)"
74.7.242.38 - - [22/Jun/2026:14:17:20 +0200] "GET /.well-known/acme-challenge/wp.php?dir=CwhomeCwtherahulCwpublic_htmlCwwp-adminCwincludes&edit=widgets.php HTTP/1.1" 200 7246 "http://reenrihair.com.therahuldas.com/.well-known/acme-challenge/wp.php?dir=CwhomeCwtherahulCwpublic_htmlCwwp-adminCwincludes" "Mozilla/5.0 AppleWebKit/537.36 (KHTML, like Gecko; compatible; GPTBot/1.4; +https://openai.com/gptbot)"
74.7.242.38 - - [22/Jun/2026:14:17:21 +0200] "GET /.well-known/acme-challenge/wp.php?dir=CwhomeCwtherahulCwpublic_htmlCwwp-adminCwincludes&edit=plugin.php HTTP/1.1" 200 23201 "http://reenrihair.com.therahuldas.com/.well-known/acme-challenge/wp.php?dir=CwhomeCwtherahulCwpublic_htmlCwwp-adminCwincludes" "Mozilla/5.0 AppleWebKit/537.36 (KHTML, like Gecko; compatible; GPTBot/1.4; +https://openai.com/gptbot)"
74.7.227.170 - - [22/Jun/2026:14:17:21 +0200] "GET /.well-known/acme-challenge/'%20.%20esc_attr(%20$file%20)%20.' HTTP/1.1" 301 0 "http://reenrihair.com/.well-known/acme-challenge/wp.php?dir=CwhomeCwtherahulCwreenrihairFwcomCwwp-contentCwpluginsCwlitespeed-cacheCwsrc&download=placeholder.cls.php" "Mozilla/5.0 AppleWebKit/537.36 (KHTML, like Gecko; compatible; GPTBot/1.4; +https://openai.com/gptbot)"
74.7.242.38 - - [22/Jun/2026:14:17:23 +0200] "GET /.well-known/acme-challenge/wp.php?dir=CwhomeCwtherahulCwpublic_htmlCwwp-adminCwnetwork&edit=freedoms.php HTTP/1.1" 200 4050 "http://reenrihair.com.therahuldas.com/.well-known/acme-challenge/wp.php?dir=CwhomeCwtherahulCwpublic_htmlCwwp-adminCwnetwork" "Mozilla/5.0 AppleWebKit/537.36 (KHTML, like Gecko; compatible; GPTBot/1.4; +https://openai.com/gptbot)"
74.7.242.38 - - [22/Jun/2026:14:17:24 +0200] "GET /.well-known/acme-challenge/wp.php?dir=CwhomeCwtherahulCwpublic_htmlCwwp-adminCwnetwork&edit=plugins.php HTTP/1.1" 200 4097 "http://reenrihair.com.therahuldas.com/.well-known/acme-challenge/wp.php?dir=CwhomeCwtherahulCwpublic_htmlCwwp-adminCwnetwork" "Mozilla/5.0 AppleWebKit/537.36 (KHTML, like Gecko; compatible; GPTBot/1.4; +https://openai.com/gptbot)"
74.7.227.170 - - [22/Jun/2026:14:17:23 +0200] "GET /.well-known/acme-challenge/%20.%20esc_attr(%20file%20)%20. HTTP/1.1" 301 0 "http://reenrihair.com/.well-known/acme-challenge/'%20.%20esc_attr(%20$file%20)%20.'" "Mozilla/5.0 AppleWebKit/537.36 (KHTML, like Gecko; compatible; GPTBot/1.4; +https://openai.com/gptbot)"
74.7.242.38 - - [22/Jun/2026:14:17:25 +0200] "GET /.well-known/acme-challenge/wp.php?dir=CwhomeCwtherahulCwpublic_htmlCwwp-adminCwincludes&edit=dashboard.php HTTP/1.1" 200 23715 "http://reenrihair.com.therahuldas.com/.well-known/acme-challenge/wp.php?dir=CwhomeCwtherahulCwpublic_htmlCwwp-adminCwincludes" "Mozilla/5.0 AppleWebKit/537.36 (KHTML, like Gecko; compatible; GPTBot/1.4; +https://openai.com/gptbot)"
74.7.227.170 - - [22/Jun/2026:14:17:24 +0200] "GET /.well-known/acme-challenge/%20.%20esc_attr(%20file HTTP/1.1" 404 11866 "http://reenrihair.com/.well-known/acme-challenge/%20.%20esc_attr(%20file%20)%20." "Mozilla/5.0 AppleWebKit/537.36 (KHTML, like Gecko; compatible; GPTBot/1.4; +https://openai.com/gptbot)"
74.7.242.38 - - [22/Jun/2026:14:17:27 +0200] "GET /.well-known/acme-challenge/wp.php?dir=CwhomeCwtherahulCwpublic_htmlCwwp-adminCwincludes&edit=schema.php HTTP/1.1" 200 15426 "http://reenrihair.com.therahuldas.com/.well-known/acme-challenge/wp.php?dir=CwhomeCwtherahulCwpublic_htmlCwwp-adminCwincludes" "Mozilla/5.0 AppleWebKit/537.36 (KHTML, like Gecko; compatible; GPTBot/1.4; +https://openai.com/gptbot)"
74.7.242.38 - - [22/Jun/2026:14:17:28 +0200] "GET /.well-known/acme-challenge/wp.php?dir=CwhomeCwtherahulCwpublic_htmlCwwp-adminCwnetwork&edit=upgrade.php HTTP/1.1" 200 6085 "http://reenrihair.com.therahuldas.com/.well-known/acme-challenge/wp.php?dir=CwhomeCwtherahulCwpublic_htmlCwwp-adminCwnetwork" "Mozilla/5.0 AppleWebKit/537.36 (KHTML, like Gecko; compatible; GPTBot/1.4; +https://openai.com/gptbot)"
74.7.242.38 - - [22/Jun/2026:14:17:29 +0200] "GET /.well-known/acme-challenge/wp.php?dir=CwhomeCwtherahulCwpublic_htmlCwwp-adminCwincludes&edit=media.php HTTP/1.1" 200 36105 "http://reenrihair.com.therahuldas.com/.well-known/acme-challenge/wp.php?dir=CwhomeCwtherahulCwpublic_htmlCwwp-adminCwincludes" "Mozilla/5.0 AppleWebKit/537.36 (KHTML, like Gecko; compatible; GPTBot/1.4; +https://openai.com/gptbot)"
74.7.242.38 - - [22/Jun/2026:14:17:31 +0200] "GET /.well-known/acme-challenge/wp.php?dir=CwhomeCwtherahulCwpublic_htmlCwwp-adminCwnetwork&edit=site-settings.php HTTP/1.1" 200 6289 "http://reenrihair.com.therahuldas.com/.well-known/acme-challenge/wp.php?dir=CwhomeCwtherahulCwpublic_htmlCwwp-adminCwnetwork" "Mozilla/5.0 AppleWebKit/537.36 (KHTML, like Gecko; compatible; GPTBot/1.4; +https://openai.com/gptbot)"
74.7.242.38 - - [22/Jun/2026:14:17:32 +0200] "GET /.well-known/acme-challenge/wp.php?dir=CwhomeCwtherahulCwpublic_htmlCwwp-adminCwincludes&edit=screen.php HTTP/1.1" 200 5745 "http://reenrihair.com.therahuldas.com/.well-known/acme-challenge/wp.php?dir=CwhomeCwtherahulCwpublic_htmlCwwp-adminCwincludes" "Mozilla/5.0 AppleWebKit/537.36 (KHTML, like Gecko; compatible; GPTBot/1.4; +https://openai.com/gptbot)"
74.7.227.170 - - [22/Jun/2026:14:17:00 +0200] "GET /.well-known/acme-challenge/%3C?php%20echo%20admin_url(%27plans.php%27);%20?%3E HTTP/1.1" 404 11866 "http://reenrihair.com/.well-known/acme-challenge/wp.php?dir=CwvarCwsoftaculousCwsitepadCweditorCwsite-admin&view=themes.php" "Mozilla/5.0 AppleWebKit/537.36 (KHTML, like Gecko; compatible; GPTBot/1.4; +https://openai.com/gptbot)"
74.7.227.170 - - [22/Jun/2026:14:17:28 +0200] "GET /.well-known/acme-challenge/'%20.%20esc_attr(%20$file%20)%20.%20' HTTP/1.1" 301 0 "http://reenrihair.com/.well-known/acme-challenge/wp.php?dir=CwhomeCwtherahulCwreenrihairFwcomCwwp-contentCwpluginsCwlitespeed-cacheCwsrc&download=placeholder.cls.php" "Mozilla/5.0 AppleWebKit/537.36 (KHTML, like Gecko; compatible; GPTBot/1.4; +https://openai.com/gptbot)"
74.7.227.170 - - [22/Jun/2026:14:17:29 +0200] "GET /.well-known/acme-challenge/%20.%20esc_attr(%20file%20)%20.%20 HTTP/1.1" 301 0 "http://reenrihair.com/.well-known/acme-challenge/'%20.%20esc_attr(%20$file%20)%20.%20'" "Mozilla/5.0 AppleWebKit/537.36 (KHTML, like Gecko; compatible; GPTBot/1.4; +https://openai.com/gptbot)"
74.7.227.170 - - [22/Jun/2026:14:17:30 +0200] "GET /.well-known/acme-challenge/%20.%20esc_attr(%20file HTTP/1.1" 404 11866 "http://reenrihair.com/.well-known/acme-challenge/%20.%20esc_attr(%20file%20)%20.%20" "Mozilla/5.0 AppleWebKit/537.36 (KHTML, like Gecko; compatible; GPTBot/1.4; +https://openai.com/gptbot)"
74.7.227.170 - - [22/Jun/2026:14:17:31 +0200] "GET /.well-known/acme-challenge/wp.php?dir=CwusrCwincludeCwncursesw&view=term.h HTTP/1.1" 200 8037 "http://reenrihair.com/.well-known/acme-challenge/wp.php?dir=CwusrCwincludeCwncursesw" "Mozilla/5.0 AppleWebKit/537.36 (KHTML, like Gecko; compatible; GPTBot/1.4; +https://openai.com/gptbot)"
74.7.227.170 - - [22/Jun/2026:14:17:33 +0200] "GET /.well-known/acme-challenge/wp.php?dir=CwusrCwincludeCwselinux&view=label.h HTTP/1.1" 200 2218 "http://reenrihair.com/.well-known/acme-challenge/wp.php?dir=CwusrCwincludeCwselinux" "Mozilla/5.0 AppleWebKit/537.36 (KHTML, like Gecko; compatible; GPTBot/1.4; +https://openai.com/gptbot)"
74.7.227.170 - - [22/Jun/2026:14:17:34 +0200] "GET /.well-known/acme-challenge/wp.php?dir=CwusrCwincludeCwopenssl&view=modes.h HTTP/1.1" 200 1344 "http://reenrihair.com/.well-known/acme-challenge/wp.php?dir=CwusrCwincludeCwopenssl" "Mozilla/5.0 AppleWebKit/537.36 (KHTML, like Gecko; compatible; GPTBot/1.4; +https://openai.com/gptbot)"
74.7.227.170 - - [22/Jun/2026:14:17:36 +0200] "GET /.well-known/acme-challenge/wp.php?dir=CwusrCwincludeCwopenssl&view=bnerr.h HTTP/1.1" 200 725 "http://reenrihair.com/.well-known/acme-challenge/wp.php?dir=CwusrCwincludeCwopenssl" "Mozilla/5.0 AppleWebKit/537.36 (KHTML, like Gecko; compatible; GPTBot/1.4; +https://openai.com/gptbot)"
74.7.227.170 - - [22/Jun/2026:14:17:37 +0200] "GET /.well-known/acme-challenge/wp.php?dir=CwusrCwincludeCwopenssl&view=tserr.h HTTP/1.1" 200 920 "http://reenrihair.com/.well-known/acme-challenge/wp.php?dir=CwusrCwincludeCwopenssl" "Mozilla/5.0 AppleWebKit/537.36 (KHTML, like Gecko; compatible; GPTBot/1.4; +https://openai.com/gptbot)"
74.7.227.170 - - [22/Jun/2026:14:17:38 +0200] "GET /.well-known/acme-challenge/wp.php?dir=CwoptCwimunify360CwvenvCwlibCwpython3Fw11Cwsite-packagesCwurllib3CwpackagesCw__pycache__ HTTP/1.1" 200 5522 "http://reenrihair.com/.well-known/acme-challenge/wp.php?dir=CwoptCwimunify360CwvenvCwlibCwpython3Fw11Cwsite-packagesCwurllib3Cwpackages" "Mozilla/5.0 AppleWebKit/537.36 (KHTML, like Gecko; compatible; GPTBot/1.4; +https://openai.com/gptbot)"
74.7.227.170 - - [22/Jun/2026:14:17:40 +0200] "GET /wp-includes/html-api/wp.php?dir=Cw HTTP/1.1" 200 6443 "http://reenrihair.com/wp-includes/html-api/wp.php?dir=Cwhome" "Mozilla/5.0 AppleWebKit/537.36 (KHTML, like Gecko; compatible; GPTBot/1.4; +https://openai.com/gptbot)"
74.7.242.38 - - [22/Jun/2026:14:17:33 +0200] "GET /.well-known/acme-challenge/wp.php?dir=CwhomeCwtherahulCwpublic_htmlCwwp-adminCwincludes&edit=import.php HTTP/1.1" 200 6240 "http://reenrihair.com.therahuldas.com/.well-known/acme-challenge/wp.php?dir=CwhomeCwtherahulCwpublic_htmlCwwp-adminCwincludes" "Mozilla/5.0 AppleWebKit/537.36 (KHTML, like Gecko; compatible; GPTBot/1.4; +https://openai.com/gptbot)"
74.7.242.38 - - [22/Jun/2026:14:17:35 +0200] "GET /.well-known/acme-challenge/wp.php?dir=CwhomeCwtherahulCwpublic_htmlCwwp-adminCwincludes&edit=revision.php HTTP/1.1" 200 8892 "http://reenrihair.com.therahuldas.com/.well-known/acme-challenge/wp.php?dir=CwhomeCwtherahulCwpublic_htmlCwwp-adminCwincludes" "Mozilla/5.0 AppleWebKit/537.36 (KHTML, like Gecko; compatible; GPTBot/1.4; +https://openai.com/gptbot)"
74.7.242.38 - - [22/Jun/2026:14:17:36 +0200] "GET /.well-known/acme-challenge/wp.php?dir=CwhomeCwtherahulCwpublic_htmlCwwp-adminCwnetwork&edit=themes.php HTTP/1.1" 200 8522 "http://reenrihair.com.therahuldas.com/.well-known/acme-challenge/wp.php?dir=CwhomeCwtherahulCwpublic_htmlCwwp-adminCwnetwork" "Mozilla/5.0 AppleWebKit/537.36 (KHTML, like Gecko; compatible; GPTBot/1.4; +https://openai.com/gptbot)"
74.7.242.38 - - [22/Jun/2026:14:17:37 +0200] "GET /.well-known/acme-challenge/wp.php?dir=CwhomeCwtherahulCwpublic_htmlCwwp-adminCwincludes&edit=class-bulk-upgrader-skin.php HTTP/1.1" 200 5960 "http://reenrihair.com.therahuldas.com/.well-known/acme-challenge/wp.php?dir=CwhomeCwtherahulCwpublic_htmlCwwp-adminCwincludes" "Mozilla/5.0 AppleWebKit/537.36 (KHTML, like Gecko; compatible; GPTBot/1.4; +https://openai.com/gptbot)"
74.7.242.38 - - [22/Jun/2026:14:17:39 +0200] "GET /.well-known/acme-challenge/wp.php?dir=CwhomeCwtherahulCwpublic_htmlCwwp-adminCwincludes&edit=class-ftp-sockets.php HTTP/1.1" 200 6091 "http://reenrihair.com.therahuldas.com/.well-known/acme-challenge/wp.php?dir=CwhomeCwtherahulCwpublic_htmlCwwp-adminCwincludes" "Mozilla/5.0 AppleWebKit/537.36 (KHTML, like Gecko; compatible; GPTBot/1.4; +https://openai.com/gptbot)"
74.7.242.38 - - [22/Jun/2026:14:17:40 +0200] "GET /.well-known/acme-challenge/wp.php?dir=CwhomeCwtherahulCwpublic_htmlCwwp-adminCwincludes&edit=meta-boxes.php HTTP/1.1" 200 20284 "http://reenrihair.com.therahuldas.com/.well-known/acme-challenge/wp.php?dir=CwhomeCwtherahulCwpublic_htmlCwwp-adminCwincludes" "Mozilla/5.0 AppleWebKit/537.36 (KHTML, like Gecko; compatible; GPTBot/1.4; +https://openai.com/gptbot)"
74.7.242.38 - - [22/Jun/2026:14:17:42 +0200] "GET /.well-known/acme-challenge/wp.php?dir=CwhomeCwtherahulCwpublic_htmlCwwp-adminCwnetwork&edit=edit.php HTTP/1.1" 200 4377 "http://reenrihair.com.therahuldas.com/.well-known/acme-challenge/wp.php?dir=CwhomeCwtherahulCwpublic_htmlCwwp-adminCwnetwork" "Mozilla/5.0 AppleWebKit/537.36 (KHTML, like Gecko; compatible; GPTBot/1.4; +https://openai.com/gptbot)"
74.7.242.38 - - [22/Jun/2026:14:17:43 +0200] "GET /.well-known/acme-challenge/wp.php?dir=CwhomeCwtherahulCwpublic_htmlCwwp-adminCwnetwork&edit=menu.php HTTP/1.1" 200 5230 "http://reenrihair.com.therahuldas.com/.well-known/acme-challenge/wp.php?dir=CwhomeCwtherahulCwpublic_htmlCwwp-adminCwnetwork" "Mozilla/5.0 AppleWebKit/537.36 (KHTML, like Gecko; compatible; GPTBot/1.4; +https://openai.com/gptbot)"
74.7.242.38 - - [22/Jun/2026:14:17:45 +0200] "GET /.well-known/acme-challenge/wp.php?dir=CwhomeCwtherahulCwpublic_htmlCwwp-adminCwincludes&edit=file.php HTTP/1.1" 200 30104 "http://reenrihair.com.therahuldas.com/.well-known/acme-challenge/wp.php?dir=CwhomeCwtherahulCwpublic_htmlCwwp-adminCwincludes" "Mozilla/5.0 AppleWebKit/537.36 (KHTML, like Gecko; compatible; GPTBot/1.4; +https://openai.com/gptbot)"
74.7.242.38 - - [22/Jun/2026:14:17:46 +0200] "GET /.well-known/acme-challenge/wp.php?dir=CwhomeCwtherahulCwpublic_htmlCwwp-adminCwnetwork&edit=sites.php HTTP/1.1" 200 8418 "http://reenrihair.com.therahuldas.com/.well-known/acme-challenge/wp.php?dir=CwhomeCwtherahulCwpublic_htmlCwwp-adminCwnetwork" "Mozilla/5.0 AppleWebKit/537.36 (KHTML, like Gecko; compatible; GPTBot/1.4; +https://openai.com/gptbot)"
74.7.227.170 - - [22/Jun/2026:14:17:41 +0200] "GET /.well-known/acme-challenge/wp.php?dir=CwhomeCwtherahulCwthedasstoresFwcomCwwp-contentCwpluginsCwti-woocommerce-wishlistCwassetsCwjs&view=public.js HTTP/1.1" 200 8808 "http://reenrihair.com/.well-known/acme-challenge/wp.php?dir=CwhomeCwtherahulCwthedasstoresFwcomCwwp-contentCwpluginsCwti-woocommerce-wishlistCwassetsCwjs" "Mozilla/5.0 AppleWebKit/537.36 (KHTML, like Gecko; compatible; GPTBot/1.4; +https://openai.com/gptbot)"
74.7.227.170 - - [22/Jun/2026:14:17:43 +0200] "GET /.well-known/acme-challenge/wp.php?dir=CwhomeCwtherahulCwwebFwjanapremimaviFweduFwnpCwwp-includesCwimagesCwicon-library&download=page.svg HTTP/1.1" 200 221 "http://reenrihair.com/.well-known/acme-challenge/wp.php?dir=CwhomeCwtherahulCwwebFwjanapremimaviFweduFwnpCwwp-includesCwimagesCwicon-library" "Mozilla/5.0 AppleWebKit/537.36 (KHTML, like Gecko; compatible; GPTBot/1.4; +https://openai.com/gptbot)"
74.7.227.170 - - [22/Jun/2026:14:17:44 +0200] "GET /.well-known/acme-challenge/wp.php?dir=CwusrCwshareCwperl5CwIOCwCompressCwAdapter HTTP/1.1" 200 5561 "http://reenrihair.com/.well-known/acme-challenge/wp.php?dir=CwusrCwshareCwperl5CwIOCwCompress" "Mozilla/5.0 AppleWebKit/537.36 (KHTML, like Gecko; compatible; GPTBot/1.4; +https://openai.com/gptbot)"
74.7.227.170 - - [22/Jun/2026:14:17:46 +0200] "GET /.well-known/acme-challenge/wp.php?dir=CwhomeCwtherahulCwmomotimesFwtherahuldasFwcomCwwp-contentCwpluginsCwjs_composerCwmodulesCwscroll-to-elementCwassetsCwjs HTTP/1.1" 200 5399 "http://reenrihair.com/.well-known/acme-challenge/wp.php?dir=CwhomeCwtherahulCwmomotimesFwtherahuldasFwcomCwwp-contentCwpluginsCwjs_composerCwmodulesCwscroll-to-elementCwassets" "Mozilla/5.0 AppleWebKit/537.36 (KHTML, like Gecko; compatible; GPTBot/1.4; +https://openai.com/gptbot)"
74.7.227.170 - - [22/Jun/2026:14:17:47 +0200] "GET /.well-known/acme-challenge/wp.php?dir=CwhomeCwtherahulCwmomotimesFwtherahuldasFwcomCwwp-contentCwpluginsCwelementorCwmodulesCwkit-elements-defaultsCwimport-export HTTP/1.1" 200 5535 "http://reenrihair.com/.well-known/acme-challenge/wp.php?dir=CwhomeCwtherahulCwmomotimesFwtherahuldasFwcomCwwp-contentCwpluginsCwelementorCwmodulesCwkit-elements-defaults" "Mozilla/5.0 AppleWebKit/537.36 (KHTML, like Gecko; compatible; GPTBot/1.4; +https://openai.com/gptbot)"
74.7.227.170 - - [22/Jun/2026:14:17:48 +0200] "GET /.well-known/acme-challenge/wp.php?dir=CwhomeCwtherahulCwmomotimesFwtherahuldasFwcomCwwp-contentCwpluginsCwmodeltheme-frameworkCwincCwshortcodesCwmt-pattern-title HTTP/1.1" 200 5380 "http://reenrihair.com/.well-known/acme-challenge/wp.php?dir=CwhomeCwtherahulCwmomotimesFwtherahuldasFwcomCwwp-contentCwpluginsCwmodeltheme-frameworkCwincCwshortcodes" "Mozilla/5.0 AppleWebKit/537.36 (KHTML, like Gecko; compatible; GPTBot/1.4; +https://openai.com/gptbot)"
74.7.227.170 - - [22/Jun/2026:14:17:50 +0200] "GET /.well-known/acme-challenge/wp.php?dir=CwhomeCwtherahulCwmomotimesFwtherahuldasFwcomCwwp-contentCwpluginsCwmodeltheme-frameworkCwincCwdemo-importerCwdemo-data HTTP/1.1" 200 5638 "http://reenrihair.com/.well-known/acme-challenge/wp.php?dir=CwhomeCwtherahulCwmomotimesFwtherahuldasFwcomCwwp-contentCwpluginsCwmodeltheme-frameworkCwincCwdemo-importer" "Mozilla/5.0 AppleWebKit/537.36 (KHTML, like Gecko; compatible; GPTBot/1.4; +https://openai.com/gptbot)"
74.7.227.170 - - [22/Jun/2026:14:17:51 +0200] "GET /.well-known/acme-challenge/wp.php?dir=CwhomeCwtherahulCwthedasstoresFwcomCwwp-contentCwpluginsCwheader-footer-elementorCwincCwwidgets-managerCwwidgetsCwcopyright HTTP/1.1" 200 5539 "http://reenrihair.com/.well-known/acme-challenge/wp.php?dir=CwhomeCwtherahulCwthedasstoresFwcomCwwp-contentCwpluginsCwheader-footer-elementorCwincCwwidgets-managerCwwidgets" "Mozilla/5.0 AppleWebKit/537.36 (KHTML, like Gecko; compatible; GPTBot/1.4; +https://openai.com/gptbot)"
74.7.242.38 - - [22/Jun/2026:14:17:48 +0200] "GET /.well-known/acme-challenge/wp.php?dir=CwhomeCwtherahulCwpublic_htmlCwwp-adminCwnetwork&edit=about.php HTTP/1.1" 200 4095 "http://reenrihair.com.therahuldas.com/.well-known/acme-challenge/wp.php?dir=CwhomeCwtherahulCwpublic_htmlCwwp-adminCwnetwork" "Mozilla/5.0 AppleWebKit/537.36 (KHTML, like Gecko; compatible; GPTBot/1.4; +https://openai.com/gptbot)"
74.7.242.38 - - [22/Jun/2026:14:17:49 +0200] "GET /.well-known/acme-challenge/wp.php?dir=CwhomeCwtherahulCwpublic_htmlCwwp-adminCwincludes&edit=menu.php HTTP/1.1" 200 6703 "http://reenrihair.com.therahuldas.com/.well-known/acme-challenge/wp.php?dir=CwhomeCwtherahulCwpublic_htmlCwwp-adminCwincludes" "Mozilla/5.0 AppleWebKit/537.36 (KHTML, like Gecko; compatible; GPTBot/1.4; +https://openai.com/gptbot)"
74.7.242.38 - - [22/Jun/2026:14:17:50 +0200] "GET /.well-known/acme-challenge/wp.php?dir=CwhomeCwtherahulCwpublic_htmlCwwp-adminCwnetwork&edit=users.php HTTP/1.1" 200 7277 "http://reenrihair.com.therahuldas.com/.well-known/acme-challenge/wp.php?dir=CwhomeCwtherahulCwpublic_htmlCwwp-adminCwnetwork" "Mozilla/5.0 AppleWebKit/537.36 (KHTML, like Gecko; compatible; GPTBot/1.4; +https://openai.com/gptbot)"
74.7.242.38 - - [22/Jun/2026:14:17:52 +0200] "GET /.well-known/acme-challenge/wp.php?dir=CwhomeCwtherahulCwpublic_htmlCwwp-adminCwincludes&edit=misc.php HTTP/1.1" 200 16553 "http://reenrihair.com.therahuldas.com/.well-known/acme-challenge/wp.php?dir=CwhomeCwtherahulCwpublic_htmlCwwp-adminCwincludes" "Mozilla/5.0 AppleWebKit/537.36 (KHTML, like Gecko; compatible; GPTBot/1.4; +https://openai.com/gptbot)"
74.7.242.38 - - [22/Jun/2026:14:17:54 +0200] "GET /.well-known/acme-challenge/wp.php?dir=CwhomeCwtherahulCwpublic_htmlCwwp-adminCwincludes&edit=class-custom-background.php HTTP/1.1" 200 9806 "http://reenrihair.com.therahuldas.com/.well-known/acme-challenge/wp.php?dir=CwhomeCwtherahulCwpublic_htmlCwwp-adminCwincludes" "Mozilla/5.0 AppleWebKit/537.36 (KHTML, like Gecko; compatible; GPTBot/1.4; +https://openai.com/gptbot)"
74.7.242.38 - - [22/Jun/2026:14:17:56 +0200] "GET /.well-known/acme-challenge/wp.php?dir=CwhomeCwtherahulCwpublic_htmlCwwp-adminCwincludes&edit=taxonomy.php HTTP/1.1" 200 6398 "http://reenrihair.com.therahuldas.com/.well-known/acme-challenge/wp.php?dir=CwhomeCwtherahulCwpublic_htmlCwwp-adminCwincludes" "Mozilla/5.0 AppleWebKit/537.36 (KHTML, like Gecko; compatible; GPTBot/1.4; +https://openai.com/gptbot)"
74.7.242.38 - - [22/Jun/2026:14:17:57 +0200] "GET /.well-known/acme-challenge/wp.php?dir=CwhomeCwtherahulCwpublic_htmlCwwp-adminCwincludes&edit=ajax-actions.php HTTP/1.1" 200 38684 "http://reenrihair.com.therahuldas.com/.well-known/acme-challenge/wp.php?dir=CwhomeCwtherahulCwpublic_htmlCwwp-adminCwincludes" "Mozilla/5.0 AppleWebKit/537.36 (KHTML, like Gecko; compatible; GPTBot/1.4; +https://openai.com/gptbot)"
74.7.242.38 - - [22/Jun/2026:14:17:59 +0200] "GET /.well-known/acme-challenge/wp.php?dir=CwhomeCwtherahulCwpublic_htmlCwwp-adminCwincludes&edit=bookmark.php HTTP/1.1" 200 7223 "http://reenrihair.com.therahuldas.com/.well-known/acme-challenge/wp.php?dir=CwhomeCwtherahulCwpublic_htmlCwwp-adminCwincludes" "Mozilla/5.0 AppleWebKit/537.36 (KHTML, like Gecko; compatible; GPTBot/1.4; +https://openai.com/gptbot)"
74.7.242.38 - - [22/Jun/2026:14:18:00 +0200] "GET /.well-known/acme-challenge/wp.php?dir=CwhomeCwtherahulCwpublic_htmlCwwp-adminCwnetwork&view=update-core.php HTTP/1.1" 200 193 "http://reenrihair.com.therahuldas.com/.well-known/acme-challenge/wp.php?dir=CwhomeCwtherahulCwpublic_htmlCwwp-adminCwnetwork" "Mozilla/5.0 AppleWebKit/537.36 (KHTML, like Gecko; compatible; GPTBot/1.4; +https://openai.com/gptbot)"
4.204.184.210 - - [22/Jun/2026:14:17:05 +0200] "GET /wp-content/plugins/hellopress/wp_filemanager.php HTTP/1.1" 404 52385 "-" "-"
4.204.184.210 - - [22/Jun/2026:14:17:07 +0200] "GET /this_is_a_new_hello_world.php HTTP/1.1" 404 52385 "-" "-"
4.204.184.210 - - [22/Jun/2026:14:17:08 +0200] "GET /x.php HTTP/1.1" 404 52385 "-" "-"
4.204.184.210 - - [22/Jun/2026:14:17:10 +0200] "GET /admin.update.php HTTP/1.1" 404 52385 "-" "-"
4.204.184.210 - - [22/Jun/2026:14:17:10 +0200] "GET /hoeig.php HTTP/1.1" 404 52385 "-" "-"
4.204.184.210 - - [22/Jun/2026:14:17:12 +0200] "GET /xj241t.php HTTP/1.1" 404 52385 "-" "-"
4.204.184.210 - - [22/Jun/2026:14:17:13 +0200] "GET /maxx.php HTTP/1.1" 404 52385 "-" "-"
4.204.184.210 - - [22/Jun/2026:14:17:15 +0200] "GET /images.php HTTP/1.1" 404 52385 "-" "-"
4.204.184.210 - - [22/Jun/2026:14:17:16 +0200] "GET /wp-feob.php HTTP/1.1" 404 52385 "-" "-"
4.204.184.210 - - [22/Jun/2026:14:17:18 +0200] "GET /alls.php HTTP/1.1" 404 52385 "-" "-"
4.204.184.210 - - [22/Jun/2026:14:17:19 +0200] "GET /yyu.php HTTP/1.1" 404 52385 "-" "-"
4.204.184.210 - - [22/Jun/2026:14:17:20 +0200] "GET /kuj8rl.php?p= HTTP/1.1" 301 0 "-" "-"
4.204.184.210 - - [22/Jun/2026:14:17:21 +0200] "GET /kuj8rl.php HTTP/1.1" 404 52385 "-" "-"
4.204.184.210 - - [22/Jun/2026:14:17:23 +0200] "GET /by.php HTTP/1.1" 404 52385 "-" "-"
4.204.184.210 - - [22/Jun/2026:14:17:25 +0200] "GET /FAQ.php?p= HTTP/1.1" 301 0 "-" "-"
4.204.184.210 - - [22/Jun/2026:14:17:26 +0200] "GET /FAQ.php HTTP/1.1" 404 52385 "-" "-"
4.204.184.210 - - [22/Jun/2026:14:17:27 +0200] "GET /includesh1.php?p= HTTP/1.1" 301 0 "-" "-"
4.204.184.210 - - [22/Jun/2026:14:17:29 +0200] "GET /includesh1.php HTTP/1.1" 404 52385 "-" "-"
4.204.184.210 - - [22/Jun/2026:14:17:31 +0200] "GET /coffexium.php HTTP/1.1" 404 52385 "-" "-"
4.204.184.210 - - [22/Jun/2026:14:17:32 +0200] "GET /red.php HTTP/1.1" 404 52385 "-" "-"
4.204.184.210 - - [22/Jun/2026:14:17:34 +0200] "GET /wp-includes/sodium_compat/ HTTP/1.1" 200 4081 "-" "-"
4.204.184.210 - - [22/Jun/2026:14:17:34 +0200] "GET /wp-admin/css/colors/coffee/wp-adochan.php HTTP/1.1" 404 52385 "-" "-"
4.204.184.210 - - [22/Jun/2026:14:17:35 +0200] "GET /wp-includes/Text/ HTTP/1.1" 200 2357 "-" "-"
4.204.184.210 - - [22/Jun/2026:14:17:35 +0200] "GET /footer.php HTTP/1.1" 404 52385 "-" "-"
4.204.184.210 - - [22/Jun/2026:14:17:37 +0200] "GET /wp-content/uploads/ HTTP/1.1" 200 4553 "-" "-"
4.204.184.210 - - [22/Jun/2026:14:17:37 +0200] "GET /wp-content/index.php HTTP/1.1" 200 0 "-" "-"
4.204.184.210 - - [22/Jun/2026:14:17:37 +0200] "GET /images/ HTTP/1.1" 404 52385 "-" "-"
4.204.184.210 - - [22/Jun/2026:14:17:39 +0200] "GET /zoro.php HTTP/1.1" 404 52385 "-" "-"
4.204.184.210 - - [22/Jun/2026:14:17:40 +0200] "GET /bajah.php HTTP/1.1" 404 52385 "-" "-"
4.204.184.210 - - [22/Jun/2026:14:17:41 +0200] "GET /cream1.php HTTP/1.1" 404 52385 "-" "-"
4.204.184.210 - - [22/Jun/2026:14:17:43 +0200] "GET /lim.php HTTP/1.1" 404 52385 "-" "-"
4.204.184.210 - - [22/Jun/2026:14:17:44 +0200] "GET /greap.php HTTP/1.1" 404 52385 "-" "-"
4.204.184.210 - - [22/Jun/2026:14:17:45 +0200] "GET /177.php HTTP/1.1" 404 52385 "-" "-"
4.204.184.210 - - [22/Jun/2026:14:17:47 +0200] "GET /199.php HTTP/1.1" 404 52385 "-" "-"
4.204.184.210 - - [22/Jun/2026:14:17:48 +0200] "GET /file52.php HTTP/1.1" 404 52385 "-" "-"
4.204.184.210 - - [22/Jun/2026:14:17:50 +0200] "GET /122.php HTTP/1.1" 404 52385 "-" "-"
4.204.184.210 - - [22/Jun/2026:14:17:51 +0200] "GET /green1.php HTTP/1.1" 404 52385 "-" "-"
4.204.184.210 - - [22/Jun/2026:14:17:53 +0200] "GET /sukce.php HTTP/1.1" 404 52385 "-" "-"
4.204.184.210 - - [22/Jun/2026:14:17:55 +0200] "GET /xb.php HTTP/1.1" 404 52385 "-" "-"
4.204.184.210 - - [22/Jun/2026:14:17:57 +0200] "GET /biufile.php HTTP/1.1" 404 52385 "-" "-"
4.204.184.210 - - [22/Jun/2026:14:17:58 +0200] "GET /wpconf.php HTTP/1.1" 404 52385 "-" "-"
4.204.184.210 - - [22/Jun/2026:14:17:59 +0200] "GET /mosty.php HTTP/1.1" 404 52385 "-" "-"
4.204.184.210 - - [22/Jun/2026:14:18:01 +0200] "GET /dejavu.php HTTP/1.1" 404 52385 "-" "-"
74.7.227.170 - - [22/Jun/2026:14:17:53 +0200] "GET /.well-known/acme-challenge/wp.php?dir=CwhomeCwtherahulCwmomotimesFwtherahuldasFwcomCwwp-contentCwpluginsCwelementorCwmodulesCwfloating-buttonsCwadmin-menu-items HTTP/1.1" 200 5534 "http://reenrihair.com/.well-known/acme-challenge/wp.php?dir=CwhomeCwtherahulCwmomotimesFwtherahuldasFwcomCwwp-contentCwpluginsCwelementorCwmodulesCwfloating-buttons" "Mozilla/5.0 AppleWebKit/537.36 (KHTML, like Gecko; compatible; GPTBot/1.4; +https://openai.com/gptbot)"
74.7.227.170 - - [22/Jun/2026:14:17:55 +0200] "GET /.well-known/acme-challenge/wp.php?dir=CwoptCwimunify360CwvenvCwlibCwpython3Fw11Cwsite-packagesCwurllib3CwpackagesCw__pycache__&view=six.cpython-311.pyc HTTP/1.1" 200 19131 "http://reenrihair.com/.well-known/acme-challenge/wp.php?dir=CwoptCwimunify360CwvenvCwlibCwpython3Fw11Cwsite-packagesCwurllib3CwpackagesCw__pycache__" "Mozilla/5.0 AppleWebKit/537.36 (KHTML, like Gecko; compatible; GPTBot/1.4; +https://openai.com/gptbot)"
74.7.227.170 - - [22/Jun/2026:14:17:56 +0200] "GET /.well-known/acme-challenge/wp.php?dir=CwoptCwimunify360CwvenvCwlibCwpython3Fw11Cwsite-packagesCwurllib3CwpackagesCw__pycache__&edit=six.cpython-311.pyc HTTP/1.1" 200 22033 "http://reenrihair.com/.well-known/acme-challenge/wp.php?dir=CwoptCwimunify360CwvenvCwlibCwpython3Fw11Cwsite-packagesCwurllib3CwpackagesCw__pycache__" "Mozilla/5.0 AppleWebKit/537.36 (KHTML, like Gecko; compatible; GPTBot/1.4; +https://openai.com/gptbot)"
74.7.227.170 - - [22/Jun/2026:14:17:58 +0200] "GET /.well-known/acme-challenge/wp.php?dir=CwoptCwimunify360CwvenvCwlibCwpython3Fw11Cwsite-packagesCwurllib3CwpackagesCw__pycache__&view=__init__.cpython-311.pyc HTTP/1.1" 200 311 "http://reenrihair.com/.well-known/acme-challenge/wp.php?dir=CwoptCwimunify360CwvenvCwlibCwpython3Fw11Cwsite-packagesCwurllib3CwpackagesCw__pycache__" "Mozilla/5.0 AppleWebKit/537.36 (KHTML, like Gecko; compatible; GPTBot/1.4; +https://openai.com/gptbot)"
74.7.227.170 - - [22/Jun/2026:14:17:59 +0200] "GET /.well-known/acme-challenge/wp.php?dir=CwoptCwimunify360CwvenvCwlibCwpython3Fw11Cwsite-packagesCwurllib3CwpackagesCw__pycache__&edit=__init__.cpython-311.pyc HTTP/1.1" 200 4291 "http://reenrihair.com/.well-known/acme-challenge/wp.php?dir=CwoptCwimunify360CwvenvCwlibCwpython3Fw11Cwsite-packagesCwurllib3CwpackagesCw__pycache__" "Mozilla/5.0 AppleWebKit/537.36 (KHTML, like Gecko; compatible; GPTBot/1.4; +https://openai.com/gptbot)"
74.7.227.170 - - [22/Jun/2026:14:18:00 +0200] "GET /.well-known/acme-challenge/wp.php?dir=CwusrCwshareCwperl5CwIOCwCompressCwAdapter&view=Identity.pm HTTP/1.1" 200 499 "http://reenrihair.com/.well-known/acme-challenge/wp.php?dir=CwusrCwshareCwperl5CwIOCwCompressCwAdapter" "Mozilla/5.0 AppleWebKit/537.36 (KHTML, like Gecko; compatible; GPTBot/1.4; +https://openai.com/gptbot)"
74.7.227.170 - - [22/Jun/2026:14:18:02 +0200] "GET /.well-known/acme-challenge/wp.php?dir=CwhomeCwtherahulCwmomotimesFwtherahuldasFwcomCwwp-contentCwpluginsCwjs_composerCwmodulesCwscroll-to-elementCwassetsCwjs&view=module.js HTTP/1.1" 200 600 "http://reenrihair.com/.well-known/acme-challenge/wp.php?dir=CwhomeCwtherahulCwmomotimesFwtherahuldasFwcomCwwp-contentCwpluginsCwjs_composerCwmodulesCwscroll-to-elementCwassetsCwjs" "Mozilla/5.0 AppleWebKit/537.36 (KHTML, like Gecko; compatible; GPTBot/1.4; +https://openai.com/gptbot)"
74.7.227.170 - - [22/Jun/2026:14:18:03 +0200] "GET /.well-known/acme-challenge/wp.php?dir=CwhomeCwtherahulCwmomotimesFwtherahuldasFwcomCwwp-contentCwpluginsCwelementorCwmodulesCwkit-elements-defaultsCwimport-export&view=import-export.php HTTP/1.1" 200 390 "http://reenrihair.com/.well-known/acme-challenge/wp.php?dir=CwhomeCwtherahulCwmomotimesFwtherahuldasFwcomCwwp-contentCwpluginsCwelementorCwmodulesCwkit-elements-defaultsCwimport-export" "Mozilla/5.0 AppleWebKit/537.36 (KHTML, like Gecko; compatible; GPTBot/1.4; +https://openai.com/gptbot)"
74.7.242.38 - - [22/Jun/2026:14:18:01 +0200] "GET /.well-known/acme-challenge/wp.php?dir=CwhomeCwtherahulCwpublic_htmlCwwp-adminCwincludes&edit=class-walker-nav-menu-checklist.php HTTP/1.1" 200 5534 "http://reenrihair.com.therahuldas.com/.well-known/acme-challenge/wp.php?dir=CwhomeCwtherahulCwpublic_htmlCwwp-adminCwincludes" "Mozilla/5.0 AppleWebKit/537.36 (KHTML, like Gecko; compatible; GPTBot/1.4; +https://openai.com/gptbot)"
74.7.242.38 - - [22/Jun/2026:14:18:03 +0200] "GET /.well-known/acme-challenge/wp.php?dir=CwhomeCwtherahulCwpublic_htmlCwwp-adminCwincludes&view=update.php HTTP/1.1" 200 8218 "http://reenrihair.com.therahuldas.com/.well-known/acme-challenge/wp.php?dir=CwhomeCwtherahulCwpublic_htmlCwwp-adminCwincludes" "Mozilla/5.0 AppleWebKit/537.36 (KHTML, like Gecko; compatible; GPTBot/1.4; +https://openai.com/gptbot)"
74.7.242.38 - - [22/Jun/2026:14:18:04 +0200] "GET /.well-known/acme-challenge/wp.php?dir=CwhomeCwtherahulCwpublic_htmlCwwp-adminCwnetwork&view=update.php HTTP/1.1" 200 310 "http://reenrihair.com.therahuldas.com/.well-known/acme-challenge/wp.php?dir=CwhomeCwtherahulCwpublic_htmlCwwp-adminCwnetwork" "Mozilla/5.0 AppleWebKit/537.36 (KHTML, like Gecko; compatible; GPTBot/1.4; +https://openai.com/gptbot)"
74.7.242.38 - - [22/Jun/2026:14:18:05 +0200] "GET /.well-known/acme-challenge/wp.php?dir=CwhomeCwtherahulCwpublic_htmlCwwp-adminCwincludes&view=update-core.php HTTP/1.1" 200 15432 "http://reenrihair.com.therahuldas.com/.well-known/acme-challenge/wp.php?dir=CwhomeCwtherahulCwpublic_htmlCwwp-adminCwincludes" "Mozilla/5.0 AppleWebKit/537.36 (KHTML, like Gecko; compatible; GPTBot/1.4; +https://openai.com/gptbot)"
74.7.242.38 - - [22/Jun/2026:14:18:06 +0200] "GET /.well-known/acme-challenge/wp.php?dir=CwhomeCwtherahulCwpublic_htmlCwwp-adminCwincludes&edit=ms.php HTTP/1.1" 200 15768 "http://reenrihair.com.therahuldas.com/.well-known/acme-challenge/wp.php?dir=CwhomeCwtherahulCwpublic_htmlCwwp-adminCwincludes" "Mozilla/5.0 AppleWebKit/537.36 (KHTML, like Gecko; compatible; GPTBot/1.4; +https://openai.com/gptbot)"
74.7.242.38 - - [22/Jun/2026:14:18:08 +0200] "GET /.well-known/acme-challenge/wp.php?dir=CwhomeCwtherahulCwpublic_htmlCwwp-adminCwincludes&view=class-bulk-upgrader-skin.php HTTP/1.1" 200 1931 "http://reenrihair.com.therahuldas.com/.well-known/acme-challenge/wp.php?dir=CwhomeCwtherahulCwpublic_htmlCwwp-adminCwincludes" "Mozilla/5.0 AppleWebKit/537.36 (KHTML, like Gecko; compatible; GPTBot/1.4; +https://openai.com/gptbot)"
74.7.242.38 - - [22/Jun/2026:14:18:09 +0200] "GET /.well-known/acme-challenge/wp.php?dir=CwhomeCwtherahulCwpublic_htmlCwwp-adminCwincludes&view=class-ftp-sockets.php HTTP/1.1" 200 2064 "http://reenrihair.com.therahuldas.com/.well-known/acme-challenge/wp.php?dir=CwhomeCwtherahulCwpublic_htmlCwwp-adminCwincludes" "Mozilla/5.0 AppleWebKit/537.36 (KHTML, like Gecko; compatible; GPTBot/1.4; +https://openai.com/gptbot)"
74.7.242.38 - - [22/Jun/2026:14:18:11 +0200] "GET /.well-known/acme-challenge/wp.php?dir=CwhomeCwtherahulCwpublic_htmlCwwp-adminCwincludes&view=meta-boxes.php HTTP/1.1" 200 14682 "http://reenrihair.com.therahuldas.com/.well-known/acme-challenge/wp.php?dir=CwhomeCwtherahulCwpublic_htmlCwwp-adminCwincludes" "Mozilla/5.0 AppleWebKit/537.36 (KHTML, like Gecko; compatible; GPTBot/1.4; +https://openai.com/gptbot)"
74.7.242.38 - - [22/Jun/2026:14:18:12 +0200] "GET /.well-known/acme-challenge/wp.php?dir=CwhomeCwtherahulCwpublic_htmlCwwp-adminCwincludes&view=class-custom-background.php HTTP/1.1" 200 5472 "http://reenrihair.com.therahuldas.com/.well-known/acme-challenge/wp.php?dir=CwhomeCwtherahulCwpublic_htmlCwwp-adminCwincludes" "Mozilla/5.0 AppleWebKit/537.36 (KHTML, like Gecko; compatible; GPTBot/1.4; +https://openai.com/gptbot)"
74.7.227.170 - - [22/Jun/2026:14:18:04 +0200] "GET /.well-known/acme-challenge/wp.php?dir=CwhomeCwtherahulCwmomotimesFwtherahuldasFwcomCwwp-contentCwpluginsCwmodeltheme-frameworkCwincCwshortcodesCwmt-pattern-title&view=mt-pattern-title.php HTTP/1.1" 200 923 "http://reenrihair.com/.well-known/acme-challenge/wp.php?dir=CwhomeCwtherahulCwmomotimesFwtherahuldasFwcomCwwp-contentCwpluginsCwmodeltheme-frameworkCwincCwshortcodesCwmt-pattern-title" "Mozilla/5.0 AppleWebKit/537.36 (KHTML, like Gecko; compatible; GPTBot/1.4; +https://openai.com/gptbot)"
74.7.227.170 - - [22/Jun/2026:14:18:05 +0200] "GET /.well-known/acme-challenge/wp.php?dir=CwhomeCwtherahulCwmomotimesFwtherahuldasFwcomCwwp-contentCwpluginsCwmodeltheme-frameworkCwincCwdemo-importerCwdemo-data&view=barlog1.json HTTP/1.1" 200 117 "http://reenrihair.com/.well-known/acme-challenge/wp.php?dir=CwhomeCwtherahulCwmomotimesFwtherahuldasFwcomCwwp-contentCwpluginsCwmodeltheme-frameworkCwincCwdemo-importerCwdemo-data" "Mozilla/5.0 AppleWebKit/537.36 (KHTML, like Gecko; compatible; GPTBot/1.4; +https://openai.com/gptbot)"
74.7.227.170 - - [22/Jun/2026:14:18:07 +0200] "GET /.well-known/acme-challenge/wp.php?dir=CwhomeCwtherahulCwmomotimesFwtherahuldasFwcomCwwp-contentCwpluginsCwmodeltheme-frameworkCwincCwdemo-importerCwdemo-data&view=barlog.json HTTP/1.1" 200 277 "http://reenrihair.com/.well-known/acme-challenge/wp.php?dir=CwhomeCwtherahulCwmomotimesFwtherahuldasFwcomCwwp-contentCwpluginsCwmodeltheme-frameworkCwincCwdemo-importerCwdemo-data" "Mozilla/5.0 AppleWebKit/537.36 (KHTML, like Gecko; compatible; GPTBot/1.4; +https://openai.com/gptbot)"
74.7.227.170 - - [22/Jun/2026:14:18:08 +0200] "GET /.well-known/acme-challenge/wp.php?dir=CwhomeCwtherahulCwmomotimesFwtherahuldasFwcomCwwp-contentCwpluginsCwmodeltheme-frameworkCwincCwdemo-importerCwdemo-data&view=main-home.zip HTTP/1.1" 200 250757 "http://reenrihair.com/.well-known/acme-challenge/wp.php?dir=CwhomeCwtherahulCwmomotimesFwtherahuldasFwcomCwwp-contentCwpluginsCwmodeltheme-frameworkCwincCwdemo-importerCwdemo-data" "Mozilla/5.0 AppleWebKit/537.36 (KHTML, like Gecko; compatible; GPTBot/1.4; +https://openai.com/gptbot)"
74.7.227.170 - - [22/Jun/2026:14:18:10 +0200] "GET /.well-known/acme-challenge/wp.php?dir=CwhomeCwtherahulCwmomotimesFwtherahuldasFwcomCwwp-contentCwpluginsCwmodeltheme-frameworkCwincCwdemo-importerCwdemo-data&edit=barlog.json HTTP/1.1" 200 4260 "http://reenrihair.com/.well-known/acme-challenge/wp.php?dir=CwhomeCwtherahulCwmomotimesFwtherahuldasFwcomCwwp-contentCwpluginsCwmodeltheme-frameworkCwincCwdemo-importerCwdemo-data" "Mozilla/5.0 AppleWebKit/537.36 (KHTML, like Gecko; compatible; GPTBot/1.4; +https://openai.com/gptbot)"
74.7.227.170 - - [22/Jun/2026:14:18:11 +0200] "GET /.well-known/acme-challenge/wp.php?dir=CwhomeCwtherahulCwmomotimesFwtherahuldasFwcomCwwp-contentCwpluginsCwmodeltheme-frameworkCwincCwdemo-importerCwdemo-data&edit=barlog1.json HTTP/1.1" 200 4119 "http://reenrihair.com/.well-known/acme-challenge/wp.php?dir=CwhomeCwtherahulCwmomotimesFwtherahuldasFwcomCwwp-contentCwpluginsCwmodeltheme-frameworkCwincCwdemo-importerCwdemo-data" "Mozilla/5.0 AppleWebKit/537.36 (KHTML, like Gecko; compatible; GPTBot/1.4; +https://openai.com/gptbot)"
